NOAA-Style Climate Reports
Select a Year or Month report
2024: Jan Feb Mar Apr May Jun Jul Aug Sep Oct Nov Dec
2023: Jan Feb Mar Apr May Jun Jul Aug Sep Oct Nov Dec
2022: Jan Feb Mar Apr May Jun Jul Aug Sep Oct Nov Dec
2021: Jan Feb Mar Apr May Jun Jul Aug Sep Oct Nov Dec
2020: Jan Feb Mar Apr May Jun Jul Aug Sep Oct Nov Dec
2019: Jan Feb Mar Apr May Jun Jul Aug Sep Oct Nov Dec
2018: Jan Feb Mar Apr May Jun Jul Aug Sep Oct Nov Dec
2017: Jan Feb Mar Apr May Jun Jul Aug Sep Oct Nov Dec
2016: Jan Feb Mar Apr May Jun Jul Aug Sep Oct Nov Dec
2015: Jan Feb Mar Apr May Jun Jul Aug Sep Oct Nov Dec
2014: Jan Feb Mar Apr May Jun Jul Aug Sep Oct Nov Dec
2013: Jan Feb Mar Apr May Jun Jul Aug Sep Oct Nov Dec
2024: Jan Feb Mar Apr May Jun Jul Aug Sep Oct Nov Dec
2023: Jan Feb Mar Apr May Jun Jul Aug Sep Oct Nov Dec
2022: Jan Feb Mar Apr May Jun Jul Aug Sep Oct Nov Dec
2021: Jan Feb Mar Apr May Jun Jul Aug Sep Oct Nov Dec
2020: Jan Feb Mar Apr May Jun Jul Aug Sep Oct Nov Dec
2019: Jan Feb Mar Apr May Jun Jul Aug Sep Oct Nov Dec
2018: Jan Feb Mar Apr May Jun Jul Aug Sep Oct Nov Dec
2017: Jan Feb Mar Apr May Jun Jul Aug Sep Oct Nov Dec
2016: Jan Feb Mar Apr May Jun Jul Aug Sep Oct Nov Dec
2015: Jan Feb Mar Apr May Jun Jul Aug Sep Oct Nov Dec
2014: Jan Feb Mar Apr May Jun Jul Aug Sep Oct Nov Dec
2013: Jan Feb Mar Apr May Jun Jul Aug Sep Oct Nov Dec
Report for 2024 April
Monthly Climatological Summary for Apr 2024 Name: GosportINWX City: Gosport State: IN Elevation: 751 ft Lat: N 39° 21' 02" Lon: W 086° 40' 00" Temperature (°F), Rain (in), Wind Speed (mph) Heat Cool Avg Mean Deg Deg Wind Dom Day Temp High Time Low Time Days Days Rain Speed High Time Dir ---------------------------------------------------------------------------------- 01 65.0 71.7 14:16 52.6 08:47 1.8 1.8 0.43 1.6 26.0 08:02 WNW 02 50.0 68.1 18:01 39.8 23:50 6.6 0.0 2.68 8.3 55.0 17:55 WNW 04 38.6 42.3 13:56 36.2 06:48 24.5 0.0 0.01 5.8 32.0 14:20 W 05 40.9 48.3 16:14 33.0 23:45 24.1 0.0 0.28 1.6 25.0 14:39 WNW 06 42.8 59.2 17:17 27.1 07:32 22.2 0.0 0.00 1.0 17.0 16:03 NNE 07 51.6 67.5 16:55 36.8 06:14 13.5 0.1 0.27 2.2 34.0 17:05 ESE 08 60.5 77.0 14:06 43.0 07:29 7.6 3.1 0.04 0.9 27.0 14:21 WSW 09 62.4 69.2 16:04 53.4 02:17 3.3 0.7 0.32 1.6 27.0 12:02 SW 10 57.3 59.1 14:56 53.4 07:39 7.6 0.0 1.08 0.7 15.0 11:27 NE 11 55.5 59.3 02:50 50.9 16:30 9.5 0.0 1.57 1.8 20.0 12:00 NE 12 51.8 61.3 18:00 45.3 09:50 13.2 0.0 0.34 7.7 44.0 15:40 NE 13 57.4 71.3 17:50 43.7 07:40 8.6 1.0 0.00 2.3 25.0 14:30 NE 14 70.7 81.1 16:40 60.5 00:00 0.7 6.4 0.00 4.7 34.0 15:30 NNE 15 73.5 88.9 17:45 63.4 07:27 0.1 8.6 0.00 1.8 20.0 01:34 WSW 16 73.0 84.8 16:55 60.1 07:30 0.6 8.6 0.02 1.9 32.0 16:02 SE 17 68.7 75.8 15:27 57.7 23:50 0.5 4.2 0.13 6.4 49.0 13:05 SW 18 63.9 81.2 17:33 46.6 06:46 5.9 4.8 0.39 1.0 34.0 22:54 NE 19 54.9 61.0 15:44 48.8 07:07 10.1 0.0 0.05 2.4 25.0 18:38 NNW 20 47.3 54.6 15:31 40.3 23:20 17.7 0.0 0.00 2.6 27.0 16:57 W 21 43.7 55.1 16:48 32.2 06:52 20.2 0.0 0.00 1.6 27.0 13:10 N 22 49.8 65.3 16:46 32.5 07:04 15.2 0.0 0.00 1.6 25.0 14:53 WSW 23 55.9 66.1 15:24 49.0 01:13 9.1 0.0 0.24 2.5 34.0 15:11 SW 24 49.4 56.9 17:36 40.8 23:51 15.6 0.0 0.01 2.1 27.0 16:17 NNE 25 46.5 61.9 16:23 31.4 07:02 18.5 0.0 0.00 1.3 25.0 17:20 NNE 26 56.7 71.5 18:08 39.3 05:37 9.5 1.2 0.00 1.4 29.0 20:30 ESE 27 71.9 79.4 15:00 63.6 02:42 0.1 6.6 0.01 3.5 42.0 12:30 NW 28 72.9 80.9 15:46 67.4 22:51 0.0 7.7 0.00 3.7 53.9 13:45 S ---------------------------------------------------------------------------------- 56.8 88.9 15 27.1 6 266.3 54.8 7.87 2.6 55.0 2 WNW Max >= 80.0 5 Max <= 32.0 0 Min <= 32.0 2 Min <= 0.0 0 Max Rain: 2.68 on day 2 Days of Rain: 17 (>= 0.01 in) 11 (>= 0.10 in) 3 (>= 1.00 in) Heat Base: 65.0 Cool Base: 65.0 Method: Integration