NOAA-Style Climate Reports


Report for 2018 June
                   Monthly Climatological Summary for Jun 2018

Name: GosportWX.com   City: Gosport   State: IN
Elevation: 791 ft  Lat: N 39 17 52   Lon: W 086 41 56

                  Temperature (°F), Rain (in), Wind Speed (mph)

                                      Heat  Cool        Avg
    Mean                              Deg   Deg         Wind                 Dom
Day Temp  High   Time   Low    Time   Days  Days  Rain  Speed High   Time    Dir
----------------------------------------------------------------------------------
01  74.6  87.1   17:04  68.4   06:26   0.0   9.6  0.15   0.5  22.9   18:52   WSW
02  75.2  87.6   14:34  64.0   06:42   0.0  10.2  0.00   0.4  13.4   07:58   NNW
03  74.6  79.7   16:46  67.5   23:57   0.0   9.6  0.21   1.8  26.8   10:08     W
04  66.8  76.5   16:51  54.7   06:45   2.2   4.0  0.00   0.8  28.5   11:29   WNW
05  72.2  83.7   16:47  58.6   06:22   1.1   8.3  0.00   1.5  30.2   11:48     W
06  69.5  80.4   16:55  55.9   06:44   1.6   6.1  0.00   1.0  19.0   03:15     N
07  75.3  88.5   16:55  60.4   05:51   0.6  10.9  0.00   0.6  11.2   18:06    SW
08  78.7  87.8   17:35  70.3   05:56   0.0  13.7  0.00   0.4   9.5   09:00    SW
09  74.6  87.8   13:01  67.6   23:58   0.0   9.6  0.54   0.7  22.9   14:04     W
10  68.3  78.1   15:48  65.5   22:10   0.0   3.3  1.03   0.6  26.8   07:51     S
11  71.2  79.0   14:53  65.3   02:24   0.0   6.2  1.21   0.5  13.4   05:30    SW
12  72.1  80.2   17:10  66.6   06:09   0.0   7.1  0.63   0.3  11.2   12:13    SW
13  75.8  84.9   14:44  68.9   23:57   0.0  10.9  0.00   1.0  22.9   18:34   WSW
14  73.0  82.6   14:38  58.3   06:30   1.3   9.3  0.00   0.6  17.3   10:10   NNW
15  82.8  88.9   16:55  75.4   23:55   0.0  17.8  0.00   0.7  15.1   12:59   NNW
16  80.0  90.7   14:37  68.2   07:03   0.0  15.0  0.00   0.5   9.5   12:31   WSW
17  82.0  91.4   14:08  71.4   06:21   0.0  17.0  0.00   0.5  11.2   15:22    SW
18  82.2  90.0   14:35  74.5   05:36   0.0  17.2  0.00   1.0  17.3   15:54   WSW
----------------------------------------------------------------------------------
    74.9  91.4    17    54.7     4     6.8 185.8  3.77   0.7  30.2     5       W

Max >=  80.0 14
Max <=  32.0  0
Min <=  32.0  0
Min <=   0.0  0
Max Rain: 1.21 on day 11
Days of Rain: 6 (>= 0.01 in)  6 (>= 0.10 in)  2 (>= 1.00 in)
Heat Base: 65.0  Cool Base: 65.0  Method: Integration