NOAA-Style Climate Reports

Select a Year or Month report
2018: Jan Feb Mar Apr May Jun Jul Aug Sep Oct Nov Dec
2017: Jan Feb Mar Apr May Jun Jul Aug Sep Oct Nov Dec
2016: Jan Feb Mar Apr May Jun Jul Aug Sep Oct Nov Dec
2015: Jan Feb Mar Apr May Jun Jul Aug Sep Oct Nov Dec
2014: Jan Feb Mar Apr May Jun Jul Aug Sep Oct Nov Dec
2013: Jan Feb Mar Apr May Jun Jul Aug Sep Oct Nov Dec

Report for 2018 February
                   Monthly Climatological Summary for Feb 2018

Name: GosportWX.com   City: Gosport   State: IN
Elevation: 791 ft  Lat: N 39 17 52   Lon: W 086 41 56

                  Temperature (°F), Rain (in), Wind Speed (mph)

                                      Heat  Cool        Avg
    Mean                              Deg   Deg         Wind                 Dom
Day Temp  High   Time   Low    Time   Days  Days  Rain  Speed High   Time    Dir
----------------------------------------------------------------------------------
01  33.5  44.2   00:24  15.4   23:59  31.5   0.0  0.00   4.7  39.7   12:53   WNW
02  16.5  24.1   14:41   9.1   08:04  48.5   0.0  0.00   2.5  24.6   14:20   WNW
03  28.9  38.3   15:31  19.4   01:24  36.1   0.0  0.00   2.8  30.2   16:52   SSW
04  30.9  41.2   02:19  16.0   23:24  34.1   0.0  0.06   4.2  38.0   15:00   WNW
05  17.8  26.6   16:15   4.1   08:13  47.2   0.0  0.00   1.2  17.3   12:23     W
06  24.3  28.6   16:21  20.1   10:03  40.7   0.0  0.00   1.2  17.3   17:40   NNW
07  24.9  33.8   13:57  21.0   07:07  40.1   0.0  0.01   2.6  28.5   14:11    NW
08  23.6  33.8   16:20  13.1   05:34  41.4   0.0  0.01   1.4  24.6   13:47   WSW
09  40.2  51.8   14:55  28.4   00:00  24.8   0.0  0.04   2.6  32.4   12:26    SW
10  32.4  37.2   00:00  29.3   21:12  32.6   0.0  0.00   1.6  20.7   09:10   NNE
11  28.3  30.6   08:02  23.4   23:59  36.7   0.0  0.04   0.5  11.2   05:09   NNE
12  25.7  37.6   15:47  14.2   07:54  39.3   0.0  0.03   0.5  20.7   15:23   NNW
13  34.8  46.9   15:56  20.3   07:53  29.9   0.0  0.00   1.5  20.7   16:15    SW
14  47.7  58.5   23:59  40.6   00:00  17.3   0.0  0.12   2.6  32.4   21:25   WSW
15  61.4  67.3   16:14  56.3   03:44   4.0   0.3  0.58   4.8  34.1   20:45   WSW
16  50.9  58.6   00:00  28.0   23:53  14.1   0.0  0.37   3.4  15.1   17:38    SW
17  31.6  36.7   20:25  25.3   05:00  33.4   0.0  0.09   1.7  30.2   19:46     W
18  37.7  49.8   15:20  24.3   07:52  27.3   0.0  0.00   1.7  20.7   12:21     S
19  60.0  68.2   16:44  46.0   00:00   5.7   0.7  0.12   4.3  55.4   08:42    SW
20  70.6  77.2   13:44  66.0   04:01   0.0   5.5  0.00   5.6  41.9   08:20    SW
21  43.1  71.8   01:22  37.2   17:16  22.3   0.4  1.54   2.0  43.6   01:28    NW
22  42.1  45.0   16:14  37.8   00:00  22.9   0.0  0.36   1.3  32.4   10:13     N
----------------------------------------------------------------------------------
    36.7  77.2    20     4.1     5   629.9   6.9  3.37   2.4  55.4    19     WSW

Max >=  80.0  0
Max <=  32.0  4
Min <=  32.0 16
Min <=   0.0  0
Max Rain: 1.54 on day 21
Days of Rain: 13 (>= 0.01 in)  6 (>= 0.10 in)  1 (>= 1.00 in)
Heat Base: 65.0  Cool Base: 65.0  Method: Integration