NOAA-Style Climate Reports


Report for 2018 September
                   Monthly Climatological Summary for Sep 2018

Name: GosportWX.com   City: Gosport   State: IN
Elevation: 791 ft  Lat: N 39 17 52   Lon: W 086 41 56

                  Temperature (°F), Rain (in), Wind Speed (mph)

                                      Heat  Cool        Avg
    Mean                              Deg   Deg         Wind                 Dom
Day Temp  High   Time   Low    Time   Days  Days  Rain  Speed High   Time    Dir
----------------------------------------------------------------------------------
01  75.5  84.6   17:44  69.1   05:05   0.0  10.5  0.10   0.6  17.3   17:28   SSW
02  77.3  86.5   14:03  69.3   04:21   0.0  12.3  0.03   0.4  13.4   13:59     S
03  79.2  90.0   14:33  70.7   05:58   0.0  14.2  0.00   0.5  13.4   14:27   SSW
04  79.0  90.0   15:14  69.6   07:04   0.0  14.0  0.00   0.4   9.5   11:41   SSW
05  79.2  90.1   14:43  69.8   07:27   0.0  14.2  0.00   0.5  13.4   15:45   SSW
06  77.2  88.5   14:37  70.0   07:30   0.0  12.2  0.00   0.4  32.4   17:52   ENE
07  72.6  77.4   11:46  68.7   23:50   0.0   7.6  0.45   0.7  20.7   18:16     N
08  64.6  68.7   00:00  61.5   23:43   1.2   0.8  6.15   2.3  34.1   15:45     N
09  60.0  62.6   17:11  58.1   20:28   5.0   0.0  0.39   2.7  34.1   05:24     N
10  62.4  70.5   16:09  57.6   06:43   3.7   1.1  0.01   0.3  13.4   07:09   NNW
11  63.5  74.1   14:54  53.2   07:30   4.0   2.5  0.00   0.3  17.3   13:42     N
12  64.8  74.1   14:49  58.5   05:38   2.6   2.4  0.00   0.4  15.1   14:42     N
13  68.6  80.6   17:30  59.4   07:39   1.8   5.4  0.00   0.4  15.1   12:19     N
14  71.9  85.6   14:48  62.1   07:24   0.5   7.4  0.00   0.5  19.0   11:47     N
15  73.9  86.5   16:40  63.3   05:57   0.2   9.1  0.00   0.8  20.7   12:18     N
16  74.2  85.3   14:46  66.2   07:45   0.0   9.2  0.00   0.4  22.9   12:55   NNW
17  75.6  86.5   16:45  67.8   07:16   0.0  10.6  0.00   0.5  20.7   12:09    NW
18  76.5  89.1   15:50  68.5   07:08   0.0  11.5  0.00   0.4  13.4   15:54   WSW
----------------------------------------------------------------------------------
    72.0  90.1     5    53.2    11    19.0 145.0  7.13   0.7  34.1     8       N

Max >=  80.0 12
Max <=  32.0  0
Min <=  32.0  0
Min <=   0.0  0
Max Rain: 6.15 on day 8
Days of Rain: 6 (>= 0.01 in)  4 (>= 0.10 in)  1 (>= 1.00 in)
Heat Base: 65.0  Cool Base: 65.0  Method: Integration