NOAA-Style Climate Reports


Report for 2017 December
                   Monthly Climatological Summary for Dec 2017

Name: GosportWX.com   City: Gosport   State: IN
Elevation: 791 ft  Lat: N 39 17 52   Lon: W 086 41 56

                  Temperature (°F), Rain (in), Wind Speed (mph)

                                      Heat  Cool        Avg
    Mean                              Deg   Deg         Wind                 Dom
Day Temp  High   Time   Low    Time   Days  Days  Rain  Speed High   Time    Dir
----------------------------------------------------------------------------------
01  38.3  53.2   13:50  26.8   08:07  26.7   0.0  0.00   0.4  13.4   13:52     W
02  41.3  57.4   15:57  28.9   01:30  23.7   0.0  0.00   0.6  13.4   12:54   SSW
03  43.0  60.8   13:53  28.6   08:06  22.0   0.0  0.00   0.4  15.1   23:26   ESE
04  56.9  65.8   13:01  46.9   02:31   8.1   0.0  0.00   3.3  41.9   20:21   SSW
05  40.8  61.3   00:00  31.3   23:49  24.1   0.0  0.63   5.4  43.6   00:22     W
06  35.7  43.5   13:53  29.3   06:10  29.3   0.0  0.00   4.2  39.7   14:17     W
07  26.8  34.7   00:00  21.2   22:04  38.2   0.0  0.00   3.6  32.4   15:01   WNW
08  23.4  32.4   14:14  15.4   08:06  41.6   0.0  0.00   1.8  22.9   12:10   WSW
09  27.8  34.5   13:46  23.9   01:25  37.2   0.0  0.00   4.2  36.4   15:33   WNW
10  29.2  39.7   15:45  20.7   05:46  35.8   0.0  0.00   3.0  36.4   12:26   WSW
11  36.8  50.9   14:37  23.0   05:33  28.2   0.0  0.00   3.3  53.1   20:49     W
12  28.1  38.5   00:00  21.2   23:49  37.0   0.0  0.00   5.0  38.0   05:04    NW
13  32.2  45.7   18:39  18.9   01:11  32.8   0.0  0.00   5.0  57.0   21:46     W
14  29.6  35.2   00:00  23.4   21:52  35.4   0.0  0.00   1.9  38.0   00:12    NW
----------------------------------------------------------------------------------
    35.0  65.8     4    15.4     8   420.1   0.0  0.63   3.0  57.0    13       W

Max >=  80.0  0
Max <=  32.0  0
Min <=  32.0 13
Min <=   0.0  0
Max Rain: 0.63 on day 5
Days of Rain: 1 (>= 0.01 in)  1 (>= 0.10 in)  0 (>= 1.00 in)
Heat Base: 65.0  Cool Base: 65.0  Method: Integration