NOAA-Style Climate Reports


Report for 2017 August
                   Monthly Climatological Summary for Aug 2017

Name: GosportWX.com   City: Gosport   State: IN
Elevation: 791 ft  Lat: N 39° 17' 52"   Lon: W 086° 41' 56"

                  Temperature (°F), Rain (in), Wind Speed (mph)

                                      Heat  Cool        Avg
    Mean                              Deg   Deg         Wind                 Dom
Day Temp  High   Time   Low    Time   Days  Days  Rain  Speed High   Time    Dir
----------------------------------------------------------------------------------
 1  74.9  85.5   14:47  65.8   07:10   0.0   9.9  0.02   0.2  11.2   15:27     W
 2  74.2  84.0   17:05  64.9   06:18   0.0   9.2  0.10   0.6  11.2   15:50     W
 3  75.9  84.9   14:44  65.1   06:43   0.0  10.9  0.00   0.8  15.1   15:40   WSW
 4  68.7  78.3   00:00  59.4   22:53   0.7   4.4  0.00   2.2  24.6   13:46     W
 5  66.0  76.8   14:12  54.9   06:48   3.0   4.0  0.00   0.6  13.4   12:02   WSW
 6  67.4  72.5   14:32  63.5   06:35   0.2   2.6  0.00   0.1  13.4   20:00   NNW
 7  70.0  79.2   13:42  63.5   23:59   0.1   5.1  0.02   0.5  19.0   11:57    NW
 8  68.5  81.3   14:48  57.2   07:16   2.1   5.5  0.00   0.9  20.7   12:49    NW
 9  67.6  81.7   14:27  53.2   07:13   3.5   6.1  0.00   0.6  17.3   13:29   NNW
10  71.2  85.1   15:02  57.4   07:18   1.8   8.0  0.00   0.4   9.5   12:47   WSW
11  73.3  81.9   15:21  66.2   06:29   0.0   8.3  0.09   0.7  13.4   15:28   WSW
12  70.2  80.4   14:30  60.6   23:57   0.7   5.9  0.00   0.6  17.3   12:51    NW
13  68.5  83.1   14:34  55.4   06:43   2.8   6.4  0.00   0.5  13.4   10:51     N
14  72.2  84.0   16:08  61.3   06:59   0.9   8.1  0.00   0.4  13.4   18:04   WSW
15  75.5  87.4   15:08  65.7   07:35   0.0  10.5  0.00   0.5   9.5   11:14     W
----------------------------------------------------------------------------------
    70.9  87.4    15    53.2     9    15.8 104.9  0.23   0.6  24.6     4       W

Max >=  80.0: 11
Max <=  32.0:  0
Min <=  32.0:  0
Min <=   0.0:  0
Max Rain: 0.10 on day 2
Days of Rain: 4 (>= 0.01 in)  1 (>= 0.10 in)  0 (>= 1.00 in)
Heat Base: 65.0  Cool Base: 65.0  Method: Integration