NOAA-Style Climate Reports
Select a Year or Month report
2024: Jan Feb Mar Apr May Jun Jul Aug Sep Oct Nov Dec
2023: Jan Feb Mar Apr May Jun Jul Aug Sep Oct Nov Dec
2022: Jan Feb Mar Apr May Jun Jul Aug Sep Oct Nov Dec
2021: Jan Feb Mar Apr May Jun Jul Aug Sep Oct Nov Dec
2020: Jan Feb Mar Apr May Jun Jul Aug Sep Oct Nov Dec
2019: Jan Feb Mar Apr May Jun Jul Aug Sep Oct Nov Dec
2018: Jan Feb Mar Apr May Jun Jul Aug Sep Oct Nov Dec
2017: Jan Feb Mar Apr May Jun Jul Aug Sep Oct Nov Dec
2016: Jan Feb Mar Apr May Jun Jul Aug Sep Oct Nov Dec
2015: Jan Feb Mar Apr May Jun Jul Aug Sep Oct Nov Dec
2014: Jan Feb Mar Apr May Jun Jul Aug Sep Oct Nov Dec
2013: Jan Feb Mar Apr May Jun Jul Aug Sep Oct Nov Dec
2024: Jan Feb Mar Apr May Jun Jul Aug Sep Oct Nov Dec
2023: Jan Feb Mar Apr May Jun Jul Aug Sep Oct Nov Dec
2022: Jan Feb Mar Apr May Jun Jul Aug Sep Oct Nov Dec
2021: Jan Feb Mar Apr May Jun Jul Aug Sep Oct Nov Dec
2020: Jan Feb Mar Apr May Jun Jul Aug Sep Oct Nov Dec
2019: Jan Feb Mar Apr May Jun Jul Aug Sep Oct Nov Dec
2018: Jan Feb Mar Apr May Jun Jul Aug Sep Oct Nov Dec
2017: Jan Feb Mar Apr May Jun Jul Aug Sep Oct Nov Dec
2016: Jan Feb Mar Apr May Jun Jul Aug Sep Oct Nov Dec
2015: Jan Feb Mar Apr May Jun Jul Aug Sep Oct Nov Dec
2014: Jan Feb Mar Apr May Jun Jul Aug Sep Oct Nov Dec
2013: Jan Feb Mar Apr May Jun Jul Aug Sep Oct Nov Dec
Report for 2024 March
Monthly Climatological Summary for Mar 2024 Name: GosportINWX City: Gosport State: IN Elevation: 751 ft Lat: N 39° 21' 02" Lon: W 086° 40' 00" Temperature (°F), Rain (in), Wind Speed (mph) Heat Cool Avg Mean Deg Deg Wind Dom Day Temp High Time Low Time Days Days Rain Speed High Time Dir ---------------------------------------------------------------------------------- 01 35.7 43.1 13:18 26.0 02:47 29.3 0.0 0.00 0.3 14.0 13:11 SSW 02 42.9 49.7 14:13 38.6 23:59 22.1 0.0 0.01 0.8 14.0 12:47 SW 03 54.5 73.4 15:48 37.4 01:12 11.9 1.4 0.01 3.0 33.0 13:47 SW 04 63.0 78.3 16:29 55.2 01:47 2.3 1.2 0.00 1.3 26.0 17:18 WSW 05 62.9 68.8 15:56 53.1 23:57 2.5 0.4 0.54 2.3 24.0 02:29 W 08 52.7 57.7 13:31 45.0 06:51 13.7 0.0 0.72 1.5 26.0 06:43 SSE 09 44.3 54.3 00:00 37.4 23:59 20.7 0.0 0.07 6.4 28.0 18:04 NNW 10 37.9 47.6 17:20 30.1 08:01 26.0 0.0 0.00 7.3 40.0 13:52 NNW 11 43.3 61.5 16:36 24.0 07:58 21.7 0.0 0.00 3.8 28.0 14:50 WNW 12 56.8 69.8 15:49 46.4 08:15 8.9 0.6 0.00 5.3 35.0 16:57 WNW 13 62.3 76.7 17:03 49.8 08:30 5.4 2.7 0.00 1.9 26.0 16:18 WNW 14 63.5 74.7 17:28 54.8 07:03 3.6 2.1 1.20 4.6 47.0 21:08 WNW 15 50.8 58.8 00:00 40.7 23:56 14.2 0.0 0.03 4.8 35.0 11:53 E 16 50.2 63.8 17:16 35.3 05:09 14.8 0.0 0.00 7.0 38.0 14:14 NW 17 41.5 50.5 00:00 31.8 23:59 23.5 0.0 0.00 9.0 40.0 14:43 NNW 18 31.8 35.5 15:23 27.7 01:16 33.2 0.0 0.00 4.0 24.0 16:58 NNW 19 39.9 56.3 17:47 26.0 07:42 25.1 0.0 0.00 7.8 42.0 15:19 NW 22 44.5 48.1 00:00 40.6 23:25 7.0 0.0 0.00 6.6 37.6 23:44 NNW 23 38.7 46.9 15:35 30.3 23:56 26.3 0.0 0.00 6.2 32.9 06:25 E 24 42.4 58.3 17:12 29.1 01:42 22.6 0.0 0.00 1.4 19.3 14:11 SE 25 58.5 68.8 16:58 47.8 01:37 6.6 0.5 0.15 3.3 41.3 23:32 SSW 26 50.0 54.8 18:07 42.0 23:56 8.8 0.0 0.43 5.9 48.0 05:03 NW 27 39.9 48.9 17:31 31.5 23:47 25.1 0.0 0.00 4.0 30.0 00:50 NNW 29 51.1 72.3 16:00 26.7 06:27 17.8 1.3 0.00 2.9 39.0 14:50 NW 30 64.6 76.5 15:43 53.2 00:42 3.6 3.3 0.00 6.2 51.0 14:07 WNW 31 58.0 71.5 16:42 46.7 07:06 8.0 1.0 0.07 1.3 16.0 05:23 E ---------------------------------------------------------------------------------- 49.3 78.3 4 24.0 11 404.8 14.4 3.23 4.1 51.0 30 NW Max >= 80.0 0 Max <= 32.0 0 Min <= 32.0 10 Min <= 0.0 0 Max Rain: 1.20 on day 14 Days of Rain: 10 (>= 0.01 in) 5 (>= 0.10 in) 1 (>= 1.00 in) Heat Base: 65.0 Cool Base: 65.0 Method: Integration