NOAA-Style Climate Reports
Select a Year or Month report
2024: Jan Feb Mar Apr May Jun Jul Aug Sep Oct Nov Dec
2023: Jan Feb Mar Apr May Jun Jul Aug Sep Oct Nov Dec
2022: Jan Feb Mar Apr May Jun Jul Aug Sep Oct Nov Dec
2021: Jan Feb Mar Apr May Jun Jul Aug Sep Oct Nov Dec
2020: Jan Feb Mar Apr May Jun Jul Aug Sep Oct Nov Dec
2019: Jan Feb Mar Apr May Jun Jul Aug Sep Oct Nov Dec
2018: Jan Feb Mar Apr May Jun Jul Aug Sep Oct Nov Dec
2017: Jan Feb Mar Apr May Jun Jul Aug Sep Oct Nov Dec
2016: Jan Feb Mar Apr May Jun Jul Aug Sep Oct Nov Dec
2015: Jan Feb Mar Apr May Jun Jul Aug Sep Oct Nov Dec
2014: Jan Feb Mar Apr May Jun Jul Aug Sep Oct Nov Dec
2013: Jan Feb Mar Apr May Jun Jul Aug Sep Oct Nov Dec
2024: Jan Feb Mar Apr May Jun Jul Aug Sep Oct Nov Dec
2023: Jan Feb Mar Apr May Jun Jul Aug Sep Oct Nov Dec
2022: Jan Feb Mar Apr May Jun Jul Aug Sep Oct Nov Dec
2021: Jan Feb Mar Apr May Jun Jul Aug Sep Oct Nov Dec
2020: Jan Feb Mar Apr May Jun Jul Aug Sep Oct Nov Dec
2019: Jan Feb Mar Apr May Jun Jul Aug Sep Oct Nov Dec
2018: Jan Feb Mar Apr May Jun Jul Aug Sep Oct Nov Dec
2017: Jan Feb Mar Apr May Jun Jul Aug Sep Oct Nov Dec
2016: Jan Feb Mar Apr May Jun Jul Aug Sep Oct Nov Dec
2015: Jan Feb Mar Apr May Jun Jul Aug Sep Oct Nov Dec
2014: Jan Feb Mar Apr May Jun Jul Aug Sep Oct Nov Dec
2013: Jan Feb Mar Apr May Jun Jul Aug Sep Oct Nov Dec
Report for 2024 February
Monthly Climatological Summary for Feb 2024 Name: GosportINWX City: Gosport State: IN Elevation: 751 ft Lat: N 39° 21' 02" Lon: W 086° 40' 00" Temperature (°F), Rain (in), Wind Speed (mph) Heat Cool Avg Mean Deg Deg Wind Dom Day Temp High Time Low Time Days Days Rain Speed High Time Dir ---------------------------------------------------------------------------------- 02 42.8 53.7 14:25 33.0 23:56 36.2 0.0 0.00 6.9 24.0 09:34 ESE 03 37.8 52.1 15:36 26.3 06:10 27.2 0.0 0.00 4.4 21.0 15:07 ESE 04 40.2 54.6 15:18 29.5 07:31 24.8 0.0 0.00 5.3 31.0 15:09 ESE 05 37.1 51.4 16:36 26.0 06:49 16.6 0.0 0.00 1.7 24.0 16:36 E 06 35.4 46.6 15:53 28.7 23:26 29.6 0.0 0.00 3.3 21.0 05:07 ESE 07 40.5 55.4 14:19 27.7 07:58 24.5 0.0 0.00 0.3 14.0 10:54 ESE 08 54.4 64.1 13:49 41.9 00:57 10.6 0.0 0.00 6.6 47.0 15:04 WSW 09 57.6 65.1 14:57 54.1 20:10 7.4 0.0 0.00 7.6 28.0 04:23 WNW 11 45.0 57.3 02:04 30.7 23:33 27.3 0.0 0.37 4.0 21.0 07:48 NE 12 37.5 47.1 15:52 28.4 06:04 27.5 0.0 0.00 3.8 28.0 16:02 E 13 38.5 50.0 13:27 26.8 03:25 26.4 0.0 0.00 4.2 28.2 14:11 NNW 14 41.1 53.7 16:00 31.1 08:10 23.9 0.0 0.00 1.6 14.1 05:10 SSW 15 42.3 51.4 13:40 29.9 23:59 22.7 0.0 0.00 5.8 35.3 11:20 NE 16 29.7 34.2 11:49 20.5 23:58 35.3 0.0 0.00 2.5 25.9 13:03 ESE 17 17.5 22.2 02:08 12.4 07:51 47.5 0.0 0.00 2.5 23.5 15:28 NW 18 24.5 38.0 15:02 13.2 00:00 40.5 0.0 0.06 5.9 32.9 12:08 WNW 19 32.1 52.0 15:51 16.4 08:10 32.9 0.0 0.00 0.5 11.8 12:59 SSW 20 39.5 58.7 15:30 22.7 08:02 25.5 0.0 0.00 1.7 18.8 12:05 WNW 21 52.0 67.6 16:02 31.6 03:58 13.2 0.2 0.00 3.6 32.9 15:22 WSW 22 54.0 60.3 02:34 39.8 23:30 11.0 0.0 0.05 3.3 23.5 12:07 WNW 23 44.2 54.1 15:47 36.4 04:10 20.8 0.0 0.01 5.3 30.6 15:02 NNW 24 32.6 47.0 00:21 25.4 22:36 32.4 0.0 0.00 3.5 32.9 04:53 NE 25 41.7 59.1 15:48 24.9 03:15 23.3 0.0 0.00 4.2 35.3 14:58 W 26 54.8 75.7 15:37 31.5 06:34 12.3 2.1 0.00 3.1 28.2 16:45 WSW 27 66.0 69.8 17:18 62.3 07:39 0.4 1.4 0.00 9.2 37.6 14:48 W 28 36.6 69.8 01:50 26.2 23:30 28.8 0.4 0.27 14.1 40.0 11:09 NNW 29 31.8 46.9 16:03 19.0 07:03 33.2 0.0 0.00 1.0 21.2 13:07 SSW ---------------------------------------------------------------------------------- 41.0 75.7 26 12.4 17 661.8 4.1 0.76 4.3 47.0 8 NW Max >= 80.0 0 Max <= 32.0 1 Min <= 32.0 21 Min <= 0.0 0 Max Rain: 0.37 on day 11 Days of Rain: 5 (>= 0.01 in) 2 (>= 0.10 in) 0 (>= 1.00 in) Heat Base: 65.0 Cool Base: 65.0 Method: Integration