NOAA-Style Climate Reports
Select a Year or Month report
2024: Jan Feb Mar Apr May Jun Jul Aug Sep Oct Nov Dec
2023: Jan Feb Mar Apr May Jun Jul Aug Sep Oct Nov Dec
2022: Jan Feb Mar Apr May Jun Jul Aug Sep Oct Nov Dec
2021: Jan Feb Mar Apr May Jun Jul Aug Sep Oct Nov Dec
2020: Jan Feb Mar Apr May Jun Jul Aug Sep Oct Nov Dec
2019: Jan Feb Mar Apr May Jun Jul Aug Sep Oct Nov Dec
2018: Jan Feb Mar Apr May Jun Jul Aug Sep Oct Nov Dec
2017: Jan Feb Mar Apr May Jun Jul Aug Sep Oct Nov Dec
2016: Jan Feb Mar Apr May Jun Jul Aug Sep Oct Nov Dec
2015: Jan Feb Mar Apr May Jun Jul Aug Sep Oct Nov Dec
2014: Jan Feb Mar Apr May Jun Jul Aug Sep Oct Nov Dec
2013: Jan Feb Mar Apr May Jun Jul Aug Sep Oct Nov Dec
2024: Jan Feb Mar Apr May Jun Jul Aug Sep Oct Nov Dec
2023: Jan Feb Mar Apr May Jun Jul Aug Sep Oct Nov Dec
2022: Jan Feb Mar Apr May Jun Jul Aug Sep Oct Nov Dec
2021: Jan Feb Mar Apr May Jun Jul Aug Sep Oct Nov Dec
2020: Jan Feb Mar Apr May Jun Jul Aug Sep Oct Nov Dec
2019: Jan Feb Mar Apr May Jun Jul Aug Sep Oct Nov Dec
2018: Jan Feb Mar Apr May Jun Jul Aug Sep Oct Nov Dec
2017: Jan Feb Mar Apr May Jun Jul Aug Sep Oct Nov Dec
2016: Jan Feb Mar Apr May Jun Jul Aug Sep Oct Nov Dec
2015: Jan Feb Mar Apr May Jun Jul Aug Sep Oct Nov Dec
2014: Jan Feb Mar Apr May Jun Jul Aug Sep Oct Nov Dec
2013: Jan Feb Mar Apr May Jun Jul Aug Sep Oct Nov Dec
Report for 2023 December
Monthly Climatological Summary for Dec 2023 Name: GosportINWX City: Gosport State: IN Elevation: 751 ft Lat: N 39° 21' 02" Lon: W 086° 40' 00" Temperature (°F), Rain (in), Wind Speed (mph) Heat Cool Avg Mean Deg Deg Wind Dom Day Temp High Time Low Time Days Days Rain Speed High Time Dir ---------------------------------------------------------------------------------- 01 47.0 51.5 02:40 41.7 05:59 18.0 0.0 0.38 2.0 26.0 03:17 WSW 02 45.5 50.8 00:00 38.3 23:15 11.9 0.0 0.01 2.9 19.0 00:22 NW 03 40.2 44.2 13:16 30.6 23:32 24.8 0.0 0.03 3.3 35.0 14:13 NW 04 36.1 43.9 15:21 29.0 04:12 28.8 0.0 0.01 1.2 14.0 12:38 N 05 38.8 43.5 16:47 37.0 00:00 18.9 0.0 0.07 2.5 38.0 20:51 N 06 34.8 37.9 00:00 30.2 19:37 23.2 0.0 0.00 1.2 14.0 01:04 NNW 07 45.3 56.4 15:26 33.0 00:02 19.7 0.0 0.00 6.8 28.0 08:54 W 08 53.5 58.6 22:38 49.0 05:51 10.8 0.0 0.00 8.4 35.0 10:27 W 09 54.1 65.1 11:36 41.4 23:30 10.9 0.0 0.26 7.2 45.0 04:07 WNW 10 34.4 41.4 00:00 28.2 23:59 30.7 0.0 0.00 6.6 24.0 04:13 NNW 11 30.2 40.1 15:32 23.4 02:51 34.8 0.0 0.00 1.0 16.0 10:22 NW 12 37.2 51.8 14:57 27.6 00:00 27.8 0.0 0.00 3.1 24.0 15:19 NW 13 33.3 44.5 14:50 25.3 23:46 31.5 0.0 0.00 0.6 12.0 12:20 S 14 34.3 54.4 14:56 21.7 06:46 30.7 0.0 0.00 0.1 9.0 11:30 WSW 15 38.7 57.2 13:57 23.0 07:38 26.3 0.0 0.00 0.6 19.0 11:10 S 16 46.0 54.8 16:09 37.7 03:58 19.0 0.0 0.51 1.2 19.0 15:14 SSW 17 42.8 46.4 03:46 37.3 23:59 22.2 0.0 0.23 4.0 21.0 23:53 NNW 18 31.5 37.4 00:00 23.6 23:50 33.4 0.0 0.00 11.6 37.6 15:41 NNW 19 25.7 36.5 15:05 15.2 08:39 39.3 0.0 0.00 0.9 18.8 15:54 W 20 37.3 52.6 15:35 24.9 07:50 27.7 0.0 0.00 2.0 23.5 11:20 WSW 21 41.3 51.3 16:02 31.4 08:15 23.7 0.0 0.00 0.4 16.5 00:57 WSW 22 47.0 54.1 15:41 41.0 00:00 17.9 0.0 0.07 0.5 16.5 15:07 WSW 23 47.7 50.1 14:17 43.7 00:23 17.3 0.0 0.29 0.5 11.8 01:42 WSW 24 53.2 64.5 15:00 44.5 06:22 11.8 0.0 0.04 0.4 18.8 14:52 SW 25 53.6 56.6 09:51 51.0 01:20 11.4 0.0 0.44 2.8 37.6 15:06 SSE 26 43.6 53.5 00:16 31.9 23:57 21.4 0.0 0.00 1.5 18.8 12:30 WNW 27 35.1 46.5 15:42 25.2 08:32 29.9 0.0 0.00 0.6 11.8 11:58 E 28 35.2 38.0 00:05 33.3 10:10 29.8 0.0 0.07 1.6 14.1 13:05 NW 29 34.1 36.0 16:00 32.3 07:18 30.9 0.0 0.06 0.6 9.4 02:58 NW ---------------------------------------------------------------------------------- 40.6 65.1 9 15.2 19 684.5 0.0 2.47 2.6 45.0 9 NW Max >= 80.0 0 Max <= 32.0 0 Min <= 32.0 15 Min <= 0.0 0 Max Rain: 0.51 on day 16 Days of Rain: 14 (>= 0.01 in) 6 (>= 0.10 in) 0 (>= 1.00 in) Heat Base: 65.0 Cool Base: 65.0 Method: Integration