NOAA-Style Climate Reports
Select a Year or Month report
2024: Jan Feb Mar Apr May Jun Jul Aug Sep Oct Nov Dec
2023: Jan Feb Mar Apr May Jun Jul Aug Sep Oct Nov Dec
2022: Jan Feb Mar Apr May Jun Jul Aug Sep Oct Nov Dec
2021: Jan Feb Mar Apr May Jun Jul Aug Sep Oct Nov Dec
2020: Jan Feb Mar Apr May Jun Jul Aug Sep Oct Nov Dec
2019: Jan Feb Mar Apr May Jun Jul Aug Sep Oct Nov Dec
2018: Jan Feb Mar Apr May Jun Jul Aug Sep Oct Nov Dec
2017: Jan Feb Mar Apr May Jun Jul Aug Sep Oct Nov Dec
2016: Jan Feb Mar Apr May Jun Jul Aug Sep Oct Nov Dec
2015: Jan Feb Mar Apr May Jun Jul Aug Sep Oct Nov Dec
2014: Jan Feb Mar Apr May Jun Jul Aug Sep Oct Nov Dec
2013: Jan Feb Mar Apr May Jun Jul Aug Sep Oct Nov Dec
2024: Jan Feb Mar Apr May Jun Jul Aug Sep Oct Nov Dec
2023: Jan Feb Mar Apr May Jun Jul Aug Sep Oct Nov Dec
2022: Jan Feb Mar Apr May Jun Jul Aug Sep Oct Nov Dec
2021: Jan Feb Mar Apr May Jun Jul Aug Sep Oct Nov Dec
2020: Jan Feb Mar Apr May Jun Jul Aug Sep Oct Nov Dec
2019: Jan Feb Mar Apr May Jun Jul Aug Sep Oct Nov Dec
2018: Jan Feb Mar Apr May Jun Jul Aug Sep Oct Nov Dec
2017: Jan Feb Mar Apr May Jun Jul Aug Sep Oct Nov Dec
2016: Jan Feb Mar Apr May Jun Jul Aug Sep Oct Nov Dec
2015: Jan Feb Mar Apr May Jun Jul Aug Sep Oct Nov Dec
2014: Jan Feb Mar Apr May Jun Jul Aug Sep Oct Nov Dec
2013: Jan Feb Mar Apr May Jun Jul Aug Sep Oct Nov Dec
Report for 2023 November
Monthly Climatological Summary for Nov 2023 Name: GosportINWX City: Gosport State: IN Elevation: 751 ft Lat: N 39° 21' 02" Lon: W 086° 40' 00" Temperature (°F), Rain (in), Wind Speed (mph) Heat Cool Avg Mean Deg Deg Wind Dom Day Temp High Time Low Time Days Days Rain Speed High Time Dir ---------------------------------------------------------------------------------- 01 35.3 48.1 16:06 25.2 08:43 29.7 0.0 0.00 1.1 19.0 15:31 NNE 02 41.3 56.0 15:40 30.1 04:43 23.7 0.0 0.00 2.4 31.0 12:34 NNW 03 51.3 62.3 16:09 40.6 08:13 13.6 0.0 0.00 4.3 40.0 13:42 SSE 04 56.8 67.3 15:36 46.9 22:46 8.3 0.1 0.00 4.3 21.0 15:51 SSW 05 48.2 64.2 14:39 36.3 07:18 17.5 0.0 0.00 0.4 9.0 10:38 NNE 06 61.9 75.9 14:36 44.7 00:22 6.3 3.2 0.00 4.3 38.0 13:54 S 07 60.8 73.6 14:59 49.4 08:00 5.5 1.3 0.00 0.8 19.0 15:10 NNW 08 66.7 79.6 14:38 53.8 02:21 3.6 5.4 0.00 4.6 33.0 12:18 SSE 09 54.6 69.2 01:14 46.4 23:42 10.7 0.3 0.00 3.5 26.0 10:14 WNW 10 47.3 58.8 14:03 36.7 23:57 17.7 0.0 0.00 3.0 21.0 12:39 SW 11 38.4 51.9 15:01 25.9 07:12 26.6 0.0 0.00 1.8 26.0 15:17 N 12 43.4 59.2 15:17 30.5 07:25 21.6 0.0 0.00 0.7 16.0 11:49 ENE 13 46.1 65.8 14:38 32.3 07:22 19.0 0.0 0.00 1.0 28.0 13:26 WNW 14 43.6 64.2 14:55 27.0 06:40 21.4 0.0 0.00 0.8 18.8 12:46 E 15 45.9 67.2 15:20 29.0 07:20 19.2 0.1 0.00 1.1 14.1 14:30 NE 16 51.9 68.5 14:49 33.0 07:17 13.4 0.3 0.00 1.5 21.2 12:48 SSE 17 55.6 63.8 01:44 38.0 23:59 9.4 0.0 0.38 3.5 23.5 16:56 W 18 38.6 54.1 15:31 27.8 07:43 26.4 0.0 0.01 0.6 14.1 00:19 NNW 19 41.7 59.9 14:29 27.6 07:05 23.3 0.0 0.00 0.2 11.8 12:57 N 20 46.9 54.4 12:30 40.1 01:30 18.1 0.0 0.21 2.6 18.8 14:19 NNE 21 45.5 52.1 08:13 40.3 23:51 19.5 0.0 0.17 6.4 32.9 01:54 NNE 22 40.7 47.1 13:52 36.0 07:32 24.3 0.0 0.00 3.0 18.8 14:47 NNW 23 41.3 55.2 15:28 33.4 04:33 23.7 0.0 0.00 2.5 21.2 10:53 NW 24 35.8 43.0 13:19 29.3 21:34 29.2 0.0 0.00 4.1 32.9 12:17 E 25 32.8 41.1 15:32 27.5 07:27 32.2 0.0 0.00 1.1 14.1 02:39 ESE 26 32.7 39.8 15:51 24.8 05:29 32.3 0.0 0.24 5.2 35.3 20:08 NNW 27 31.4 34.8 14:37 24.4 23:58 33.6 0.0 0.00 9.5 30.6 13:37 NNW 28 21.6 28.3 15:19 17.5 08:12 43.4 0.0 0.00 4.5 28.2 00:53 NNW 29 33.9 48.1 15:29 19.7 00:57 31.1 0.0 0.00 3.2 23.5 10:19 WNW 30 47.4 56.7 12:55 37.8 05:17 17.6 0.0 0.00 4.0 32.9 14:17 W ---------------------------------------------------------------------------------- 44.6 79.6 8 17.5 28 622.0 10.7 1.01 2.9 40.0 3 NW Max >= 80.0 0 Max <= 32.0 1 Min <= 32.0 14 Min <= 0.0 0 Max Rain: 0.38 on day 17 Days of Rain: 5 (>= 0.01 in) 4 (>= 0.10 in) 0 (>= 1.00 in) Heat Base: 65.0 Cool Base: 65.0 Method: Integration