NOAA-Style Climate Reports
Select a Year or Month report
2024: Jan Feb Mar Apr May Jun Jul Aug Sep Oct Nov Dec
2023: Jan Feb Mar Apr May Jun Jul Aug Sep Oct Nov Dec
2022: Jan Feb Mar Apr May Jun Jul Aug Sep Oct Nov Dec
2021: Jan Feb Mar Apr May Jun Jul Aug Sep Oct Nov Dec
2020: Jan Feb Mar Apr May Jun Jul Aug Sep Oct Nov Dec
2019: Jan Feb Mar Apr May Jun Jul Aug Sep Oct Nov Dec
2018: Jan Feb Mar Apr May Jun Jul Aug Sep Oct Nov Dec
2017: Jan Feb Mar Apr May Jun Jul Aug Sep Oct Nov Dec
2016: Jan Feb Mar Apr May Jun Jul Aug Sep Oct Nov Dec
2015: Jan Feb Mar Apr May Jun Jul Aug Sep Oct Nov Dec
2014: Jan Feb Mar Apr May Jun Jul Aug Sep Oct Nov Dec
2013: Jan Feb Mar Apr May Jun Jul Aug Sep Oct Nov Dec
2024: Jan Feb Mar Apr May Jun Jul Aug Sep Oct Nov Dec
2023: Jan Feb Mar Apr May Jun Jul Aug Sep Oct Nov Dec
2022: Jan Feb Mar Apr May Jun Jul Aug Sep Oct Nov Dec
2021: Jan Feb Mar Apr May Jun Jul Aug Sep Oct Nov Dec
2020: Jan Feb Mar Apr May Jun Jul Aug Sep Oct Nov Dec
2019: Jan Feb Mar Apr May Jun Jul Aug Sep Oct Nov Dec
2018: Jan Feb Mar Apr May Jun Jul Aug Sep Oct Nov Dec
2017: Jan Feb Mar Apr May Jun Jul Aug Sep Oct Nov Dec
2016: Jan Feb Mar Apr May Jun Jul Aug Sep Oct Nov Dec
2015: Jan Feb Mar Apr May Jun Jul Aug Sep Oct Nov Dec
2014: Jan Feb Mar Apr May Jun Jul Aug Sep Oct Nov Dec
2013: Jan Feb Mar Apr May Jun Jul Aug Sep Oct Nov Dec
Report for 2023 October
Monthly Climatological Summary for Oct 2023 Name: GosportINWX City: Gosport State: IN Elevation: 751 ft Lat: N 39° 21' 02" Lon: W 086° 40' 00" Temperature (°F), Rain (in), Wind Speed (mph) Heat Cool Avg Mean Deg Deg Wind Dom Day Temp High Time Low Time Days Days Rain Speed High Time Dir ---------------------------------------------------------------------------------- 01 66.2 83.8 15:45 53.1 07:56 3.9 5.1 0.00 0.3 16.0 13:22 E 02 66.7 84.7 15:53 52.8 07:54 3.9 5.6 0.00 0.3 12.0 13:00 SSE 03 68.2 87.5 16:38 53.6 07:22 3.6 6.8 0.00 0.4 14.0 16:06 WNW 04 70.3 84.4 16:49 57.8 05:48 1.5 6.8 0.00 0.7 20.0 12:48 NW 05 65.0 69.2 11:04 62.2 15:53 0.9 0.8 0.67 0.3 16.0 16:49 N 06 59.2 69.2 15:18 45.0 23:46 6.3 0.5 0.01 1.7 22.0 18:53 NE 07 48.9 61.2 16:21 41.1 08:10 16.1 0.0 0.00 2.0 27.0 15:58 NNW 08 49.5 59.7 15:53 41.5 05:18 15.5 0.0 0.00 0.7 19.0 13:15 NW 09 49.5 63.0 17:03 37.7 07:51 15.5 0.0 0.02 1.0 25.0 15:14 NW 10 50.4 65.8 16:30 40.0 04:49 14.6 0.0 0.00 1.8 28.0 16:00 WNW 11 52.4 72.9 16:40 36.0 08:10 13.5 1.0 0.01 0.7 22.0 11:40 WNW 12 59.1 79.5 16:50 45.8 07:17 8.5 2.6 0.00 0.2 11.0 13:12 NNW 13 61.3 76.4 16:06 49.8 07:21 5.9 2.2 0.28 0.4 44.0 17:25 S 14 55.2 63.7 00:46 50.3 23:58 9.8 0.0 0.14 2.4 30.0 21:15 NNW 15 50.8 55.6 16:51 46.2 07:57 14.2 0.0 0.00 1.3 21.2 11:21 NNE 16 50.0 56.7 14:56 46.4 02:55 15.0 0.0 0.09 1.4 21.2 14:11 SE 17 52.5 63.3 15:52 47.1 23:47 12.5 0.0 0.01 0.3 9.4 13:41 N 18 54.9 68.3 16:37 44.4 07:44 10.4 0.3 0.00 1.5 28.2 15:30 NW 19 55.9 59.1 15:23 52.8 07:35 9.1 0.0 0.30 0.9 23.5 14:15 NW 20 52.9 59.5 17:30 43.1 23:20 12.1 0.0 0.01 2.6 21.2 15:22 NE 21 56.0 74.2 15:51 41.9 08:01 10.6 1.5 0.00 4.5 32.9 13:45 NNE 22 50.4 60.2 16:18 37.8 23:59 14.6 0.0 0.00 1.5 21.2 01:29 SSE 23 49.8 71.7 16:31 32.4 08:28 15.9 0.7 0.00 0.7 18.8 11:21 WSW 24 63.0 77.6 15:08 47.3 06:00 5.0 3.0 0.00 0.9 25.9 14:01 NNW 25 67.3 74.1 15:28 61.7 05:10 0.5 2.8 0.00 2.2 25.9 10:31 NNW 26 67.5 77.5 16:09 58.0 05:40 1.6 4.1 0.00 1.8 30.6 16:41 NW 27 69.4 78.0 15:52 63.1 07:28 0.2 4.6 0.11 2.4 25.9 11:28 NNW 28 53.4 68.8 00:00 48.1 09:14 12.0 0.4 0.15 1.7 16.5 00:37 N 29 50.0 51.9 16:05 46.9 23:17 15.0 0.0 0.98 0.4 16.5 04:01 N 30 40.4 46.9 00:00 27.6 23:57 24.6 0.0 0.07 2.2 23.5 07:30 NE 31 31.9 40.4 13:10 24.8 07:35 33.1 0.0 0.01 6.3 32.9 21:12 NE ---------------------------------------------------------------------------------- 56.1 87.5 3 24.8 31 325.8 48.7 2.86 1.5 44.0 13 N Max >= 80.0 4 Max <= 32.0 0 Min <= 32.0 2 Min <= 0.0 0 Max Rain: 0.98 on day 29 Days of Rain: 15 (>= 0.01 in) 7 (>= 0.10 in) 0 (>= 1.00 in) Heat Base: 65.0 Cool Base: 65.0 Method: Integration