NOAA-Style Climate Reports
Select a Year or Month report
2024: Jan Feb Mar Apr May Jun Jul Aug Sep Oct Nov Dec
2023: Jan Feb Mar Apr May Jun Jul Aug Sep Oct Nov Dec
2022: Jan Feb Mar Apr May Jun Jul Aug Sep Oct Nov Dec
2021: Jan Feb Mar Apr May Jun Jul Aug Sep Oct Nov Dec
2020: Jan Feb Mar Apr May Jun Jul Aug Sep Oct Nov Dec
2019: Jan Feb Mar Apr May Jun Jul Aug Sep Oct Nov Dec
2018: Jan Feb Mar Apr May Jun Jul Aug Sep Oct Nov Dec
2017: Jan Feb Mar Apr May Jun Jul Aug Sep Oct Nov Dec
2016: Jan Feb Mar Apr May Jun Jul Aug Sep Oct Nov Dec
2015: Jan Feb Mar Apr May Jun Jul Aug Sep Oct Nov Dec
2014: Jan Feb Mar Apr May Jun Jul Aug Sep Oct Nov Dec
2013: Jan Feb Mar Apr May Jun Jul Aug Sep Oct Nov Dec
2024: Jan Feb Mar Apr May Jun Jul Aug Sep Oct Nov Dec
2023: Jan Feb Mar Apr May Jun Jul Aug Sep Oct Nov Dec
2022: Jan Feb Mar Apr May Jun Jul Aug Sep Oct Nov Dec
2021: Jan Feb Mar Apr May Jun Jul Aug Sep Oct Nov Dec
2020: Jan Feb Mar Apr May Jun Jul Aug Sep Oct Nov Dec
2019: Jan Feb Mar Apr May Jun Jul Aug Sep Oct Nov Dec
2018: Jan Feb Mar Apr May Jun Jul Aug Sep Oct Nov Dec
2017: Jan Feb Mar Apr May Jun Jul Aug Sep Oct Nov Dec
2016: Jan Feb Mar Apr May Jun Jul Aug Sep Oct Nov Dec
2015: Jan Feb Mar Apr May Jun Jul Aug Sep Oct Nov Dec
2014: Jan Feb Mar Apr May Jun Jul Aug Sep Oct Nov Dec
2013: Jan Feb Mar Apr May Jun Jul Aug Sep Oct Nov Dec
Report for 2023 September
Monthly Climatological Summary for Sep 2023 Name: GosportINWX City: Gosport State: IN Elevation: 751 ft Lat: N 39° 21' 02" Lon: W 086° 40' 00" Temperature (°F), Rain (in), Wind Speed (mph) Heat Cool Avg Mean Deg Deg Wind Dom Day Temp High Time Low Time Days Days Rain Speed High Time Dir ---------------------------------------------------------------------------------- 01 66.1 84.2 17:29 52.3 07:42 4.4 5.5 0.00 0.3 10.0 11:13 WNW 02 73.2 88.8 17:29 60.5 05:49 1.1 9.3 0.00 0.1 14.0 16:18 S 03 76.8 88.7 16:47 70.3 04:16 0.0 11.8 0.00 0.6 14.0 10:53 SSW 04 76.9 89.8 16:25 65.3 06:16 0.0 11.9 0.00 0.5 22.0 11:53 SSE 05 75.9 88.3 15:31 69.3 07:22 0.0 10.9 0.71 0.5 16.0 18:40 SSE 06 74.4 84.4 14:38 65.4 23:59 0.0 9.4 0.01 0.8 20.0 16:39 S 07 67.4 71.0 15:59 64.7 01:28 0.0 2.5 0.00 0.1 6.0 11:30 SW 08 66.8 74.4 13:30 61.1 23:30 0.8 2.6 0.00 0.4 14.0 10:30 SSW 09 66.8 76.8 16:39 60.9 23:51 1.4 3.2 0.00 0.7 20.0 15:27 S 10 65.4 80.1 17:08 55.5 07:04 3.2 3.6 0.00 0.3 14.0 15:10 N 11 67.4 82.2 15:39 55.7 06:01 2.8 5.2 0.00 0.2 14.0 14:02 N 12 65.2 74.6 15:47 57.2 22:45 1.7 1.8 0.02 0.1 10.0 11:46 SSE 13 61.1 77.2 17:33 48.8 07:19 6.7 2.8 0.00 0.2 12.0 14:20 N 14 60.8 77.9 16:43 48.6 07:31 7.0 2.8 0.00 0.4 16.0 12:02 SSE 15 60.8 77.3 17:01 48.4 07:32 7.1 2.9 0.00 0.3 10.0 11:20 SSE 16 59.3 72.6 14:55 48.5 08:11 7.1 1.4 0.00 0.1 12.0 15:26 S 17 60.3 73.8 15:47 51.8 06:32 6.2 1.5 0.00 0.3 10.0 13:39 NE 18 60.1 75.2 16:24 51.0 08:01 6.6 1.8 0.00 0.5 20.0 12:31 SSW 19 60.8 78.0 16:07 45.6 06:53 7.6 3.4 0.00 0.3 12.0 14:16 WNW 20 65.4 82.1 15:05 50.5 06:25 4.5 4.9 0.00 0.3 14.0 14:06 E 21 67.8 80.7 15:16 58.6 06:26 1.8 4.5 0.00 0.1 14.0 14:24 SW 22 67.9 85.2 15:24 55.7 06:46 2.7 5.6 0.00 0.2 10.0 10:54 SSE 23 64.1 80.3 15:47 52.9 23:49 4.7 3.8 0.00 0.4 14.0 12:32 SSE 24 61.9 80.3 15:21 47.2 07:50 6.8 3.8 0.00 0.3 10.0 13:05 S 25 67.3 85.6 17:01 55.8 06:48 3.2 5.6 0.00 0.3 10.0 14:03 SSW 26 65.3 83.3 14:32 57.7 04:37 2.6 2.9 0.01 0.2 14.0 16:00 ESE 27 66.1 77.9 15:07 59.8 01:37 1.9 3.0 0.02 0.2 12.0 19:13 SSW 28 64.3 77.6 16:38 57.9 05:54 2.9 2.2 0.00 0.2 10.0 14:13 SE 29 62.3 77.9 17:06 53.9 08:01 5.1 2.5 0.00 0.4 8.0 12:19 S 30 64.5 82.3 16:19 51.6 07:45 4.9 4.4 0.00 0.4 12.0 13:37 SSE ---------------------------------------------------------------------------------- 66.1 89.8 4 45.6 19 104.8 137.4 0.77 0.3 22.0 4 S Max >= 80.0 16 Max <= 32.0 0 Min <= 32.0 0 Min <= 0.0 0 Max Rain: 0.71 on day 5 Days of Rain: 5 (>= 0.01 in) 1 (>= 0.10 in) 0 (>= 1.00 in) Heat Base: 65.0 Cool Base: 65.0 Method: Integration