NOAA-Style Climate Reports
Select a Year or Month report
2024: Jan Feb Mar Apr May Jun Jul Aug Sep Oct Nov Dec
2023: Jan Feb Mar Apr May Jun Jul Aug Sep Oct Nov Dec
2022: Jan Feb Mar Apr May Jun Jul Aug Sep Oct Nov Dec
2021: Jan Feb Mar Apr May Jun Jul Aug Sep Oct Nov Dec
2020: Jan Feb Mar Apr May Jun Jul Aug Sep Oct Nov Dec
2019: Jan Feb Mar Apr May Jun Jul Aug Sep Oct Nov Dec
2018: Jan Feb Mar Apr May Jun Jul Aug Sep Oct Nov Dec
2017: Jan Feb Mar Apr May Jun Jul Aug Sep Oct Nov Dec
2016: Jan Feb Mar Apr May Jun Jul Aug Sep Oct Nov Dec
2015: Jan Feb Mar Apr May Jun Jul Aug Sep Oct Nov Dec
2014: Jan Feb Mar Apr May Jun Jul Aug Sep Oct Nov Dec
2013: Jan Feb Mar Apr May Jun Jul Aug Sep Oct Nov Dec
2024: Jan Feb Mar Apr May Jun Jul Aug Sep Oct Nov Dec
2023: Jan Feb Mar Apr May Jun Jul Aug Sep Oct Nov Dec
2022: Jan Feb Mar Apr May Jun Jul Aug Sep Oct Nov Dec
2021: Jan Feb Mar Apr May Jun Jul Aug Sep Oct Nov Dec
2020: Jan Feb Mar Apr May Jun Jul Aug Sep Oct Nov Dec
2019: Jan Feb Mar Apr May Jun Jul Aug Sep Oct Nov Dec
2018: Jan Feb Mar Apr May Jun Jul Aug Sep Oct Nov Dec
2017: Jan Feb Mar Apr May Jun Jul Aug Sep Oct Nov Dec
2016: Jan Feb Mar Apr May Jun Jul Aug Sep Oct Nov Dec
2015: Jan Feb Mar Apr May Jun Jul Aug Sep Oct Nov Dec
2014: Jan Feb Mar Apr May Jun Jul Aug Sep Oct Nov Dec
2013: Jan Feb Mar Apr May Jun Jul Aug Sep Oct Nov Dec
Report for 2023 August
Monthly Climatological Summary for Aug 2023 Name: GosportINWX City: Gosport State: IN Elevation: 751 ft Lat: N 39° 21' 02" Lon: W 086° 40' 00" Temperature (°F), Rain (in), Wind Speed (mph) Heat Cool Avg Mean Deg Deg Wind Dom Day Temp High Time Low Time Days Days Rain Speed High Time Dir ---------------------------------------------------------------------------------- 07 69.9 74.7 17:11 66.2 23:52 0.0 1.7 0.00 0.4 16.0 16:03 S 08 70.6 82.1 15:02 61.3 07:02 0.5 6.2 0.02 0.9 14.0 15:22 WNW 09 71.0 80.4 14:12 64.4 06:38 0.0 6.0 0.76 0.8 23.0 15:29 N 10 71.8 82.3 16:27 66.0 06:49 0.0 6.8 0.00 1.0 14.0 14:59 NE 11 74.9 86.4 17:40 65.2 03:52 0.0 9.9 0.00 1.4 20.0 13:34 N 12 78.6 87.5 16:49 68.8 23:52 0.0 13.6 0.01 2.3 26.0 15:45 NNE 13 73.6 87.3 15:14 62.0 07:07 0.3 8.9 0.00 0.0 14.0 15:25 NNW 14 72.2 79.9 16:13 66.5 23:56 0.0 7.2 0.58 0.2 24.8 17:16 SSW 15 66.1 72.3 14:51 61.8 23:58 0.7 1.8 0.00 0.9 13.8 14:15 SW 16 67.3 80.4 15:52 56.5 07:06 2.3 4.7 0.00 0.2 11.0 11:25 N 17 68.6 79.1 17:31 60.2 05:02 1.2 4.9 0.00 1.7 27.6 11:14 SSW 18 65.7 78.8 16:24 54.4 07:46 3.1 3.8 0.00 0.1 13.8 11:00 SSW 19 68.1 83.4 16:52 53.6 06:47 3.4 6.5 0.00 0.1 19.3 11:37 SW 20 76.8 91.7 16:57 62.3 04:31 0.2 12.0 0.00 0.2 14.0 13:25 ESE 21 81.4 93.9 17:17 72.3 07:24 0.0 16.4 0.00 0.0 7.0 11:42 NNW 22 80.4 90.6 17:39 73.3 07:35 0.0 15.4 0.00 0.4 10.5 13:29 SSE 23 79.3 91.6 15:51 67.9 07:05 0.0 14.3 0.00 0.3 12.3 14:17 NNE 24 84.1 94.2 15:27 75.9 07:20 0.0 19.1 0.00 0.6 12.3 17:09 NNW 25 84.9 96.1 18:06 77.9 07:03 0.0 19.9 0.00 0.4 8.8 16:14 SSW 26 75.8 85.8 15:17 70.0 02:31 0.0 10.8 1.88 1.1 38.5 00:36 S 27 71.5 80.8 16:31 63.2 23:58 0.0 6.5 0.00 0.7 19.3 12:28 SSE 28 67.0 80.8 16:59 57.7 07:06 2.3 4.3 0.00 0.7 22.0 14:40 NNW 29 67.1 83.1 17:42 53.8 07:15 3.4 5.5 0.06 0.1 13.8 13:08 N 30 65.9 74.8 17:29 57.3 07:39 1.6 2.6 0.00 1.5 33.0 10:31 NNE 31 62.5 77.5 17:48 51.6 07:30 5.1 2.7 0.00 0.8 16.0 12:31 NNW ---------------------------------------------------------------------------------- 72.6 96.1 25 51.6 31 24.3 211.4 3.31 0.7 38.5 26 N Max >= 80.0 18 Max <= 32.0 0 Min <= 32.0 0 Min <= 0.0 0 Max Rain: 1.88 on day 26 Days of Rain: 6 (>= 0.01 in) 3 (>= 0.10 in) 1 (>= 1.00 in) Heat Base: 65.0 Cool Base: 65.0 Method: Integration