NOAA-Style Climate Reports
Select a Year or Month report
2024: Jan Feb Mar Apr May Jun Jul Aug Sep Oct Nov Dec
2023: Jan Feb Mar Apr May Jun Jul Aug Sep Oct Nov Dec
2022: Jan Feb Mar Apr May Jun Jul Aug Sep Oct Nov Dec
2021: Jan Feb Mar Apr May Jun Jul Aug Sep Oct Nov Dec
2020: Jan Feb Mar Apr May Jun Jul Aug Sep Oct Nov Dec
2019: Jan Feb Mar Apr May Jun Jul Aug Sep Oct Nov Dec
2018: Jan Feb Mar Apr May Jun Jul Aug Sep Oct Nov Dec
2017: Jan Feb Mar Apr May Jun Jul Aug Sep Oct Nov Dec
2016: Jan Feb Mar Apr May Jun Jul Aug Sep Oct Nov Dec
2015: Jan Feb Mar Apr May Jun Jul Aug Sep Oct Nov Dec
2014: Jan Feb Mar Apr May Jun Jul Aug Sep Oct Nov Dec
2013: Jan Feb Mar Apr May Jun Jul Aug Sep Oct Nov Dec
2024: Jan Feb Mar Apr May Jun Jul Aug Sep Oct Nov Dec
2023: Jan Feb Mar Apr May Jun Jul Aug Sep Oct Nov Dec
2022: Jan Feb Mar Apr May Jun Jul Aug Sep Oct Nov Dec
2021: Jan Feb Mar Apr May Jun Jul Aug Sep Oct Nov Dec
2020: Jan Feb Mar Apr May Jun Jul Aug Sep Oct Nov Dec
2019: Jan Feb Mar Apr May Jun Jul Aug Sep Oct Nov Dec
2018: Jan Feb Mar Apr May Jun Jul Aug Sep Oct Nov Dec
2017: Jan Feb Mar Apr May Jun Jul Aug Sep Oct Nov Dec
2016: Jan Feb Mar Apr May Jun Jul Aug Sep Oct Nov Dec
2015: Jan Feb Mar Apr May Jun Jul Aug Sep Oct Nov Dec
2014: Jan Feb Mar Apr May Jun Jul Aug Sep Oct Nov Dec
2013: Jan Feb Mar Apr May Jun Jul Aug Sep Oct Nov Dec
Report for 2023 May
Monthly Climatological Summary for May 2023 Name: GosportINWX City: Gosport State: IN Elevation: 751 ft Lat: N 39° 21' 02" Lon: W 086° 40' 00" Temperature (°F), Rain (in), Wind Speed (mph) Heat Cool Avg Mean Deg Deg Wind Dom Day Temp High Time Low Time Days Days Rain Speed High Time Dir ---------------------------------------------------------------------------------- 01 46.9 54.3 15:39 41.7 07:32 17.9 0.0 0.01 6.8 43.0 16:10 W 02 51.4 60.8 18:58 41.5 07:18 13.6 0.0 0.00 6.3 34.0 15:09 W 03 51.0 62.6 16:33 39.4 05:36 14.0 0.0 0.00 2.2 26.0 01:35 NNW 04 54.6 69.1 14:51 36.7 07:00 11.1 0.8 0.00 1.2 17.0 15:43 NE 05 61.8 75.7 16:34 44.8 05:48 6.7 3.5 0.00 2.4 26.0 12:52 SE 06 65.2 75.0 15:34 56.3 06:25 2.6 2.9 0.01 2.1 21.0 19:58 SSE 07 66.6 75.2 15:50 60.4 07:14 1.5 3.1 1.11 2.5 26.0 04:43 SW 08 66.6 76.6 16:34 59.5 07:22 1.6 3.2 0.11 1.7 17.0 15:07 SW 09 64.9 74.1 16:57 56.3 06:53 2.9 2.8 0.00 3.8 26.0 15:24 NNE 10 63.3 77.9 16:31 47.1 07:15 5.7 4.0 0.00 2.0 19.0 11:32 ENE 11 68.5 81.9 16:23 50.7 06:36 4.0 7.5 0.00 1.2 17.0 13:25 ESE 12 71.3 77.0 11:06 65.1 06:17 0.0 6.3 0.00 1.1 14.0 17:13 SSE 13 73.4 83.5 15:52 66.9 06:33 0.0 8.4 0.00 0.9 14.0 21:12 W 14 71.2 78.8 17:01 64.4 06:43 0.0 6.3 0.44 1.9 19.0 15:55 NNE 15 61.8 69.6 15:20 54.1 07:49 4.1 1.0 0.01 2.5 21.0 03:26 N 16 61.6 67.8 17:47 59.0 13:34 3.5 0.1 0.02 1.5 21.0 11:29 NNW 17 63.2 74.1 14:56 52.5 06:42 4.3 2.5 0.00 2.6 19.0 09:24 N 18 59.8 73.4 15:36 43.3 07:00 7.6 2.4 0.00 1.1 17.0 14:18 ENE 19 65.1 80.2 16:43 49.3 06:32 4.9 5.0 0.54 1.9 17.0 17:06 SW 20 60.8 68.4 16:16 52.2 23:56 4.7 0.5 0.08 2.5 27.0 12:02 N 21 61.0 75.0 16:31 44.8 06:42 7.2 3.3 0.00 1.6 19.0 16:15 NNE 22 65.6 78.4 14:28 50.4 06:42 4.6 5.2 0.00 1.0 19.0 17:16 NNE 23 67.4 80.8 15:40 52.5 06:37 3.6 6.1 0.00 1.3 19.0 13:41 NNE 24 69.9 84.4 14:30 54.1 06:49 2.9 7.8 0.00 1.9 26.0 23:44 N 25 62.4 70.2 16:28 52.2 06:47 4.0 1.4 0.00 4.1 26.0 14:53 N 26 61.4 75.6 16:08 44.8 06:49 6.8 3.2 0.00 2.9 41.0 16:17 N 27 63.4 76.3 13:03 48.2 06:48 5.3 3.7 0.00 1.4 19.0 12:52 N 28 66.4 79.3 14:52 53.4 06:16 3.6 5.0 0.00 1.4 24.0 14:28 N 29 70.2 83.8 17:58 54.5 07:04 2.5 7.7 0.00 1.7 24.0 12:27 N 30 72.0 84.2 17:36 56.1 06:24 2.0 9.0 0.00 1.2 19.0 11:08 E 31 73.4 86.7 15:20 62.1 06:30 0.4 8.8 0.22 0.8 26.0 15:52 ESE ---------------------------------------------------------------------------------- 63.9 86.7 31 36.7 4 153.6 121.5 2.55 2.2 43.0 1 NNW Max >= 80.0 8 Max <= 32.0 0 Min <= 32.0 0 Min <= 0.0 0 Max Rain: 1.11 on day 7 Days of Rain: 10 (>= 0.01 in) 5 (>= 0.10 in) 1 (>= 1.00 in) Heat Base: 65.0 Cool Base: 65.0 Method: Integration