NOAA-Style Climate Reports
Select a Year or Month report
2024: Jan Feb Mar Apr May Jun Jul Aug Sep Oct Nov Dec
2023: Jan Feb Mar Apr May Jun Jul Aug Sep Oct Nov Dec
2022: Jan Feb Mar Apr May Jun Jul Aug Sep Oct Nov Dec
2021: Jan Feb Mar Apr May Jun Jul Aug Sep Oct Nov Dec
2020: Jan Feb Mar Apr May Jun Jul Aug Sep Oct Nov Dec
2019: Jan Feb Mar Apr May Jun Jul Aug Sep Oct Nov Dec
2018: Jan Feb Mar Apr May Jun Jul Aug Sep Oct Nov Dec
2017: Jan Feb Mar Apr May Jun Jul Aug Sep Oct Nov Dec
2016: Jan Feb Mar Apr May Jun Jul Aug Sep Oct Nov Dec
2015: Jan Feb Mar Apr May Jun Jul Aug Sep Oct Nov Dec
2014: Jan Feb Mar Apr May Jun Jul Aug Sep Oct Nov Dec
2013: Jan Feb Mar Apr May Jun Jul Aug Sep Oct Nov Dec
2024: Jan Feb Mar Apr May Jun Jul Aug Sep Oct Nov Dec
2023: Jan Feb Mar Apr May Jun Jul Aug Sep Oct Nov Dec
2022: Jan Feb Mar Apr May Jun Jul Aug Sep Oct Nov Dec
2021: Jan Feb Mar Apr May Jun Jul Aug Sep Oct Nov Dec
2020: Jan Feb Mar Apr May Jun Jul Aug Sep Oct Nov Dec
2019: Jan Feb Mar Apr May Jun Jul Aug Sep Oct Nov Dec
2018: Jan Feb Mar Apr May Jun Jul Aug Sep Oct Nov Dec
2017: Jan Feb Mar Apr May Jun Jul Aug Sep Oct Nov Dec
2016: Jan Feb Mar Apr May Jun Jul Aug Sep Oct Nov Dec
2015: Jan Feb Mar Apr May Jun Jul Aug Sep Oct Nov Dec
2014: Jan Feb Mar Apr May Jun Jul Aug Sep Oct Nov Dec
2013: Jan Feb Mar Apr May Jun Jul Aug Sep Oct Nov Dec
Report for 2023 April
Monthly Climatological Summary for Apr 2023 Name: GosportINWX City: Gosport State: IN Elevation: 751 ft Lat: N 39° 21' 02" Lon: W 086° 40' 00" Temperature (°F), Rain (in), Wind Speed (mph) Heat Cool Avg Mean Deg Deg Wind Dom Day Temp High Time Low Time Days Days Rain Speed High Time Dir ---------------------------------------------------------------------------------- 01 47.2 58.5 07:35 39.7 19:40 17.7 0.0 0.09 9.6 41.0 09:35 WNW 02 47.7 61.3 18:08 33.1 07:48 17.3 0.0 0.00 2.7 24.0 17:33 SSE 03 61.4 75.9 15:34 44.2 00:00 6.4 2.9 0.00 5.7 33.0 16:45 SSW 04 68.1 81.9 16:07 57.2 06:51 2.9 6.0 0.06 4.6 39.0 18:46 S 05 66.2 78.1 01:55 47.8 23:10 3.7 4.9 1.04 7.5 44.0 12:41 SW 06 46.3 53.6 15:28 38.3 23:51 18.7 0.0 0.00 1.8 19.0 05:02 N 07 46.5 60.3 15:10 34.5 07:17 18.4 0.0 0.00 2.9 31.0 14:30 NE 08 49.9 65.1 15:55 35.6 07:21 15.1 0.0 0.00 2.4 26.0 11:58 ENE 09 52.8 68.5 14:50 35.8 07:42 12.6 0.5 0.00 2.0 24.0 14:09 ENE 10 55.7 71.4 15:24 36.5 07:25 10.9 1.6 0.00 1.7 19.0 11:00 E 11 59.9 75.7 16:07 39.9 07:40 8.7 3.5 0.00 2.8 24.0 12:44 W 12 65.6 78.1 15:07 54.5 01:37 3.5 4.2 0.00 4.2 27.0 17:42 WSW 13 65.4 80.8 15:10 43.9 07:35 5.0 5.4 0.00 2.2 21.0 16:36 S 14 66.2 79.5 17:18 55.9 07:57 2.9 4.1 0.05 1.6 17.0 10:25 S 15 69.3 80.2 16:54 59.0 05:09 1.3 5.6 0.00 3.2 26.0 15:08 SW 16 51.5 70.9 00:10 41.5 23:55 13.8 0.3 0.13 7.2 31.0 12:34 W 17 45.8 57.7 18:38 37.2 07:20 19.2 0.0 0.04 9.5 44.0 17:31 W 18 48.6 65.5 17:24 32.5 06:40 16.4 0.0 0.00 1.5 19.0 12:13 W 19 63.4 81.1 16:22 44.6 06:07 7.2 5.6 0.00 3.8 34.0 17:13 SSW 20 73.5 84.4 16:39 59.2 04:48 0.3 8.8 0.00 6.3 36.0 15:34 SW 21 53.6 67.8 00:00 47.3 08:44 11.5 0.1 0.53 2.0 21.0 00:21 NW 22 46.3 53.1 11:39 41.0 23:43 18.7 0.0 0.00 4.9 31.0 15:08 W 23 41.9 47.5 15:00 36.0 23:54 22.9 0.0 0.02 3.0 21.0 14:12 W 24 42.6 54.5 17:45 28.2 07:03 22.4 0.0 0.00 1.7 22.0 12:50 NNW 25 49.1 62.8 15:29 37.4 04:55 15.9 0.0 0.05 2.2 26.0 14:31 SW 26 50.9 61.2 16:42 41.4 07:24 14.1 0.0 0.00 3.0 22.0 16:54 N 27 51.4 66.6 16:16 36.7 06:48 13.7 0.1 0.47 1.4 17.0 15:44 NE 28 52.1 59.5 19:03 48.6 23:52 12.9 0.0 0.14 2.1 21.0 01:03 NNW 29 54.2 69.4 14:54 43.7 06:50 11.1 0.3 0.47 2.4 24.0 15:00 SW 30 45.6 52.3 12:55 40.6 13:32 19.4 0.0 0.43 4.5 33.0 18:37 W ---------------------------------------------------------------------------------- 54.6 84.4 20 28.2 24 364.6 53.9 3.52 3.6 44.0 5 WSW Max >= 80.0 5 Max <= 32.0 0 Min <= 32.0 1 Min <= 0.0 0 Max Rain: 1.04 on day 5 Days of Rain: 13 (>= 0.01 in) 7 (>= 0.10 in) 1 (>= 1.00 in) Heat Base: 65.0 Cool Base: 65.0 Method: Integration