NOAA-Style Climate Reports
Select a Year or Month report
2024: Jan Feb Mar Apr May Jun Jul Aug Sep Oct Nov Dec
2023: Jan Feb Mar Apr May Jun Jul Aug Sep Oct Nov Dec
2022: Jan Feb Mar Apr May Jun Jul Aug Sep Oct Nov Dec
2021: Jan Feb Mar Apr May Jun Jul Aug Sep Oct Nov Dec
2020: Jan Feb Mar Apr May Jun Jul Aug Sep Oct Nov Dec
2019: Jan Feb Mar Apr May Jun Jul Aug Sep Oct Nov Dec
2018: Jan Feb Mar Apr May Jun Jul Aug Sep Oct Nov Dec
2017: Jan Feb Mar Apr May Jun Jul Aug Sep Oct Nov Dec
2016: Jan Feb Mar Apr May Jun Jul Aug Sep Oct Nov Dec
2015: Jan Feb Mar Apr May Jun Jul Aug Sep Oct Nov Dec
2014: Jan Feb Mar Apr May Jun Jul Aug Sep Oct Nov Dec
2013: Jan Feb Mar Apr May Jun Jul Aug Sep Oct Nov Dec
2024: Jan Feb Mar Apr May Jun Jul Aug Sep Oct Nov Dec
2023: Jan Feb Mar Apr May Jun Jul Aug Sep Oct Nov Dec
2022: Jan Feb Mar Apr May Jun Jul Aug Sep Oct Nov Dec
2021: Jan Feb Mar Apr May Jun Jul Aug Sep Oct Nov Dec
2020: Jan Feb Mar Apr May Jun Jul Aug Sep Oct Nov Dec
2019: Jan Feb Mar Apr May Jun Jul Aug Sep Oct Nov Dec
2018: Jan Feb Mar Apr May Jun Jul Aug Sep Oct Nov Dec
2017: Jan Feb Mar Apr May Jun Jul Aug Sep Oct Nov Dec
2016: Jan Feb Mar Apr May Jun Jul Aug Sep Oct Nov Dec
2015: Jan Feb Mar Apr May Jun Jul Aug Sep Oct Nov Dec
2014: Jan Feb Mar Apr May Jun Jul Aug Sep Oct Nov Dec
2013: Jan Feb Mar Apr May Jun Jul Aug Sep Oct Nov Dec
Report for 2023 March
Monthly Climatological Summary for Mar 2023 Name: GosportINWX City: Gosport State: IN Elevation: 751 ft Lat: N 39° 21' 02" Lon: W 086° 40' 00" Temperature (°F), Rain (in), Wind Speed (mph) Heat Cool Avg Mean Deg Deg Wind Dom Day Temp High Time Low Time Days Days Rain Speed High Time Dir ---------------------------------------------------------------------------------- 01 58.0 77.2 13:51 42.1 07:07 9.3 2.3 0.00 4.7 38.0 15:22 WSW 02 46.4 54.9 16:14 36.7 07:56 18.6 0.0 0.00 3.4 29.0 08:42 NE 03 41.8 44.6 00:01 37.4 20:33 11.1 0.0 0.00 5.4 38.0 14:54 N 04 42.4 56.3 16:05 29.8 06:53 22.6 0.0 0.00 3.4 21.0 00:26 W 05 47.0 61.5 15:28 32.5 06:46 18.0 0.0 0.00 1.8 21.0 12:50 SSE 06 58.9 73.8 16:05 42.6 07:13 8.3 2.1 0.00 5.5 38.0 12:51 W 07 45.6 53.6 00:00 38.8 23:56 19.4 0.0 0.00 6.9 34.0 04:56 NE 08 42.4 51.1 14:47 35.6 06:55 22.6 0.0 0.00 4.5 27.0 02:08 E 09 42.9 53.1 15:55 32.4 07:15 22.1 0.0 0.00 2.9 24.0 15:33 E 10 38.1 42.8 02:21 35.4 23:18 26.9 0.0 0.00 8.3 36.0 12:30 WNW 11 41.1 49.8 15:49 33.4 07:37 23.9 0.0 0.00 2.5 22.0 12:18 ESE 12 36.8 40.1 17:40 32.7 08:24 27.6 0.0 0.00 1.4 10.0 00:29 NE 13 32.4 37.4 00:10 29.7 07:40 32.5 0.0 0.00 7.4 26.0 20:41 WNW 14 32.9 42.8 15:03 25.0 07:37 32.1 0.0 0.00 3.8 26.0 15:43 N 15 36.1 53.6 17:12 19.6 08:21 28.9 0.0 0.00 2.2 24.0 14:59 SW 16 47.1 55.2 12:35 36.0 00:05 17.5 0.0 0.00 5.1 29.0 23:35 SW 17 36.5 54.7 00:35 30.7 23:59 23.3 0.0 0.00 9.2 31.0 10:35 W 18 25.2 30.7 00:00 20.8 22:31 39.8 0.0 0.00 9.2 38.0 10:37 WNW 19 27.4 37.6 16:29 17.6 07:09 37.6 0.0 0.00 4.6 26.0 15:37 NW 20 36.3 51.4 17:52 23.7 07:30 27.6 0.0 0.00 5.2 29.0 12:54 WSW 21 41.5 55.6 15:20 29.1 05:09 23.4 0.0 0.02 5.0 33.0 17:54 SW 22 48.2 54.9 23:48 40.3 00:00 15.8 0.0 0.21 3.3 24.0 17:53 SSW 23 59.4 72.0 15:58 46.8 23:42 6.3 0.7 1.65 7.4 33.0 03:38 WSW 24 45.3 49.1 14:31 43.3 23:07 19.7 0.0 2.66 3.0 26.0 03:01 ENE 25 46.5 54.9 07:38 37.9 23:13 18.5 0.0 0.35 8.3 53.0 12:09 W 26 50.6 67.8 16:20 32.5 06:15 14.7 0.3 0.00 2.7 21.0 17:05 SW 27 44.5 58.6 00:00 38.5 23:49 20.5 0.0 0.19 2.2 17.0 00:16 NNW 28 39.9 51.6 16:45 28.8 06:07 25.1 0.0 0.00 1.9 19.0 17:15 NE 29 43.3 57.0 17:23 31.8 07:48 20.7 0.0 0.00 2.8 20.0 16:40 WNW 30 49.6 64.4 16:48 30.0 08:04 11.3 0.0 0.00 2.7 20.0 18:48 SSE 31 59.0 69.1 22:17 49.6 03:32 6.4 0.5 0.80 6.1 59.0 23:17 SW ---------------------------------------------------------------------------------- 43.3 77.2 1 17.6 19 652.1 5.9 5.88 4.5 59.0 31 W Max >= 80.0 0 Max <= 32.0 1 Min <= 32.0 12 Min <= 0.0 0 Max Rain: 2.66 on day 24 Days of Rain: 7 (>= 0.01 in) 6 (>= 0.10 in) 2 (>= 1.00 in) Heat Base: 65.0 Cool Base: 65.0 Method: Integration