NOAA-Style Climate Reports
Select a Year or Month report
2024: Jan Feb Mar Apr May Jun Jul Aug Sep Oct Nov Dec
2023: Jan Feb Mar Apr May Jun Jul Aug Sep Oct Nov Dec
2022: Jan Feb Mar Apr May Jun Jul Aug Sep Oct Nov Dec
2021: Jan Feb Mar Apr May Jun Jul Aug Sep Oct Nov Dec
2020: Jan Feb Mar Apr May Jun Jul Aug Sep Oct Nov Dec
2019: Jan Feb Mar Apr May Jun Jul Aug Sep Oct Nov Dec
2018: Jan Feb Mar Apr May Jun Jul Aug Sep Oct Nov Dec
2017: Jan Feb Mar Apr May Jun Jul Aug Sep Oct Nov Dec
2016: Jan Feb Mar Apr May Jun Jul Aug Sep Oct Nov Dec
2015: Jan Feb Mar Apr May Jun Jul Aug Sep Oct Nov Dec
2014: Jan Feb Mar Apr May Jun Jul Aug Sep Oct Nov Dec
2013: Jan Feb Mar Apr May Jun Jul Aug Sep Oct Nov Dec
2024: Jan Feb Mar Apr May Jun Jul Aug Sep Oct Nov Dec
2023: Jan Feb Mar Apr May Jun Jul Aug Sep Oct Nov Dec
2022: Jan Feb Mar Apr May Jun Jul Aug Sep Oct Nov Dec
2021: Jan Feb Mar Apr May Jun Jul Aug Sep Oct Nov Dec
2020: Jan Feb Mar Apr May Jun Jul Aug Sep Oct Nov Dec
2019: Jan Feb Mar Apr May Jun Jul Aug Sep Oct Nov Dec
2018: Jan Feb Mar Apr May Jun Jul Aug Sep Oct Nov Dec
2017: Jan Feb Mar Apr May Jun Jul Aug Sep Oct Nov Dec
2016: Jan Feb Mar Apr May Jun Jul Aug Sep Oct Nov Dec
2015: Jan Feb Mar Apr May Jun Jul Aug Sep Oct Nov Dec
2014: Jan Feb Mar Apr May Jun Jul Aug Sep Oct Nov Dec
2013: Jan Feb Mar Apr May Jun Jul Aug Sep Oct Nov Dec
Report for 2023 February
Monthly Climatological Summary for Feb 2023 Name: GosportINWX City: Gosport State: IN Elevation: 751 ft Lat: N 39° 21' 02" Lon: W 086° 40' 00" Temperature (°F), Rain (in), Wind Speed (mph) Heat Cool Avg Mean Deg Deg Wind Dom Day Temp High Time Low Time Days Days Rain Speed High Time Dir ---------------------------------------------------------------------------------- 01 22.2 32.5 14:20 11.1 07:30 42.8 0.0 0.00 1.2 13.0 02:27 SSE 02 29.3 56.5 17:57 20.5 08:33 35.7 0.0 0.00 4.5 26.0 11:07 W 03 19.7 26.8 00:00 13.5 07:55 45.1 0.0 0.00 3.3 30.0 01:38 NNE 04 30.8 50.4 15:17 14.4 01:28 34.1 0.0 0.00 6.8 39.0 15:57 SW 05 44.3 52.7 15:50 35.8 23:56 20.7 0.0 0.00 8.4 37.0 10:29 W 06 38.2 50.0 15:52 25.5 08:07 26.8 0.0 0.00 2.3 20.0 13:47 SE 07 51.1 59.2 14:06 36.1 23:53 13.9 0.0 0.00 6.9 36.0 14:18 WSW 08 40.8 51.8 16:09 28.6 07:33 24.2 0.0 0.00 1.3 17.0 10:58 SE 09 48.0 61.9 07:43 38.7 23:40 16.9 0.0 0.00 11.6 57.0 16:54 WSW 10 36.4 42.3 16:35 27.7 23:57 28.6 0.0 0.00 3.3 19.0 04:03 NW 11 32.8 46.0 14:51 21.6 07:42 32.2 0.0 0.00 1.4 16.0 13:23 ENE 12 37.8 54.9 14:33 23.9 07:51 27.2 0.0 0.00 1.7 21.0 13:35 ENE 13 45.8 59.9 14:08 35.6 23:34 19.2 0.0 0.00 4.6 29.0 16:09 WNW 14 46.3 58.5 19:07 30.6 04:35 18.6 0.0 0.00 4.0 33.0 19:36 S 15 57.4 66.7 16:35 44.6 23:58 7.8 0.1 0.00 6.0 31.0 15:35 WSW 16 45.1 60.8 16:10 35.2 23:47 19.9 0.0 0.00 6.3 38.0 17:38 WNW 17 29.9 35.2 00:00 22.6 23:52 35.1 0.0 0.00 5.6 22.0 00:12 NW 18 34.7 47.3 15:50 22.5 00:48 30.3 0.0 0.00 4.6 27.0 11:41 SW 19 48.5 58.5 15:48 39.6 02:23 16.5 0.0 0.00 7.5 36.0 12:50 WSW 21 45.9 51.1 15:27 38.5 21:13 15.1 0.0 0.00 4.0 27.0 11:26 WNW 22 58.0 72.9 15:59 40.8 00:50 8.4 1.4 0.00 7.7 48.0 16:08 SW 23 52.5 66.9 13:23 32.0 23:25 12.6 0.1 0.00 9.3 38.0 10:38 W 24 32.3 41.5 17:20 23.5 07:34 32.7 0.0 0.00 3.6 27.0 15:14 NE 25 39.3 52.5 13:05 30.9 23:52 25.9 0.0 0.00 2.9 19.0 14:31 WNW 26 42.6 58.1 15:45 28.0 07:16 22.4 0.0 0.00 1.6 19.0 14:07 W 27 56.3 68.2 12:26 39.7 20:25 7.2 0.1 0.00 10.6 59.0 16:06 WSW 28 47.4 55.0 16:39 42.1 21:44 5.3 0.0 0.00 1.8 29.0 16:54 ESE ---------------------------------------------------------------------------------- 41.2 72.9 22 11.1 1 625.2 1.7 0.00 5.0 59.0 27 W Max >= 80.0 0 Max <= 32.0 1 Min <= 32.0 16 Min <= 0.0 0 Max Rain: 0.00 on day 0 Days of Rain: 0 (>= 0.01 in) 0 (>= 0.10 in) 0 (>= 1.00 in) Heat Base: 65.0 Cool Base: 65.0 Method: Integration