NOAA-Style Climate Reports
Select a Year or Month report
2024: Jan Feb Mar Apr May Jun Jul Aug Sep Oct Nov Dec
2023: Jan Feb Mar Apr May Jun Jul Aug Sep Oct Nov Dec
2022: Jan Feb Mar Apr May Jun Jul Aug Sep Oct Nov Dec
2021: Jan Feb Mar Apr May Jun Jul Aug Sep Oct Nov Dec
2020: Jan Feb Mar Apr May Jun Jul Aug Sep Oct Nov Dec
2019: Jan Feb Mar Apr May Jun Jul Aug Sep Oct Nov Dec
2018: Jan Feb Mar Apr May Jun Jul Aug Sep Oct Nov Dec
2017: Jan Feb Mar Apr May Jun Jul Aug Sep Oct Nov Dec
2016: Jan Feb Mar Apr May Jun Jul Aug Sep Oct Nov Dec
2015: Jan Feb Mar Apr May Jun Jul Aug Sep Oct Nov Dec
2014: Jan Feb Mar Apr May Jun Jul Aug Sep Oct Nov Dec
2013: Jan Feb Mar Apr May Jun Jul Aug Sep Oct Nov Dec
2024: Jan Feb Mar Apr May Jun Jul Aug Sep Oct Nov Dec
2023: Jan Feb Mar Apr May Jun Jul Aug Sep Oct Nov Dec
2022: Jan Feb Mar Apr May Jun Jul Aug Sep Oct Nov Dec
2021: Jan Feb Mar Apr May Jun Jul Aug Sep Oct Nov Dec
2020: Jan Feb Mar Apr May Jun Jul Aug Sep Oct Nov Dec
2019: Jan Feb Mar Apr May Jun Jul Aug Sep Oct Nov Dec
2018: Jan Feb Mar Apr May Jun Jul Aug Sep Oct Nov Dec
2017: Jan Feb Mar Apr May Jun Jul Aug Sep Oct Nov Dec
2016: Jan Feb Mar Apr May Jun Jul Aug Sep Oct Nov Dec
2015: Jan Feb Mar Apr May Jun Jul Aug Sep Oct Nov Dec
2014: Jan Feb Mar Apr May Jun Jul Aug Sep Oct Nov Dec
2013: Jan Feb Mar Apr May Jun Jul Aug Sep Oct Nov Dec
Report for 2023 January
Monthly Climatological Summary for Jan 2023 Name: GosportINWX City: Gosport State: IN Elevation: 751 ft Lat: N 39° 21' 02" Lon: W 086° 40' 00" Temperature (°F), Rain (in), Wind Speed (mph) Heat Cool Avg Mean Deg Deg Wind Dom Day Temp High Time Low Time Days Days Rain Speed High Time Dir ---------------------------------------------------------------------------------- 01 48.4 52.3 15:38 41.4 00:00 13.8 0.0 0.00 2.8 19.0 06:17 WSW 02 53.2 59.9 23:53 48.7 06:09 10.6 0.0 0.00 0.4 24.0 23:41 S 03 61.2 66.7 14:45 59.5 04:31 3.8 0.0 0.00 5.6 28.0 16:19 SW 04 46.4 60.8 00:00 38.3 19:26 18.6 0.0 0.00 6.7 36.0 15:38 W 05 38.0 43.7 12:45 35.2 05:21 27.0 0.0 0.00 6.8 34.0 18:46 W 06 34.9 41.9 16:21 28.0 23:51 30.1 0.0 0.00 4.5 23.0 07:15 WNW 07 30.5 38.5 16:30 22.8 07:41 34.4 0.0 0.00 1.9 20.0 11:48 NE 08 34.5 39.4 16:00 32.2 05:30 30.6 0.0 0.00 2.7 20.0 16:11 NNE 09 35.3 44.4 17:40 27.3 08:35 29.7 0.0 0.00 2.6 19.0 16:17 WSW 10 42.3 53.1 14:08 35.6 00:00 22.8 0.0 0.00 3.2 26.0 11:07 WSW 11 45.3 50.7 16:37 39.7 00:00 19.7 0.0 0.00 0.8 15.0 10:20 SSE 12 43.3 50.5 06:59 36.1 23:16 21.7 0.0 0.00 4.2 41.0 16:56 N 13 34.5 36.3 00:09 31.6 21:31 30.5 0.0 0.00 5.0 36.0 12:32 NNW 14 29.7 35.4 14:45 24.3 23:21 35.3 0.0 0.00 2.2 36.0 01:59 NNE 15 33.5 45.5 15:32 21.9 03:52 31.5 0.0 0.00 2.9 26.0 10:52 S 16 42.6 55.0 23:41 36.5 04:08 22.2 0.0 0.00 4.7 32.0 20:19 SSW 17 49.4 55.9 13:58 36.9 23:59 15.6 0.0 0.00 8.6 45.0 09:46 W 18 38.3 46.0 23:54 33.8 06:43 26.7 0.0 0.00 2.5 26.0 18:01 ESE 19 45.7 55.9 02:53 35.1 23:54 19.3 0.0 0.00 10.9 47.0 15:11 W 20 33.7 35.4 01:07 31.6 23:41 29.4 0.0 0.04 8.6 41.0 04:35 WNW 21 30.8 32.2 12:07 27.9 23:55 16.9 0.0 0.00 1.8 11.0 00:43 NW 22 31.5 34.9 17:49 27.1 00:35 22.6 0.0 0.00 0.8 11.0 02:51 NNE 23 32.2 34.7 12:19 28.8 19:44 32.8 0.0 0.00 5.5 30.0 15:09 WNW 24 37.0 46.4 14:16 29.8 08:20 28.0 0.0 0.00 2.7 24.0 13:48 WSW 25 33.7 38.5 00:02 32.7 02:22 31.3 0.0 0.00 4.3 24.0 21:56 WNW 26 28.6 32.7 00:00 22.6 21:51 35.8 0.0 0.00 9.3 39.0 09:59 WNW 27 32.7 44.6 20:50 18.3 05:41 32.3 0.0 0.00 6.3 39.0 13:51 WSW 28 42.6 55.6 14:08 29.7 08:03 22.3 0.0 0.00 4.3 41.0 15:37 SW 29 39.5 44.2 06:28 32.0 23:45 25.4 0.0 0.00 4.8 30.0 17:40 WNW 30 27.6 32.0 00:00 20.1 22:59 35.3 0.0 0.00 3.9 32.0 06:09 NE 31 20.4 26.8 14:29 13.5 08:19 41.3 0.0 0.00 3.8 26.0 05:19 NE ---------------------------------------------------------------------------------- 38.0 66.7 9 13.5 31 797.3 0.0 0.04 4.5 47.0 19 W Max >= 80.0 1 Max <= 32.0 2 Min <= 32.0 17 Min <= 0.0 0 Max Rain: 0.04 on day 20 Days of Rain: 1 (>= 0.01 in) 0 (>= 0.10 in) 0 (>= 1.00 in) Heat Base: 65.0 Cool Base: 65.0 Method: Integration