NOAA-Style Climate Reports
Select a Year or Month report
2024: Jan Feb Mar Apr May Jun Jul Aug Sep Oct Nov Dec
2023: Jan Feb Mar Apr May Jun Jul Aug Sep Oct Nov Dec
2022: Jan Feb Mar Apr May Jun Jul Aug Sep Oct Nov Dec
2021: Jan Feb Mar Apr May Jun Jul Aug Sep Oct Nov Dec
2020: Jan Feb Mar Apr May Jun Jul Aug Sep Oct Nov Dec
2019: Jan Feb Mar Apr May Jun Jul Aug Sep Oct Nov Dec
2018: Jan Feb Mar Apr May Jun Jul Aug Sep Oct Nov Dec
2017: Jan Feb Mar Apr May Jun Jul Aug Sep Oct Nov Dec
2016: Jan Feb Mar Apr May Jun Jul Aug Sep Oct Nov Dec
2015: Jan Feb Mar Apr May Jun Jul Aug Sep Oct Nov Dec
2014: Jan Feb Mar Apr May Jun Jul Aug Sep Oct Nov Dec
2013: Jan Feb Mar Apr May Jun Jul Aug Sep Oct Nov Dec
2024: Jan Feb Mar Apr May Jun Jul Aug Sep Oct Nov Dec
2023: Jan Feb Mar Apr May Jun Jul Aug Sep Oct Nov Dec
2022: Jan Feb Mar Apr May Jun Jul Aug Sep Oct Nov Dec
2021: Jan Feb Mar Apr May Jun Jul Aug Sep Oct Nov Dec
2020: Jan Feb Mar Apr May Jun Jul Aug Sep Oct Nov Dec
2019: Jan Feb Mar Apr May Jun Jul Aug Sep Oct Nov Dec
2018: Jan Feb Mar Apr May Jun Jul Aug Sep Oct Nov Dec
2017: Jan Feb Mar Apr May Jun Jul Aug Sep Oct Nov Dec
2016: Jan Feb Mar Apr May Jun Jul Aug Sep Oct Nov Dec
2015: Jan Feb Mar Apr May Jun Jul Aug Sep Oct Nov Dec
2014: Jan Feb Mar Apr May Jun Jul Aug Sep Oct Nov Dec
2013: Jan Feb Mar Apr May Jun Jul Aug Sep Oct Nov Dec
Report for 2022 December
Monthly Climatological Summary for Dec 2022 Name: GosportINWX City: Gosport State: IN Elevation: 751 ft Lat: N 39° 21' 02" Lon: W 086° 40' 00" Temperature (°F), Rain (in), Wind Speed (mph) Heat Cool Avg Mean Deg Deg Wind Dom Day Temp High Time Low Time Days Days Rain Speed High Time Dir ---------------------------------------------------------------------------------- 01 28.7 38.5 15:41 18.7 07:38 36.3 0.0 0.00 2.1 19.0 15:34 WSW 02 46.7 56.7 15:39 33.8 00:00 18.3 0.0 0.00 7.7 47.0 17:37 SW 03 38.5 55.0 05:40 24.3 23:58 26.4 0.0 0.00 7.4 45.0 05:54 WNW 04 28.9 41.2 15:27 18.9 08:09 36.2 0.0 0.00 2.2 20.0 13:24 SW 05 34.0 46.8 15:08 26.4 04:51 12.9 0.0 0.00 2.1 15.0 16:24 SSE 06 44.8 50.5 16:00 41.0 05:00 20.3 0.0 0.00 0.3 9.0 10:00 NE 07 44.1 46.8 00:18 38.3 23:57 20.7 0.0 0.00 0.3 13.0 10:39 NNE 08 41.6 44.4 14:47 37.8 00:18 23.4 0.0 0.11 1.3 19.0 16:55 NE 09 44.0 47.1 15:26 41.2 00:00 21.0 0.0 0.07 1.1 15.0 00:06 E 10 43.4 45.3 00:00 41.0 22:06 21.6 0.0 0.00 1.4 15.0 13:14 W 11 41.7 44.8 14:15 38.1 23:38 23.3 0.0 0.00 0.9 15.0 12:15 N 12 39.1 47.3 13:49 33.1 23:33 25.9 0.0 0.00 1.4 19.0 10:46 E 13 38.3 47.5 15:18 30.0 06:01 26.4 0.0 0.00 2.8 24.0 10:58 ESE 14 47.6 53.6 23:50 42.4 03:08 13.8 0.0 1.39 3.4 243.0 06:10 ESE 15 38.4 53.6 00:00 34.3 23:39 26.7 0.0 0.11 6.3 39.0 00:11 W 16 33.3 35.4 10:24 30.9 23:52 31.7 0.0 0.00 7.2 34.0 12:51 W 17 29.7 33.4 11:43 24.8 23:26 35.3 0.0 0.00 8.5 37.0 18:38 WNW 18 25.4 31.3 15:20 21.0 08:11 39.6 0.0 0.00 6.4 34.0 05:42 W 19 23.6 32.5 15:48 17.4 06:53 34.9 0.0 0.00 0.4 9.0 11:02 SW 20 34.1 46.9 14:53 23.4 08:39 31.6 0.2 0.00 4.1 11.0 16:22 NNE 21 31.6 43.2 14:37 23.0 06:50 32.8 0.0 0.00 1.2 9.0 22:18 ENE 22 29.1 41.9 13:31 -1.5 23:59 32.8 0.0 0.00 4.9 36.0 20:14 WNW 23 -4.3 0.7 23:47 -9.0 06:05 69.1 0.0 0.00 16.1 51.0 02:00 WNW 24 8.1 16.5 15:44 0.3 04:14 56.9 0.0 0.00 12.7 43.0 16:09 W 25 12.0 18.3 16:09 5.0 07:57 53.0 0.0 0.00 8.5 44.0 14:21 W 26 19.3 24.3 15:13 15.8 00:00 29.6 0.0 0.00 2.6 17.0 10:50 S 27 26.2 29.1 19:07 23.7 00:20 38.1 0.0 0.00 4.0 28.0 18:39 SSW 28 39.2 50.7 23:55 25.7 01:32 25.5 0.0 0.00 5.5 37.0 12:32 SSW 29 55.2 58.6 23:59 50.7 00:00 9.7 0.0 0.00 8.6 37.0 03:39 SW 30 54.3 61.3 02:39 39.7 16:50 10.6 0.0 0.27 4.5 45.0 04:53 SW 31 42.5 50.0 00:00 37.2 19:11 18.3 0.0 0.00 1.3 15.0 23:42 WNW ---------------------------------------------------------------------------------- 34.2 61.3 30 -9.0 23 902.7 0.2 1.95 4.6 243.0 14 W Max >= 80.0 0 Max <= 32.0 6 Min <= 32.0 18 Min <= 0.0 2 Max Rain: 1.39 on day 14 Days of Rain: 5 (>= 0.01 in) 4 (>= 0.10 in) 1 (>= 1.00 in) Heat Base: 65.0 Cool Base: 65.0 Method: Integration