NOAA-Style Climate Reports
Select a Year or Month report
2024: Jan Feb Mar Apr May Jun Jul Aug Sep Oct Nov Dec
2023: Jan Feb Mar Apr May Jun Jul Aug Sep Oct Nov Dec
2022: Jan Feb Mar Apr May Jun Jul Aug Sep Oct Nov Dec
2021: Jan Feb Mar Apr May Jun Jul Aug Sep Oct Nov Dec
2020: Jan Feb Mar Apr May Jun Jul Aug Sep Oct Nov Dec
2019: Jan Feb Mar Apr May Jun Jul Aug Sep Oct Nov Dec
2018: Jan Feb Mar Apr May Jun Jul Aug Sep Oct Nov Dec
2017: Jan Feb Mar Apr May Jun Jul Aug Sep Oct Nov Dec
2016: Jan Feb Mar Apr May Jun Jul Aug Sep Oct Nov Dec
2015: Jan Feb Mar Apr May Jun Jul Aug Sep Oct Nov Dec
2014: Jan Feb Mar Apr May Jun Jul Aug Sep Oct Nov Dec
2013: Jan Feb Mar Apr May Jun Jul Aug Sep Oct Nov Dec
2024: Jan Feb Mar Apr May Jun Jul Aug Sep Oct Nov Dec
2023: Jan Feb Mar Apr May Jun Jul Aug Sep Oct Nov Dec
2022: Jan Feb Mar Apr May Jun Jul Aug Sep Oct Nov Dec
2021: Jan Feb Mar Apr May Jun Jul Aug Sep Oct Nov Dec
2020: Jan Feb Mar Apr May Jun Jul Aug Sep Oct Nov Dec
2019: Jan Feb Mar Apr May Jun Jul Aug Sep Oct Nov Dec
2018: Jan Feb Mar Apr May Jun Jul Aug Sep Oct Nov Dec
2017: Jan Feb Mar Apr May Jun Jul Aug Sep Oct Nov Dec
2016: Jan Feb Mar Apr May Jun Jul Aug Sep Oct Nov Dec
2015: Jan Feb Mar Apr May Jun Jul Aug Sep Oct Nov Dec
2014: Jan Feb Mar Apr May Jun Jul Aug Sep Oct Nov Dec
2013: Jan Feb Mar Apr May Jun Jul Aug Sep Oct Nov Dec
Report for 2022 November
Monthly Climatological Summary for Nov 2022 Name: GosportINWX City: Gosport State: IN Elevation: 751 ft Lat: N 39° 21' 02" Lon: W 086° 40' 00" Temperature (°F), Rain (in), Wind Speed (mph) Heat Cool Avg Mean Deg Deg Wind Dom Day Temp High Time Low Time Days Days Rain Speed High Time Dir ---------------------------------------------------------------------------------- 01 55.8 56.5 00:00 54.7 04:25 53.2 0.0 0.00 0.1 4.0 00:50 WNW 02 55.0 70.0 15:01 44.0 04:15 11.5 0.5 0.00 1.0 12.0 12:21 S 03 60.7 74.8 14:24 45.7 04:10 5.0 2.0 0.00 1.2 15.0 14:07 SSW 04 66.0 77.9 14:24 54.5 06:19 2.5 3.4 0.00 3.4 25.0 11:55 SSW 05 63.5 68.7 01:40 54.5 23:44 2.1 0.8 0.34 7.7 54.0 14:17 SSW 06 54.8 68.5 13:57 44.4 06:11 11.1 0.5 0.00 2.5 24.0 13:14 SSW 07 51.9 65.1 14:01 45.0 01:40 13.1 0.0 0.00 2.6 30.0 09:58 ENE 08 51.1 63.1 13:22 41.5 07:11 13.7 0.0 0.00 3.3 26.0 09:32 E 09 57.4 75.2 14:10 42.1 07:40 9.6 1.9 0.00 1.1 9.0 15:10 SSE 10 60.5 74.1 14:10 50.5 05:40 6.6 2.1 0.00 2.2 15.0 10:10 S 11 49.6 68.4 13:25 32.4 23:58 15.4 0.0 0.00 3.8 17.0 11:12 N 12 30.6 33.1 12:38 28.4 07:42 34.4 0.0 0.00 2.1 23.0 00:39 NNE 13 33.2 41.2 10:51 29.5 01:22 31.8 0.0 0.00 2.1 17.0 12:23 NE 14 33.6 44.2 13:36 23.0 07:39 31.4 0.0 0.00 1.4 17.0 10:55 ENE 15 36.6 40.3 13:54 34.5 05:35 28.4 0.0 0.00 2.2 19.0 20:46 NNE 16 33.0 36.9 14:37 28.2 19:33 32.0 0.0 0.00 4.4 26.0 15:14 WNW 17 30.5 34.7 16:31 27.7 08:02 34.5 0.0 0.00 3.7 20.0 11:11 W 18 28.4 33.4 02:10 25.3 07:31 36.6 0.0 0.00 5.5 32.0 06:02 WNW 19 26.6 34.9 13:55 19.2 07:11 38.4 0.0 0.00 5.6 48.0 12:28 W 20 25.1 34.5 13:43 15.4 07:25 39.9 0.0 0.00 3.0 24.0 01:33 WSW 21 36.2 50.9 13:58 25.2 02:09 21.4 0.0 0.00 4.7 28.0 11:57 SSW 22 40.3 56.8 13:37 27.1 07:11 14.4 0.0 0.00 3.0 25.0 10:03 SSW 23 42.4 61.9 13:33 26.6 07:33 21.7 0.0 0.00 1.4 13.0 12:08 WSW 24 44.4 60.6 14:16 27.7 06:23 20.4 0.0 0.00 1.5 13.0 22:07 WSW 25 45.2 53.1 14:21 31.6 23:53 17.9 0.0 0.07 1.9 17.0 12:28 N 26 40.2 57.4 13:11 24.1 08:01 24.5 0.0 0.18 0.7 19.0 11:50 SSE 27 48.1 54.9 07:20 42.6 23:53 16.9 0.0 0.43 5.7 37.0 14:30 WSW 28 43.5 45.5 15:34 41.5 08:01 21.5 0.0 0.00 0.7 9.0 11:43 SW 29 53.0 63.7 13:12 43.0 03:10 12.0 0.0 0.02 5.6 34.0 22:34 S 30 32.9 60.3 00:00 26.8 08:01 32.1 0.0 0.11 11.7 41.0 00:48 WNW ---------------------------------------------------------------------------------- 44.3 77.9 4 0.0 2 654.0 11.2 1.15 3.4 48.0 22 WSW Max >= 80.0 0 Max <= 32.0 0 Min <= 32.0 16 Min <= 0.0 1 Max Rain: 0.43 on day 27 Days of Rain: 6 (>= 0.01 in) 4 (>= 0.10 in) 0 (>= 1.00 in) Heat Base: 65.0 Cool Base: 65.0 Method: Integration