NOAA-Style Climate Reports
Select a Year or Month report
2024: Jan Feb Mar Apr May Jun Jul Aug Sep Oct Nov Dec
2023: Jan Feb Mar Apr May Jun Jul Aug Sep Oct Nov Dec
2022: Jan Feb Mar Apr May Jun Jul Aug Sep Oct Nov Dec
2021: Jan Feb Mar Apr May Jun Jul Aug Sep Oct Nov Dec
2020: Jan Feb Mar Apr May Jun Jul Aug Sep Oct Nov Dec
2019: Jan Feb Mar Apr May Jun Jul Aug Sep Oct Nov Dec
2018: Jan Feb Mar Apr May Jun Jul Aug Sep Oct Nov Dec
2017: Jan Feb Mar Apr May Jun Jul Aug Sep Oct Nov Dec
2016: Jan Feb Mar Apr May Jun Jul Aug Sep Oct Nov Dec
2015: Jan Feb Mar Apr May Jun Jul Aug Sep Oct Nov Dec
2014: Jan Feb Mar Apr May Jun Jul Aug Sep Oct Nov Dec
2013: Jan Feb Mar Apr May Jun Jul Aug Sep Oct Nov Dec
2024: Jan Feb Mar Apr May Jun Jul Aug Sep Oct Nov Dec
2023: Jan Feb Mar Apr May Jun Jul Aug Sep Oct Nov Dec
2022: Jan Feb Mar Apr May Jun Jul Aug Sep Oct Nov Dec
2021: Jan Feb Mar Apr May Jun Jul Aug Sep Oct Nov Dec
2020: Jan Feb Mar Apr May Jun Jul Aug Sep Oct Nov Dec
2019: Jan Feb Mar Apr May Jun Jul Aug Sep Oct Nov Dec
2018: Jan Feb Mar Apr May Jun Jul Aug Sep Oct Nov Dec
2017: Jan Feb Mar Apr May Jun Jul Aug Sep Oct Nov Dec
2016: Jan Feb Mar Apr May Jun Jul Aug Sep Oct Nov Dec
2015: Jan Feb Mar Apr May Jun Jul Aug Sep Oct Nov Dec
2014: Jan Feb Mar Apr May Jun Jul Aug Sep Oct Nov Dec
2013: Jan Feb Mar Apr May Jun Jul Aug Sep Oct Nov Dec
Report for 2022 August
Monthly Climatological Summary for Aug 2022 Name: GosportINWX City: Gosport State: IN Elevation: 751 ft Lat: N 39° 21' 03" Lon: W 086° 40' 01" Temperature (°F), Rain (in), Wind Speed (mph) Heat Cool Avg Mean Deg Deg Wind Dom Day Temp High Time Low Time Days Days Rain Speed High Time Dir ---------------------------------------------------------------------------------- 01 75.4 84.7 16:34 68.0 10:20 0.0 10.4 0.16 1.3 23.6 08:51 WSW 02 72.6 78.1 18:55 68.5 06:23 0.0 7.6 0.00 0.4 10.5 16:31 W 03 78.5 88.5 16:15 68.2 03:59 0.0 13.5 0.00 1.2 16.2 15:48 SW 04 74.5 82.4 16:30 71.2 07:46 0.0 9.5 0.07 0.3 10.5 12:37 S 05 76.0 83.3 14:48 69.6 04:11 0.0 11.1 0.01 0.3 8.8 10:44 ESE 06 79.4 87.8 16:25 72.9 03:44 0.0 14.4 0.00 0.3 7.4 11:42 SW 07 79.7 87.6 16:10 72.3 07:01 0.0 14.7 0.00 0.7 11.8 12:36 WSW 08 79.1 88.0 14:36 73.4 06:36 0.0 14.1 0.07 1.0 18.0 15:10 WSW 09 73.8 81.5 14:21 70.7 23:17 0.0 8.8 0.23 0.7 18.0 15:27 NNE 10 73.6 81.0 16:19 66.7 23:49 0.0 8.7 0.00 0.6 10.5 19:19 N 11 70.1 82.4 14:49 61.0 06:49 0.7 5.7 0.14 0.1 18.0 17:19 NNE 12 67.7 77.4 15:46 57.9 07:18 1.5 3.9 0.01 1.3 14.9 10:34 NNE 13 68.3 78.4 14:48 56.8 07:18 2.1 5.4 0.02 0.4 10.5 13:34 NW 14 72.1 78.1 17:43 65.5 07:41 0.0 7.1 0.18 0.4 8.8 12:58 SW 15 72.1 78.8 16:22 68.2 08:10 0.0 7.1 0.00 1.5 19.3 17:10 NNE 16 70.7 81.0 16:37 61.2 06:40 0.6 6.3 0.00 1.5 19.3 16:38 N 17 69.4 80.4 16:21 59.4 07:00 1.3 5.8 0.00 1.6 19.3 14:46 NNE 18 69.7 81.0 16:14 59.0 07:08 1.5 6.2 0.00 0.5 11.8 12:51 NNE 19 71.0 83.3 16:25 59.5 07:09 1.2 7.2 0.00 0.2 6.1 11:53 WSW 20 73.3 82.2 14:53 64.4 04:41 0.0 8.3 0.00 0.5 10.5 12:29 SW 21 72.3 79.3 16:25 67.1 06:52 0.0 7.3 1.14 0.4 11.8 18:49 WNW 22 70.5 79.5 16:32 63.0 05:49 0.2 5.7 0.00 1.0 14.9 15:09 NE 23 70.1 79.9 14:28 61.0 06:51 0.7 5.7 0.00 0.7 10.0 04:30 NE 24 70.6 83.7 10:37 58.6 06:53 1.6 7.2 0.00 0.0 4.4 18:03 NE 25 66.7 81.0 15:29 59.5 07:05 2.3 4.0 0.00 0.0 4.4 23:32 NW 26 73.9 83.5 16:21 66.6 04:07 0.0 8.9 0.00 0.9 14.9 15:36 NE 27 72.8 84.4 16:19 63.1 05:44 0.3 8.1 0.00 1.0 14.9 16:51 NE 28 77.8 89.6 15:58 66.7 07:12 0.0 12.8 0.00 0.6 11.8 17:54 SSW 29 78.1 87.8 16:42 72.1 02:33 0.0 13.1 0.14 1.2 22.3 19:49 SW 30 71.9 81.9 15:32 62.6 23:57 0.1 7.0 0.04 1.0 16.2 00:42 WNW 31 68.1 79.5 16:12 57.6 07:31 1.8 4.9 0.00 0.3 11.8 13:24 NW ---------------------------------------------------------------------------------- 72.9 89.6 28 56.8 13 15.9 260.5 2.21 0.7 23.6 23 NNW Max >= 80.0 22 Max <= 32.0 0 Min <= 32.0 0 Min <= 0.0 0 Max Rain: 1.14 on day 21 Days of Rain: 12 (>= 0.01 in) 6 (>= 0.10 in) 1 (>= 1.00 in) Heat Base: 65.0 Cool Base: 65.0 Method: Integration