NOAA-Style Climate Reports
Select a Year or Month report
2024: Jan Feb Mar Apr May Jun Jul Aug Sep Oct Nov Dec
2023: Jan Feb Mar Apr May Jun Jul Aug Sep Oct Nov Dec
2022: Jan Feb Mar Apr May Jun Jul Aug Sep Oct Nov Dec
2021: Jan Feb Mar Apr May Jun Jul Aug Sep Oct Nov Dec
2020: Jan Feb Mar Apr May Jun Jul Aug Sep Oct Nov Dec
2019: Jan Feb Mar Apr May Jun Jul Aug Sep Oct Nov Dec
2018: Jan Feb Mar Apr May Jun Jul Aug Sep Oct Nov Dec
2017: Jan Feb Mar Apr May Jun Jul Aug Sep Oct Nov Dec
2016: Jan Feb Mar Apr May Jun Jul Aug Sep Oct Nov Dec
2015: Jan Feb Mar Apr May Jun Jul Aug Sep Oct Nov Dec
2014: Jan Feb Mar Apr May Jun Jul Aug Sep Oct Nov Dec
2013: Jan Feb Mar Apr May Jun Jul Aug Sep Oct Nov Dec
2024: Jan Feb Mar Apr May Jun Jul Aug Sep Oct Nov Dec
2023: Jan Feb Mar Apr May Jun Jul Aug Sep Oct Nov Dec
2022: Jan Feb Mar Apr May Jun Jul Aug Sep Oct Nov Dec
2021: Jan Feb Mar Apr May Jun Jul Aug Sep Oct Nov Dec
2020: Jan Feb Mar Apr May Jun Jul Aug Sep Oct Nov Dec
2019: Jan Feb Mar Apr May Jun Jul Aug Sep Oct Nov Dec
2018: Jan Feb Mar Apr May Jun Jul Aug Sep Oct Nov Dec
2017: Jan Feb Mar Apr May Jun Jul Aug Sep Oct Nov Dec
2016: Jan Feb Mar Apr May Jun Jul Aug Sep Oct Nov Dec
2015: Jan Feb Mar Apr May Jun Jul Aug Sep Oct Nov Dec
2014: Jan Feb Mar Apr May Jun Jul Aug Sep Oct Nov Dec
2013: Jan Feb Mar Apr May Jun Jul Aug Sep Oct Nov Dec
Report for 2022 July
Monthly Climatological Summary for Jul 2022 Name: GosportINWX City: Gosport State: IN Elevation: 751 ft Lat: N 39° 21' 03" Lon: W 086° 40' 01" Temperature (°F), Rain (in), Wind Speed (mph) Heat Cool Avg Mean Deg Deg Wind Dom Day Temp High Time Low Time Days Days Rain Speed High Time Dir ---------------------------------------------------------------------------------- 01 81.4 91.4 14:11 71.6 05:25 0.0 16.4 0.00 1.2 11.8 12:30 WSW 02 71.8 76.3 00:00 69.8 06:07 0.0 2.8 0.06 0.4 10.5 01:57 N 03 73.8 73.8 00:00 73.8 00:00 0.0 0.0 0.00 0.6 3.1 00:00 NNW 04 77.8 90.3 16:15 63.1 06:15 0.2 12.8 0.00 0.2 8.8 14:45 S 05 85.6 96.3 14:19 78.4 01:40 0.0 15.3 0.00 1.2 10.5 09:11 WSW 06 84.5 90.9 17:58 79.9 23:55 0.0 19.3 0.02 1.5 11.8 22:11 W 07 76.1 82.6 13:50 73.8 02:48 0.0 11.1 0.77 0.4 8.8 10:36 NE 08 74.1 79.2 16:58 71.8 11:00 0.0 9.1 0.64 0.3 10.5 23:55 NNW 09 70.5 73.2 00:00 69.3 06:54 0.0 2.7 0.00 1.9 22.3 11:21 NW 10 71.7 83.3 16:48 60.3 06:45 0.8 7.5 0.00 0.6 11.8 10:15 NNE 11 74.1 84.4 17:48 61.3 05:44 0.8 9.9 0.00 0.8 11.8 14:11 W 12 77.7 84.4 12:37 68.9 23:42 0.0 12.7 0.00 1.1 14.9 10:56 WNW 13 75.2 85.6 14:15 63.7 06:58 0.1 10.3 0.00 0.6 14.9 14:14 N 14 73.9 83.5 14:45 63.1 07:15 0.1 9.0 0.00 0.6 10.5 12:45 NNE 15 72.5 81.9 14:57 61.3 06:45 0.7 7.6 0.00 0.2 8.8 14:57 N 16 78.6 87.6 16:30 68.7 06:51 0.0 13.3 0.02 1.3 19.3 13:46 SW 17 73.4 78.3 06:28 69.3 21:39 0.0 8.4 1.46 0.7 11.8 00:21 WSW 18 73.1 82.4 16:44 67.8 06:47 0.0 8.1 0.28 0.2 8.8 12:24 NNE 19 76.8 86.2 14:17 68.4 07:25 0.0 11.8 0.00 0.4 8.8 13:48 SW 20 80.3 90.0 16:48 71.1 04:07 0.0 15.2 0.00 1.4 16.2 10:38 WSW 21 77.7 91.0 17:32 69.8 06:57 0.0 12.7 0.00 0.7 8.8 13:38 W 22 80.8 91.4 17:57 72.5 06:17 0.0 15.8 0.00 0.3 8.8 10:12 SW 23 83.8 90.9 15:52 78.8 00:00 0.0 18.8 0.00 1.1 28.5 11:49 N 24 83.1 92.5 16:08 71.8 23:00 0.0 18.1 0.64 1.2 21.0 18:52 SW 25 74.1 77.5 14:12 71.2 23:40 0.0 9.1 0.03 0.2 8.8 17:45 W 26 69.7 74.8 18:58 64.8 08:47 0.0 4.7 0.28 0.1 56.0 16:11 ENE 27 75.8 81.9 16:19 70.3 03:13 0.0 10.8 0.06 1.0 11.8 11:12 WSW 28 76.5 84.6 14:25 70.9 07:28 0.0 11.5 0.04 0.4 7.4 11:24 WSW 29 72.4 78.8 14:17 64.8 23:49 0.0 7.4 0.00 0.5 16.2 11:22 NW 30 70.0 81.3 14:07 59.5 06:24 1.3 6.3 0.00 0.4 13.6 11:59 ENE 31 72.5 80.2 16:37 65.7 06:54 0.0 7.4 0.03 0.3 8.8 12:22 SSW ---------------------------------------------------------------------------------- 76.1 96.3 21 59.5 30 4.0 325.9 4.33 0.7 56.0 26 WNW Max >= 80.0 23 Max <= 32.0 0 Min <= 32.0 0 Min <= 0.0 0 Max Rain: 1.46 on day 17 Days of Rain: 13 (>= 0.01 in) 6 (>= 0.10 in) 1 (>= 1.00 in) Heat Base: 65.0 Cool Base: 65.0 Method: Integration