NOAA-Style Climate Reports
Select a Year or Month report
2024: Jan Feb Mar Apr May Jun Jul Aug Sep Oct Nov Dec
2023: Jan Feb Mar Apr May Jun Jul Aug Sep Oct Nov Dec
2022: Jan Feb Mar Apr May Jun Jul Aug Sep Oct Nov Dec
2021: Jan Feb Mar Apr May Jun Jul Aug Sep Oct Nov Dec
2020: Jan Feb Mar Apr May Jun Jul Aug Sep Oct Nov Dec
2019: Jan Feb Mar Apr May Jun Jul Aug Sep Oct Nov Dec
2018: Jan Feb Mar Apr May Jun Jul Aug Sep Oct Nov Dec
2017: Jan Feb Mar Apr May Jun Jul Aug Sep Oct Nov Dec
2016: Jan Feb Mar Apr May Jun Jul Aug Sep Oct Nov Dec
2015: Jan Feb Mar Apr May Jun Jul Aug Sep Oct Nov Dec
2014: Jan Feb Mar Apr May Jun Jul Aug Sep Oct Nov Dec
2013: Jan Feb Mar Apr May Jun Jul Aug Sep Oct Nov Dec
2024: Jan Feb Mar Apr May Jun Jul Aug Sep Oct Nov Dec
2023: Jan Feb Mar Apr May Jun Jul Aug Sep Oct Nov Dec
2022: Jan Feb Mar Apr May Jun Jul Aug Sep Oct Nov Dec
2021: Jan Feb Mar Apr May Jun Jul Aug Sep Oct Nov Dec
2020: Jan Feb Mar Apr May Jun Jul Aug Sep Oct Nov Dec
2019: Jan Feb Mar Apr May Jun Jul Aug Sep Oct Nov Dec
2018: Jan Feb Mar Apr May Jun Jul Aug Sep Oct Nov Dec
2017: Jan Feb Mar Apr May Jun Jul Aug Sep Oct Nov Dec
2016: Jan Feb Mar Apr May Jun Jul Aug Sep Oct Nov Dec
2015: Jan Feb Mar Apr May Jun Jul Aug Sep Oct Nov Dec
2014: Jan Feb Mar Apr May Jun Jul Aug Sep Oct Nov Dec
2013: Jan Feb Mar Apr May Jun Jul Aug Sep Oct Nov Dec
Report for 2022 June
Monthly Climatological Summary for Jun 2022 Name: GosportINWX City: Gosport State: IN Elevation: 751 ft Lat: N 39° 21' 03" Lon: W 086° 40' 01" Temperature (°F), Rain (in), Wind Speed (mph) Heat Cool Avg Mean Deg Deg Wind Dom Day Temp High Time Low Time Days Days Rain Speed High Time Dir ---------------------------------------------------------------------------------- 01 73.6 74.7 00:44 71.6 02:44 0.0 1.0 0.00 0.3 3.1 00:38 ESE 02 69.9 76.1 13:46 62.1 23:54 0.1 4.9 0.02 0.2 7.4 10:46 N 03 68.2 80.2 16:07 52.7 06:39 3.0 6.2 0.00 0.6 14.9 12:50 WNW 04 69.3 84.2 13:08 53.1 06:12 2.9 7.2 0.00 0.6 11.8 14:33 NE 05 69.4 82.4 14:07 56.3 04:14 2.6 7.0 0.00 0.4 13.6 15:30 ESE 06 69.1 83.1 13:25 58.3 05:58 1.5 5.6 0.11 1.0 14.9 12:42 SW 07 69.1 78.8 16:14 65.1 01:00 0.0 2.8 0.01 0.7 8.8 00:08 W 08 66.5 79.3 17:17 58.5 06:47 1.3 3.5 0.07 1.8 21.0 18:46 W 09 66.5 77.2 15:44 55.8 07:07 2.5 4.0 0.00 0.6 14.9 09:06 WNW 10 64.5 73.0 15:15 58.6 05:06 2.0 1.5 0.07 0.2 8.8 14:43 SW 11 61.1 73.6 11:38 58.3 03:29 2.4 0.4 0.33 0.5 13.6 10:28 ESE 12 75.1 83.7 14:47 67.8 05:17 0.0 9.9 0.00 0.2 8.8 13:47 SSW 13 79.4 90.5 14:57 70.9 06:07 0.0 9.9 0.00 0.8 13.6 14:53 SW 14 85.4 92.1 17:36 78.8 07:17 0.0 20.1 0.00 0.7 8.8 19:21 SW 15 84.2 91.2 14:25 77.0 07:16 0.0 19.1 0.00 0.9 14.9 15:13 SW 16 84.2 90.9 17:58 78.1 06:53 0.0 19.2 0.00 1.4 13.6 13:29 WSW 17 79.3 82.9 00:00 71.6 10:57 0.0 6.7 0.00 0.9 14.9 09:18 WSW 18 69.8 78.6 14:12 62.2 04:47 0.4 3.5 0.00 4.2 25.4 08:47 N 19 78.6 78.6 00:00 78.6 00:00 0.0 0.0 0.00 0.6 13.6 00:00 ENE 20 71.6 86.5 16:40 55.0 06:43 2.6 9.1 0.00 0.5 8.8 12:56 SW 21 79.0 94.9 18:09 60.6 06:42 0.4 14.4 0.00 1.0 13.6 15:47 WSW 22 85.1 97.3 14:07 73.9 23:56 0.0 20.1 0.00 0.8 14.9 17:25 WNW 23 74.8 87.3 14:07 62.4 06:40 0.2 6.9 0.00 1.5 19.3 12:16 NNE 24 85.6 85.6 00:00 85.6 00:00 0.0 0.0 0.00 0.4 8.8 00:00 NE 25 73.3 82.9 14:21 60.6 05:16 0.7 9.0 0.00 0.4 10.5 10:25 ENE 26 75.4 82.6 12:32 65.8 23:56 0.0 10.4 0.17 1.4 11.8 02:35 W 27 69.3 79.2 13:04 58.5 07:02 1.4 5.8 0.00 0.9 21.0 11:43 NNE 28 66.3 79.0 17:47 51.4 06:15 3.9 5.2 0.00 0.5 13.6 11:11 ENE 29 70.6 85.3 16:54 53.1 06:15 2.9 8.5 0.00 0.4 10.5 14:13 WNW 30 75.3 90.0 16:57 57.7 06:10 1.5 11.8 0.00 0.7 13.6 14:17 SW ---------------------------------------------------------------------------------- 73.7 97.3 10 51.4 28 32.3 233.7 0.78 0.8 25.4 18 WNW Max >= 80.0 20 Max <= 32.0 0 Min <= 32.0 0 Min <= 0.0 0 Max Rain: 0.33 on day 11 Days of Rain: 7 (>= 0.01 in) 3 (>= 0.10 in) 0 (>= 1.00 in) Heat Base: 65.0 Cool Base: 65.0 Method: Integration