NOAA-Style Climate Reports
Select a Year or Month report
2024: Jan Feb Mar Apr May Jun Jul Aug Sep Oct Nov Dec
2023: Jan Feb Mar Apr May Jun Jul Aug Sep Oct Nov Dec
2022: Jan Feb Mar Apr May Jun Jul Aug Sep Oct Nov Dec
2021: Jan Feb Mar Apr May Jun Jul Aug Sep Oct Nov Dec
2020: Jan Feb Mar Apr May Jun Jul Aug Sep Oct Nov Dec
2019: Jan Feb Mar Apr May Jun Jul Aug Sep Oct Nov Dec
2018: Jan Feb Mar Apr May Jun Jul Aug Sep Oct Nov Dec
2017: Jan Feb Mar Apr May Jun Jul Aug Sep Oct Nov Dec
2016: Jan Feb Mar Apr May Jun Jul Aug Sep Oct Nov Dec
2015: Jan Feb Mar Apr May Jun Jul Aug Sep Oct Nov Dec
2014: Jan Feb Mar Apr May Jun Jul Aug Sep Oct Nov Dec
2013: Jan Feb Mar Apr May Jun Jul Aug Sep Oct Nov Dec
2024: Jan Feb Mar Apr May Jun Jul Aug Sep Oct Nov Dec
2023: Jan Feb Mar Apr May Jun Jul Aug Sep Oct Nov Dec
2022: Jan Feb Mar Apr May Jun Jul Aug Sep Oct Nov Dec
2021: Jan Feb Mar Apr May Jun Jul Aug Sep Oct Nov Dec
2020: Jan Feb Mar Apr May Jun Jul Aug Sep Oct Nov Dec
2019: Jan Feb Mar Apr May Jun Jul Aug Sep Oct Nov Dec
2018: Jan Feb Mar Apr May Jun Jul Aug Sep Oct Nov Dec
2017: Jan Feb Mar Apr May Jun Jul Aug Sep Oct Nov Dec
2016: Jan Feb Mar Apr May Jun Jul Aug Sep Oct Nov Dec
2015: Jan Feb Mar Apr May Jun Jul Aug Sep Oct Nov Dec
2014: Jan Feb Mar Apr May Jun Jul Aug Sep Oct Nov Dec
2013: Jan Feb Mar Apr May Jun Jul Aug Sep Oct Nov Dec
Report for 2022 May
Monthly Climatological Summary for May 2022 Name: GosportINWX City: Gosport State: IN Elevation: 751 ft Lat: N 39° 21' 03" Lon: W 086° 40' 01" Temperature (°F), Rain (in), Wind Speed (mph) Heat Cool Avg Mean Deg Deg Wind Dom Day Temp High Time Low Time Days Days Rain Speed High Time Dir ---------------------------------------------------------------------------------- 01 60.7 66.0 16:59 50.9 23:50 4.3 0.0 0.40 2.5 23.6 13:18 W 02 57.5 69.3 15:33 45.0 06:11 8.2 0.7 0.01 0.5 11.8 12:26 WNW 03 63.8 76.8 14:25 56.1 02:13 3.8 2.5 0.09 3.1 32.8 13:56 WNW 04 55.2 61.7 17:52 48.9 05:57 9.8 0.0 0.00 0.5 16.2 12:55 N 05 55.5 59.4 12:12 50.7 02:57 9.5 0.0 0.17 0.1 10.5 12:39 NNE 06 59.8 69.3 15:54 54.5 23:45 5.4 0.2 0.03 0.5 23.6 17:39 NNE 07 58.1 67.5 16:36 51.3 23:59 7.2 0.3 0.00 2.0 26.7 04:26 NNE 08 59.2 71.4 16:21 43.5 06:45 7.6 1.8 0.00 0.1 14.9 18:45 ESE 09 66.9 79.3 18:09 52.3 05:03 3.7 5.6 0.00 0.2 21.0 13:54 S 10 74.5 86.7 17:30 64.0 04:15 0.0 9.4 0.00 0.1 8.8 16:46 SW 11 78.4 88.5 16:45 70.9 06:31 0.0 13.4 0.00 0.0 6.1 17:01 ESE 12 74.9 86.7 16:41 61.9 07:05 0.2 10.2 0.00 0.0 8.8 12:17 E 13 72.5 85.6 14:06 55.8 06:52 1.7 9.2 0.00 0.0 8.8 09:58 NNE 14 67.3 85.6 13:15 59.9 06:47 1.7 3.9 1.05 0.1 21.0 17:33 NW 15 68.2 84.0 16:41 55.4 07:12 2.9 6.1 0.07 0.2 14.9 20:37 W 16 65.4 76.8 16:24 54.1 06:49 3.3 3.7 0.03 0.8 16.2 14:52 WNW 17 69.5 81.1 17:39 58.5 06:38 1.5 6.0 0.00 0.4 13.6 12:37 WNW 18 63.4 68.2 09:57 60.4 06:25 1.8 0.2 0.16 0.0 8.8 10:48 W 19 69.0 81.1 15:05 60.6 07:12 1.0 4.9 0.20 0.0 10.5 23:19 W 20 76.2 86.2 17:17 64.9 03:07 0.0 11.2 0.07 1.2 25.4 13:36 SW 21 73.0 79.7 14:23 66.2 16:33 0.0 8.0 0.34 0.4 38.5 15:04 W 22 61.9 66.7 00:00 54.7 22:44 3.3 0.1 0.01 0.2 22.3 11:30 NNW 23 57.9 67.1 17:48 48.6 06:46 7.4 0.3 0.00 1.2 23.6 14:53 N 24 63.0 74.7 18:09 50.4 05:59 5.2 3.2 0.00 0.7 18.0 11:28 NNE 25 70.5 82.2 16:07 62.6 04:14 0.3 5.8 0.27 0.1 23.6 17:15 SW 26 67.7 73.9 18:09 61.0 23:56 0.6 3.3 0.65 0.1 13.6 20:02 W 27 60.6 68.0 15:41 57.0 23:53 4.6 0.3 0.23 0.6 16.2 20:17 W 28 62.1 70.5 18:31 54.0 03:07 4.3 1.4 0.00 0.1 8.8 00:00 WNW 29 69.6 81.0 16:34 58.1 05:47 2.0 6.7 0.00 0.0 8.8 16:29 SW 30 77.7 86.0 14:49 66.7 06:29 0.0 12.7 0.00 0.1 13.6 14:21 SSW 31 76.1 87.3 17:56 63.5 08:17 4.6 15.6 0.00 0.0 26.1 14:47 WSW ---------------------------------------------------------------------------------- 66.3 88.5 11 43.5 8 105.9 146.7 3.78 0.5 38.5 21 NW Max >= 80.0 13 Max <= 32.0 0 Min <= 32.0 0 Min <= 0.0 0 Max Rain: 1.05 on day 14 Days of Rain: 16 (>= 0.01 in) 9 (>= 0.10 in) 1 (>= 1.00 in) Heat Base: 65.0 Cool Base: 65.0 Method: Integration