NOAA-Style Climate Reports
Select a Year or Month report
2024: Jan Feb Mar Apr May Jun Jul Aug Sep Oct Nov Dec
2023: Jan Feb Mar Apr May Jun Jul Aug Sep Oct Nov Dec
2022: Jan Feb Mar Apr May Jun Jul Aug Sep Oct Nov Dec
2021: Jan Feb Mar Apr May Jun Jul Aug Sep Oct Nov Dec
2020: Jan Feb Mar Apr May Jun Jul Aug Sep Oct Nov Dec
2019: Jan Feb Mar Apr May Jun Jul Aug Sep Oct Nov Dec
2018: Jan Feb Mar Apr May Jun Jul Aug Sep Oct Nov Dec
2017: Jan Feb Mar Apr May Jun Jul Aug Sep Oct Nov Dec
2016: Jan Feb Mar Apr May Jun Jul Aug Sep Oct Nov Dec
2015: Jan Feb Mar Apr May Jun Jul Aug Sep Oct Nov Dec
2014: Jan Feb Mar Apr May Jun Jul Aug Sep Oct Nov Dec
2013: Jan Feb Mar Apr May Jun Jul Aug Sep Oct Nov Dec
2024: Jan Feb Mar Apr May Jun Jul Aug Sep Oct Nov Dec
2023: Jan Feb Mar Apr May Jun Jul Aug Sep Oct Nov Dec
2022: Jan Feb Mar Apr May Jun Jul Aug Sep Oct Nov Dec
2021: Jan Feb Mar Apr May Jun Jul Aug Sep Oct Nov Dec
2020: Jan Feb Mar Apr May Jun Jul Aug Sep Oct Nov Dec
2019: Jan Feb Mar Apr May Jun Jul Aug Sep Oct Nov Dec
2018: Jan Feb Mar Apr May Jun Jul Aug Sep Oct Nov Dec
2017: Jan Feb Mar Apr May Jun Jul Aug Sep Oct Nov Dec
2016: Jan Feb Mar Apr May Jun Jul Aug Sep Oct Nov Dec
2015: Jan Feb Mar Apr May Jun Jul Aug Sep Oct Nov Dec
2014: Jan Feb Mar Apr May Jun Jul Aug Sep Oct Nov Dec
2013: Jan Feb Mar Apr May Jun Jul Aug Sep Oct Nov Dec
Report for 2022 February
Monthly Climatological Summary for Feb 2022 Name: GosportINWX City: Gosport State: IN Elevation: 751 ft Lat: N 39° 21' 03" Lon: W 086° 40' 01" Temperature (°F), Rain (in), Wind Speed (mph) Heat Cool Avg Mean Deg Deg Wind Dom Day Temp High Time Low Time Days Days Rain Speed High Time Dir ---------------------------------------------------------------------------------- 01 46.7 59.9 16:35 31.6 08:10 18.3 0.0 0.00 3.1 28.5 12:53 SSW 02 40.7 54.9 02:51 26.6 23:36 24.3 0.0 1.23 1.6 23.6 16:54 SW 03 22.6 27.7 01:57 19.0 18:24 42.4 0.0 0.00 0.0 0.0 00:00 N 04 19.6 25.0 14:18 14.4 09:54 45.4 0.0 0.00 0.0 0.0 00:00 N 05 15.8 26.2 14:16 4.5 08:23 49.2 0.0 0.00 0.0 0.0 00:00 N 06 24.3 39.9 14:30 10.0 07:51 40.6 0.0 0.14 0.5 21.0 14:11 W 07 24.0 30.4 02:42 14.5 23:43 40.3 0.0 0.00 2.2 16.2 13:28 NW 08 31.9 48.0 15:24 10.4 04:05 33.1 0.0 0.14 2.4 29.8 22:39 SW 09 42.0 47.8 14:35 37.6 08:14 21.1 0.0 0.00 5.5 26.7 14:52 W 10 33.5 37.9 00:28 28.6 21:34 30.9 0.0 0.00 3.5 22.3 10:38 WNW 11 40.7 47.3 12:50 31.6 00:25 24.3 0.0 0.09 4.7 28.5 13:05 W 12 25.1 35.4 00:00 19.2 23:43 39.9 0.0 0.00 4.9 26.7 00:27 NW 13 18.7 24.4 13:14 12.2 07:29 46.3 0.0 0.00 1.2 16.2 22:18 NNW 14 20.7 33.3 16:54 9.7 06:59 44.3 0.0 0.00 0.4 11.8 13:47 WNW 15 34.1 52.3 16:51 16.2 06:46 30.9 0.0 0.00 0.1 14.9 23:14 SSW 16 56.9 62.2 23:08 49.6 00:21 8.0 0.0 0.07 7.2 44.7 15:18 SW 17 44.9 63.3 01:48 25.5 23:59 20.1 0.0 1.49 3.6 37.2 01:26 NW 18 25.1 32.7 17:34 16.0 07:32 39.9 0.0 0.00 5.1 26.7 23:23 W 19 26.6 32.9 04:22 19.2 23:03 38.4 0.0 0.00 4.6 28.5 05:08 NW 20 40.0 57.4 16:34 19.4 00:00 24.9 0.0 0.00 3.3 31.1 12:29 WSW 21 53.9 64.4 15:41 38.1 06:02 11.1 0.0 0.00 2.1 31.1 21:34 SW 22 52.6 61.0 13:20 30.2 23:48 12.4 0.0 0.84 4.3 31.1 17:31 WNW 23 25.9 30.2 00:00 24.3 12:07 39.1 0.0 0.00 2.7 22.3 03:43 NNW 24 29.7 34.9 13:24 25.5 00:07 35.3 0.0 0.86 0.1 14.9 13:52 NE 25 28.2 32.4 00:00 24.4 23:48 36.8 0.0 0.00 0.0 0.0 00:00 N 26 28.0 37.9 17:35 21.7 08:16 37.0 0.0 0.00 0.1 8.8 14:50 N 27 33.3 48.2 15:08 21.4 07:13 31.7 0.0 0.00 2.0 23.6 15:45 WNW 28 39.4 53.4 15:07 24.3 07:46 25.6 0.0 0.00 1.2 19.3 13:09 W ---------------------------------------------------------------------------------- 33.0 64.4 21 4.5 5 891.6 0.0 4.86 2.4 44.7 16 W Max >= 80.0 0 Max <= 32.0 6 Min <= 32.0 25 Min <= 0.0 0 Max Rain: 1.49 on day 17 Days of Rain: 8 (>= 0.01 in) 6 (>= 0.10 in) 2 (>= 1.00 in) Heat Base: 65.0 Cool Base: 65.0 Method: Integration