NOAA-Style Climate Reports
Select a Year or Month report
2024: Jan Feb Mar Apr May Jun Jul Aug Sep Oct Nov Dec
2023: Jan Feb Mar Apr May Jun Jul Aug Sep Oct Nov Dec
2022: Jan Feb Mar Apr May Jun Jul Aug Sep Oct Nov Dec
2021: Jan Feb Mar Apr May Jun Jul Aug Sep Oct Nov Dec
2020: Jan Feb Mar Apr May Jun Jul Aug Sep Oct Nov Dec
2019: Jan Feb Mar Apr May Jun Jul Aug Sep Oct Nov Dec
2018: Jan Feb Mar Apr May Jun Jul Aug Sep Oct Nov Dec
2017: Jan Feb Mar Apr May Jun Jul Aug Sep Oct Nov Dec
2016: Jan Feb Mar Apr May Jun Jul Aug Sep Oct Nov Dec
2015: Jan Feb Mar Apr May Jun Jul Aug Sep Oct Nov Dec
2014: Jan Feb Mar Apr May Jun Jul Aug Sep Oct Nov Dec
2013: Jan Feb Mar Apr May Jun Jul Aug Sep Oct Nov Dec
2024: Jan Feb Mar Apr May Jun Jul Aug Sep Oct Nov Dec
2023: Jan Feb Mar Apr May Jun Jul Aug Sep Oct Nov Dec
2022: Jan Feb Mar Apr May Jun Jul Aug Sep Oct Nov Dec
2021: Jan Feb Mar Apr May Jun Jul Aug Sep Oct Nov Dec
2020: Jan Feb Mar Apr May Jun Jul Aug Sep Oct Nov Dec
2019: Jan Feb Mar Apr May Jun Jul Aug Sep Oct Nov Dec
2018: Jan Feb Mar Apr May Jun Jul Aug Sep Oct Nov Dec
2017: Jan Feb Mar Apr May Jun Jul Aug Sep Oct Nov Dec
2016: Jan Feb Mar Apr May Jun Jul Aug Sep Oct Nov Dec
2015: Jan Feb Mar Apr May Jun Jul Aug Sep Oct Nov Dec
2014: Jan Feb Mar Apr May Jun Jul Aug Sep Oct Nov Dec
2013: Jan Feb Mar Apr May Jun Jul Aug Sep Oct Nov Dec
Report for 2021 December
Monthly Climatological Summary for Dec 2021 Name: GosportINWX City: Gosport State: IN Elevation: 751 ft Lat: N 39° 21' 03" Lon: W 086° 40' 01" Temperature (°F), Rain (in), Wind Speed (mph) Heat Cool Avg Mean Deg Deg Wind Dom Day Temp High Time Low Time Days Days Rain Speed High Time Dir ---------------------------------------------------------------------------------- 01 42.5 52.0 22:17 33.8 00:31 22.5 0.0 0.23 1.3 21.0 12:14 W 02 51.6 60.6 13:33 41.7 23:46 13.4 0.0 0.01 4.5 23.6 14:07 W 03 46.1 62.4 14:00 33.6 07:07 18.9 0.0 0.00 0.7 13.6 10:41 SE 04 41.2 52.0 13:12 33.6 08:16 23.8 0.0 0.00 1.9 22.3 13:19 NE 05 45.4 63.1 23:56 29.8 04:10 19.6 0.0 0.14 3.2 34.2 19:21 SSW 06 38.7 63.3 00:23 25.2 23:42 26.3 0.0 0.26 7.7 32.8 06:53 NW 07 23.9 27.3 16:25 19.6 07:41 41.1 0.0 0.00 1.2 11.8 06:04 NNW 08 30.2 40.5 13:58 23.9 05:07 34.8 0.0 0.00 2.4 23.6 12:01 W 09 41.6 55.6 13:37 24.3 00:38 23.4 0.0 0.00 3.4 34.2 10:23 SW 10 55.0 65.7 23:59 47.1 00:42 10.0 0.0 0.30 1.9 32.8 23:58 S 11 40.9 66.9 01:14 33.4 23:49 17.7 0.1 0.09 9.8 49.0 10:59 WNW 12 38.4 48.6 14:14 29.7 06:55 25.9 0.0 0.00 4.0 28.5 14:02 WSW 13 41.0 53.6 15:22 32.2 03:43 24.0 0.0 0.00 1.8 21.0 12:00 WSW 14 45.1 57.6 15:49 29.7 04:47 19.9 0.0 0.00 1.6 18.0 10:53 S 15 59.4 64.0 16:01 50.9 05:42 5.5 0.0 0.00 5.2 37.2 22:45 SSW 16 52.3 62.2 09:11 33.4 23:54 12.7 0.0 0.09 7.0 41.6 01:38 WSW 17 33.7 38.8 23:24 27.5 07:55 31.3 0.0 0.47 0.7 11.8 12:50 ENE 18 40.6 52.2 07:45 33.4 23:52 24.3 0.0 0.78 2.8 21.0 16:51 NW 19 32.6 35.8 14:25 29.1 03:14 22.3 0.0 0.00 0.8 14.9 14:54 NNE 20 30.6 43.0 14:25 21.9 08:25 33.2 0.0 0.00 0.2 11.8 13:55 WSW 21 34.3 46.2 14:15 22.6 08:14 30.7 0.0 0.00 2.9 25.4 16:16 W 22 29.6 35.6 00:00 24.6 22:36 35.4 0.0 0.00 3.5 19.3 01:51 NW 23 26.6 34.7 09:39 23.0 03:24 15.6 0.0 0.00 1.7 13.6 07:31 SW 24 56.0 63.1 23:51 50.7 07:54 8.8 0.0 0.00 6.2 35.9 20:54 SW 25 61.9 66.7 13:39 56.8 15:33 2.0 0.0 0.20 6.5 34.2 01:54 W 26 46.7 54.7 13:30 40.1 08:26 16.3 0.0 0.00 1.7 14.9 12:32 E 27 49.1 49.1 00:00 49.1 00:00 0.0 0.0 0.00 6.0 4.4 00:00 W 28 42.3 47.3 20:33 38.8 12:26 22.3 0.0 1.11 1.3 14.9 23:11 E 29 43.4 46.2 13:41 41.9 22:03 21.6 0.0 0.03 0.9 14.9 00:23 NNE 30 43.8 49.1 15:07 39.2 23:35 21.2 0.0 0.00 1.0 11.8 11:28 WSW 31 48.3 59.5 15:46 40.8 00:00 11.2 0.0 0.00 1.0 16.2 12:11 S ---------------------------------------------------------------------------------- 42.3 66.9 11 19.6 7 635.7 0.1 3.71 3.0 49.0 11 WSW Max >= 80.0 0 Max <= 32.0 1 Min <= 32.0 13 Min <= 0.0 0 Max Rain: 1.11 on day 28 Days of Rain: 12 (>= 0.01 in) 8 (>= 0.10 in) 1 (>= 1.00 in) Heat Base: 65.0 Cool Base: 65.0 Method: Integration