NOAA-Style Climate Reports
Select a Year or Month report
2024: Jan Feb Mar Apr May Jun Jul Aug Sep Oct Nov Dec
2023: Jan Feb Mar Apr May Jun Jul Aug Sep Oct Nov Dec
2022: Jan Feb Mar Apr May Jun Jul Aug Sep Oct Nov Dec
2021: Jan Feb Mar Apr May Jun Jul Aug Sep Oct Nov Dec
2020: Jan Feb Mar Apr May Jun Jul Aug Sep Oct Nov Dec
2019: Jan Feb Mar Apr May Jun Jul Aug Sep Oct Nov Dec
2018: Jan Feb Mar Apr May Jun Jul Aug Sep Oct Nov Dec
2017: Jan Feb Mar Apr May Jun Jul Aug Sep Oct Nov Dec
2016: Jan Feb Mar Apr May Jun Jul Aug Sep Oct Nov Dec
2015: Jan Feb Mar Apr May Jun Jul Aug Sep Oct Nov Dec
2014: Jan Feb Mar Apr May Jun Jul Aug Sep Oct Nov Dec
2013: Jan Feb Mar Apr May Jun Jul Aug Sep Oct Nov Dec
2024: Jan Feb Mar Apr May Jun Jul Aug Sep Oct Nov Dec
2023: Jan Feb Mar Apr May Jun Jul Aug Sep Oct Nov Dec
2022: Jan Feb Mar Apr May Jun Jul Aug Sep Oct Nov Dec
2021: Jan Feb Mar Apr May Jun Jul Aug Sep Oct Nov Dec
2020: Jan Feb Mar Apr May Jun Jul Aug Sep Oct Nov Dec
2019: Jan Feb Mar Apr May Jun Jul Aug Sep Oct Nov Dec
2018: Jan Feb Mar Apr May Jun Jul Aug Sep Oct Nov Dec
2017: Jan Feb Mar Apr May Jun Jul Aug Sep Oct Nov Dec
2016: Jan Feb Mar Apr May Jun Jul Aug Sep Oct Nov Dec
2015: Jan Feb Mar Apr May Jun Jul Aug Sep Oct Nov Dec
2014: Jan Feb Mar Apr May Jun Jul Aug Sep Oct Nov Dec
2013: Jan Feb Mar Apr May Jun Jul Aug Sep Oct Nov Dec
Report for 2021 November
Monthly Climatological Summary for Nov 2021 Name: GosportINWX City: Gosport State: IN Elevation: 751 ft Lat: N 39° 21' 03" Lon: W 086° 40' 01" Temperature (°F), Rain (in), Wind Speed (mph) Heat Cool Avg Mean Deg Deg Wind Dom Day Temp High Time Low Time Days Days Rain Speed High Time Dir ---------------------------------------------------------------------------------- 01 42.6 50.9 13:46 35.4 08:13 22.4 0.0 0.00 0.6 11.8 14:50 NW 02 39.8 48.2 14:46 32.4 23:43 25.2 0.0 0.00 0.9 18.0 13:39 NNE 03 36.3 48.7 14:21 27.3 08:20 28.7 0.0 0.00 0.5 14.9 15:06 E 04 37.1 51.1 14:59 27.1 08:30 27.9 0.0 0.00 0.7 19.3 15:27 ENE 05 37.6 52.3 14:45 26.8 08:07 27.3 0.0 0.00 0.8 14.9 12:34 E 06 40.3 58.8 16:31 26.6 08:12 24.7 0.0 0.00 0.5 11.8 15:32 NNW 07 45.6 64.0 15:10 30.7 07:07 20.2 0.0 0.00 0.6 10.5 12:01 SW 08 54.2 69.8 14:14 40.3 06:58 11.4 0.6 0.00 1.6 19.3 13:17 SW 09 54.7 63.0 14:19 46.9 00:00 10.3 0.0 0.00 1.3 16.2 14:24 SW 10 52.9 67.1 15:50 40.3 07:44 12.3 0.2 0.00 0.7 19.3 13:16 SSE 11 52.1 58.8 09:42 44.2 21:56 13.0 0.0 0.23 3.0 23.6 10:37 WSW 12 43.5 52.0 13:26 36.0 23:56 21.5 0.0 0.01 5.4 32.8 11:56 W 13 35.8 37.0 14:57 34.2 05:26 28.7 0.0 0.00 3.2 18.0 13:45 WNW 14 35.5 40.5 12:44 33.1 03:09 29.5 0.0 0.10 5.3 31.1 12:50 WNW 15 34.5 40.6 15:41 4.5 09:38 30.5 0.0 0.00 6.4 9.0 09:38 N 16 45.5 59.9 15:30 30.7 04:37 19.5 0.0 0.01 1.3 18.0 14:06 SE 17 60.2 64.6 19:13 43.9 23:52 4.8 0.0 0.21 5.2 26.7 01:47 WSW 18 40.1 45.0 13:49 29.8 23:59 24.9 0.0 0.07 5.2 16.0 14:36 WNW 19 32.0 42.3 13:46 19.0 07:17 33.0 0.0 0.00 1.1 9.0 07:17 ESE 20 39.8 52.3 15:51 29.3 03:53 25.2 0.0 0.00 1.6 21.0 16:01 SW 21 44.4 48.0 16:01 37.6 23:59 20.6 0.0 0.30 1.6 16.2 22:53 W 22 31.8 39.2 14:04 24.8 23:19 33.2 0.0 0.00 2.0 16.2 14:35 NW 23 31.8 44.2 15:53 21.0 07:09 33.2 0.0 0.00 1.0 14.9 15:44 SSW 24 46.9 57.7 14:03 32.7 03:20 18.1 0.0 0.07 4.4 28.5 14:09 SW 25 43.7 54.7 00:00 30.0 23:51 21.3 0.0 0.17 5.9 23.6 01:37 WNW 26 27.7 32.9 14:14 21.2 08:05 37.3 0.0 0.00 2.3 19.3 00:50 NW 27 39.5 48.6 15:55 29.3 00:00 25.6 0.0 0.00 1.9 16.2 04:26 WSW 28 35.8 45.0 13:14 28.4 22:30 28.1 0.0 0.00 3.5 28.5 15:17 NW 29 35.0 44.8 15:26 22.5 06:56 29.8 0.0 0.00 2.7 22.3 20:17 SW 30 42.8 54.1 13:24 34.2 23:20 22.2 0.0 0.00 3.0 25.4 00:34 W ---------------------------------------------------------------------------------- 41.3 69.8 8 4.5 15 710.4 0.8 1.17 2.3 199.7 18 W Max >= 80.0 0 Max <= 32.0 0 Min <= 32.0 17 Min <= 0.0 0 Max Rain: 0.30 on day 21 Days of Rain: 9 (>= 0.01 in) 5 (>= 0.10 in) 0 (>= 1.00 in) Heat Base: 65.0 Cool Base: 65.0 Method: Integration