NOAA-Style Climate Reports
Select a Year or Month report
2024: Jan Feb Mar Apr May Jun Jul Aug Sep Oct Nov Dec
2023: Jan Feb Mar Apr May Jun Jul Aug Sep Oct Nov Dec
2022: Jan Feb Mar Apr May Jun Jul Aug Sep Oct Nov Dec
2021: Jan Feb Mar Apr May Jun Jul Aug Sep Oct Nov Dec
2020: Jan Feb Mar Apr May Jun Jul Aug Sep Oct Nov Dec
2019: Jan Feb Mar Apr May Jun Jul Aug Sep Oct Nov Dec
2018: Jan Feb Mar Apr May Jun Jul Aug Sep Oct Nov Dec
2017: Jan Feb Mar Apr May Jun Jul Aug Sep Oct Nov Dec
2016: Jan Feb Mar Apr May Jun Jul Aug Sep Oct Nov Dec
2015: Jan Feb Mar Apr May Jun Jul Aug Sep Oct Nov Dec
2014: Jan Feb Mar Apr May Jun Jul Aug Sep Oct Nov Dec
2013: Jan Feb Mar Apr May Jun Jul Aug Sep Oct Nov Dec
2024: Jan Feb Mar Apr May Jun Jul Aug Sep Oct Nov Dec
2023: Jan Feb Mar Apr May Jun Jul Aug Sep Oct Nov Dec
2022: Jan Feb Mar Apr May Jun Jul Aug Sep Oct Nov Dec
2021: Jan Feb Mar Apr May Jun Jul Aug Sep Oct Nov Dec
2020: Jan Feb Mar Apr May Jun Jul Aug Sep Oct Nov Dec
2019: Jan Feb Mar Apr May Jun Jul Aug Sep Oct Nov Dec
2018: Jan Feb Mar Apr May Jun Jul Aug Sep Oct Nov Dec
2017: Jan Feb Mar Apr May Jun Jul Aug Sep Oct Nov Dec
2016: Jan Feb Mar Apr May Jun Jul Aug Sep Oct Nov Dec
2015: Jan Feb Mar Apr May Jun Jul Aug Sep Oct Nov Dec
2014: Jan Feb Mar Apr May Jun Jul Aug Sep Oct Nov Dec
2013: Jan Feb Mar Apr May Jun Jul Aug Sep Oct Nov Dec
Report for 2021 September
Monthly Climatological Summary for Sep 2021 Name: GosportINWX City: Gosport State: IN Elevation: 751 ft Lat: N 39° 21' 03" Lon: W 086° 40' 01" Temperature (°F), Rain (in), Wind Speed (mph) Heat Cool Avg Mean Deg Deg Wind Dom Day Temp High Time Low Time Days Days Rain Speed High Time Dir ---------------------------------------------------------------------------------- 01 71.8 80.0 16:31 62.2 23:54 0.1 6.9 0.00 2.0 26.7 14:32 NE 02 65.8 78.5 16:44 57.1 06:44 2.3 2.9 0.00 1.3 14.9 12:10 ENE 03 67.5 77.5 14:22 57.3 07:43 1.8 4.3 0.00 0.5 10.5 11:24 ESE 04 69.1 72.4 11:13 65.8 07:08 0.0 4.1 0.69 0.3 8.8 17:23 SW 05 71.8 80.0 16:07 62.9 23:56 0.1 6.8 0.03 1.0 18.0 14:07 NE 06 71.3 84.7 16:24 58.7 05:38 1.4 7.6 0.00 0.7 10.5 13:37 WNW 07 68.1 72.4 09:56 66.1 06:38 0.0 1.3 0.00 0.4 8.8 09:55 W 08 71.6 80.7 16:20 63.4 22:36 0.1 6.6 0.09 0.2 8.8 00:50 N 09 66.4 78.0 15:33 55.7 07:40 2.5 3.9 0.00 0.6 16.2 10:41 NNE 10 65.9 79.1 16:06 54.4 07:31 3.3 4.2 0.00 0.2 8.8 17:15 WNW 11 73.1 83.6 16:03 62.9 02:49 0.3 8.5 0.00 1.8 19.3 14:37 SW 12 77.1 86.8 16:02 69.5 07:15 0.0 12.1 0.00 2.9 18.0 14:26 SW 13 76.0 87.4 16:08 67.2 05:59 0.0 11.0 0.00 1.1 13.6 15:26 SW 14 77.7 87.9 16:37 70.8 04:51 0.0 12.7 0.04 1.7 18.0 14:59 SW 15 70.8 76.2 17:21 62.2 23:51 0.2 6.0 0.00 1.1 10.5 12:21 NNE 16 67.5 80.7 16:51 56.2 07:21 2.6 5.0 0.00 0.3 8.8 12:51 NE 17 73.8 85.4 16:07 63.2 07:15 0.2 8.9 0.00 0.4 11.8 13:36 NE 18 75.7 87.9 15:46 65.9 07:47 0.0 10.7 0.00 0.5 11.8 14:27 NE 19 74.3 86.1 15:13 65.6 07:33 0.0 9.3 0.00 0.5 16.2 14:29 NE 20 73.7 80.3 17:11 70.1 04:46 0.0 8.7 0.74 0.9 14.9 18:06 SSE 21 71.0 78.4 15:55 62.3 23:48 0.2 6.2 0.03 1.1 25.4 23:30 ENE 22 59.0 62.5 00:31 55.0 12:30 3.4 0.0 0.99 2.5 28.5 09:35 N 23 56.7 68.8 17:40 48.5 07:59 8.6 0.5 0.47 2.3 16.2 16:35 WNW 24 59.6 74.9 16:41 48.5 07:46 5.6 1.7 0.00 1.0 18.0 15:29 SW 25 74.6 74.6 00:00 74.6 00:00 0.0 0.0 0.00 1.1 7.4 00:00 WNW 26 62.7 77.1 16:51 50.1 06:21 5.2 3.0 0.00 0.8 11.8 22:36 WSW 27 73.1 86.3 16:12 60.5 02:07 0.5 8.6 0.00 2.5 18.0 09:34 WSW 28 72.8 83.9 16:54 64.9 08:13 0.0 7.8 0.00 1.1 14.9 00:49 SSW 29 70.8 84.3 15:30 60.5 07:33 0.9 6.7 0.00 0.5 11.8 10:17 E 30 70.8 82.7 16:29 62.5 07:54 0.3 6.1 0.00 0.4 11.8 10:54 E ---------------------------------------------------------------------------------- 70.0 87.9 14 48.5 23 39.6 182.1 3.08 1.1 28.5 22 WNW Max >= 80.0 17 Max <= 32.0 0 Min <= 32.0 0 Min <= 0.0 0 Max Rain: 0.99 on day 22 Days of Rain: 8 (>= 0.01 in) 4 (>= 0.10 in) 0 (>= 1.00 in) Heat Base: 65.0 Cool Base: 65.0 Method: Integration