NOAA-Style Climate Reports
Select a Year or Month report
2024: Jan Feb Mar Apr May Jun Jul Aug Sep Oct Nov Dec
2023: Jan Feb Mar Apr May Jun Jul Aug Sep Oct Nov Dec
2022: Jan Feb Mar Apr May Jun Jul Aug Sep Oct Nov Dec
2021: Jan Feb Mar Apr May Jun Jul Aug Sep Oct Nov Dec
2020: Jan Feb Mar Apr May Jun Jul Aug Sep Oct Nov Dec
2019: Jan Feb Mar Apr May Jun Jul Aug Sep Oct Nov Dec
2018: Jan Feb Mar Apr May Jun Jul Aug Sep Oct Nov Dec
2017: Jan Feb Mar Apr May Jun Jul Aug Sep Oct Nov Dec
2016: Jan Feb Mar Apr May Jun Jul Aug Sep Oct Nov Dec
2015: Jan Feb Mar Apr May Jun Jul Aug Sep Oct Nov Dec
2014: Jan Feb Mar Apr May Jun Jul Aug Sep Oct Nov Dec
2013: Jan Feb Mar Apr May Jun Jul Aug Sep Oct Nov Dec
2024: Jan Feb Mar Apr May Jun Jul Aug Sep Oct Nov Dec
2023: Jan Feb Mar Apr May Jun Jul Aug Sep Oct Nov Dec
2022: Jan Feb Mar Apr May Jun Jul Aug Sep Oct Nov Dec
2021: Jan Feb Mar Apr May Jun Jul Aug Sep Oct Nov Dec
2020: Jan Feb Mar Apr May Jun Jul Aug Sep Oct Nov Dec
2019: Jan Feb Mar Apr May Jun Jul Aug Sep Oct Nov Dec
2018: Jan Feb Mar Apr May Jun Jul Aug Sep Oct Nov Dec
2017: Jan Feb Mar Apr May Jun Jul Aug Sep Oct Nov Dec
2016: Jan Feb Mar Apr May Jun Jul Aug Sep Oct Nov Dec
2015: Jan Feb Mar Apr May Jun Jul Aug Sep Oct Nov Dec
2014: Jan Feb Mar Apr May Jun Jul Aug Sep Oct Nov Dec
2013: Jan Feb Mar Apr May Jun Jul Aug Sep Oct Nov Dec
Report for 2021 August
Monthly Climatological Summary for Aug 2021 Name: GosportINWX City: Gosport State: IN Elevation: 751 ft Lat: N 39° 21' 03" Lon: W 086° 40' 01" Temperature (°F), Rain (in), Wind Speed (mph) Heat Cool Avg Mean Deg Deg Wind Dom Day Temp High Time Low Time Days Days Rain Speed High Time Dir ---------------------------------------------------------------------------------- 01 67.4 79.5 17:15 58.6 06:44 2.0 4.4 0.00 1.0 21.0 17:16 WNW 02 65.9 76.8 16:02 54.7 06:56 3.2 4.1 0.03 1.0 13.6 11:23 N 03 67.2 78.8 14:17 57.0 07:18 2.4 4.6 0.00 0.8 10.0 14:52 NNE 04 68.2 80.4 14:14 56.3 07:00 2.4 5.6 0.00 7.1 16.2 14:48 ESE 05 70.0 82.6 14:13 59.4 06:38 1.7 6.7 0.00 0.3 10.5 11:35 N 06 71.6 82.0 14:42 60.1 06:51 0.9 7.5 0.00 0.5 10.5 12:24 SW 07 76.1 86.3 16:54 68.0 07:32 0.0 11.1 0.00 0.6 10.5 13:22 SW 08 78.2 86.8 15:57 69.5 06:14 0.0 13.2 0.00 0.7 13.6 14:54 SSW 09 75.7 82.7 17:50 69.9 11:36 0.0 10.7 0.41 0.8 13.6 17:11 S 10 82.4 89.9 16:49 76.9 00:09 0.0 17.5 0.01 1.8 14.9 22:03 WSW 11 82.7 89.2 16:21 76.0 00:51 0.0 18.0 0.00 1.0 8.8 16:51 WSW 12 81.1 91.0 16:21 72.2 19:50 0.0 15.9 0.24 1.5 32.8 18:13 WSW 13 76.6 85.0 16:49 70.4 06:14 0.0 11.6 0.00 0.4 8.8 23:21 WNW 14 74.8 81.2 13:27 67.6 23:58 0.0 9.8 0.00 1.6 18.0 12:29 N 15 69.7 76.2 18:11 64.0 03:43 0.1 4.8 0.00 1.1 14.9 14:23 N 16 73.9 81.4 17:57 65.9 07:33 0.0 8.9 0.00 0.9 14.9 11:41 NNE 17 75.6 83.8 14:35 69.0 04:53 0.0 10.6 0.03 0.7 14.9 14:31 NE 18 77.3 85.7 16:08 69.5 07:03 0.0 12.3 0.00 0.3 8.8 13:47 S 19 77.8 87.0 15:42 72.8 02:07 0.0 12.8 0.00 0.3 11.8 13:43 ENE 20 77.9 88.1 16:47 68.3 07:26 0.0 12.9 0.00 0.6 13.6 14:43 E 21 77.4 88.4 15:46 66.7 07:16 0.0 12.4 0.00 0.5 13.6 12:31 S 22 79.2 89.9 17:23 70.1 06:53 0.0 14.2 0.00 0.5 10.5 11:01 NE 23 79.6 91.0 16:20 70.4 07:51 0.0 14.6 0.00 0.5 7.4 11:26 NNE 24 81.0 92.4 16:32 71.2 07:07 0.0 16.0 0.00 0.7 10.5 12:17 WSW 25 75.8 87.0 11:27 71.3 14:30 0.0 10.8 1.33 0.5 16.2 12:39 N 26 79.4 90.2 16:18 71.5 01:47 0.0 14.4 0.00 0.5 11.8 02:47 NE 27 78.7 93.0 16:19 70.4 06:51 0.0 13.6 0.00 0.4 8.8 10:16 SSE 28 80.1 90.8 16:51 72.2 03:27 0.0 15.1 0.00 0.5 8.8 11:22 SW 29 80.8 90.2 16:34 73.1 06:43 0.0 15.8 0.00 0.9 16.2 15:08 SW 30 74.0 80.9 15:39 68.8 23:03 0.0 9.0 0.75 0.5 22.3 16:42 SW 31 72.6 83.2 14:26 66.8 07:16 0.0 7.6 0.07 0.7 23.6 15:54 NE ---------------------------------------------------------------------------------- 75.8 132.0 27 54.7 2 12.7 346.5 2.87 0.9 192.2 3 E Max >= 80.0 27 Max <= 32.0 0 Min <= 32.0 0 Min <= 0.0 0 Max Rain: 1.33 on day 25 Days of Rain: 8 (>= 0.01 in) 4 (>= 0.10 in) 1 (>= 1.00 in) Heat Base: 65.0 Cool Base: 65.0 Method: Integration