NOAA-Style Climate Reports
Select a Year or Month report
2024: Jan Feb Mar Apr May Jun Jul Aug Sep Oct Nov Dec
2023: Jan Feb Mar Apr May Jun Jul Aug Sep Oct Nov Dec
2022: Jan Feb Mar Apr May Jun Jul Aug Sep Oct Nov Dec
2021: Jan Feb Mar Apr May Jun Jul Aug Sep Oct Nov Dec
2020: Jan Feb Mar Apr May Jun Jul Aug Sep Oct Nov Dec
2019: Jan Feb Mar Apr May Jun Jul Aug Sep Oct Nov Dec
2018: Jan Feb Mar Apr May Jun Jul Aug Sep Oct Nov Dec
2017: Jan Feb Mar Apr May Jun Jul Aug Sep Oct Nov Dec
2016: Jan Feb Mar Apr May Jun Jul Aug Sep Oct Nov Dec
2015: Jan Feb Mar Apr May Jun Jul Aug Sep Oct Nov Dec
2014: Jan Feb Mar Apr May Jun Jul Aug Sep Oct Nov Dec
2013: Jan Feb Mar Apr May Jun Jul Aug Sep Oct Nov Dec
2024: Jan Feb Mar Apr May Jun Jul Aug Sep Oct Nov Dec
2023: Jan Feb Mar Apr May Jun Jul Aug Sep Oct Nov Dec
2022: Jan Feb Mar Apr May Jun Jul Aug Sep Oct Nov Dec
2021: Jan Feb Mar Apr May Jun Jul Aug Sep Oct Nov Dec
2020: Jan Feb Mar Apr May Jun Jul Aug Sep Oct Nov Dec
2019: Jan Feb Mar Apr May Jun Jul Aug Sep Oct Nov Dec
2018: Jan Feb Mar Apr May Jun Jul Aug Sep Oct Nov Dec
2017: Jan Feb Mar Apr May Jun Jul Aug Sep Oct Nov Dec
2016: Jan Feb Mar Apr May Jun Jul Aug Sep Oct Nov Dec
2015: Jan Feb Mar Apr May Jun Jul Aug Sep Oct Nov Dec
2014: Jan Feb Mar Apr May Jun Jul Aug Sep Oct Nov Dec
2013: Jan Feb Mar Apr May Jun Jul Aug Sep Oct Nov Dec
Report for 2021 July
Monthly Climatological Summary for Jul 2021 Name: GosportINWX City: Gosport State: IN Elevation: 751 ft Lat: N 39° 21' 03" Lon: W 086° 40' 01" Temperature (°F), Rain (in), Wind Speed (mph) Heat Cool Avg Mean Deg Deg Wind Dom Day Temp High Time Low Time Days Days Rain Speed High Time Dir ---------------------------------------------------------------------------------- 01 74.0 82.0 17:35 66.9 23:57 0.0 9.0 0.09 1.4 21.0 20:58 NNE 02 66.5 77.2 13:33 55.2 06:33 2.4 3.9 0.00 2.0 19.3 10:20 N 03 67.2 77.2 14:25 55.2 06:11 2.8 5.0 0.00 0.6 11.8 13:26 NE 04 75.1 84.7 14:04 65.3 06:21 0.0 10.1 0.00 1.1 10.5 13:15 NE 05 77.0 85.8 16:17 67.1 06:49 0.0 12.0 0.00 0.5 8.8 14:34 NE 06 78.2 87.3 14:17 68.9 06:55 0.0 13.2 0.00 0.3 8.8 12:04 S 07 77.6 86.2 15:50 70.2 06:50 0.0 12.6 0.24 0.7 19.3 03:59 SW 08 74.8 80.8 13:49 70.0 23:56 0.0 9.6 0.13 0.5 14.9 20:22 W 09 68.4 73.4 13:14 60.6 06:50 0.5 3.9 0.00 0.7 21.0 10:27 N 10 69.7 78.4 15:20 64.8 01:19 0.0 4.7 0.18 0.3 13.6 22:16 NNW 11 71.7 76.3 18:46 68.9 05:37 0.0 6.7 0.03 0.1 7.4 15:30 NNE 12 75.1 81.9 12:49 69.3 03:46 0.0 10.1 0.07 0.5 10.5 12:13 NW 13 74.4 79.5 14:33 70.7 04:45 0.0 9.5 0.06 1.4 13.6 14:37 W 14 75.0 82.9 16:20 67.3 05:20 0.0 10.3 0.00 0.6 7.4 14:50 WSW 15 76.6 86.4 16:17 71.6 05:20 0.0 11.5 0.07 2.9 19.3 17:35 WSW 16 72.0 80.4 16:20 69.1 05:20 0.0 7.0 2.04 0.3 7.4 16:20 N 17 71.9 78.3 16:50 67.5 23:53 0.0 6.8 0.01 0.0 6.1 09:20 N 18 73.1 82.2 14:14 63.3 07:04 0.1 8.2 0.00 0.8 18.0 13:57 NNE 19 73.0 82.6 14:28 63.3 06:51 0.1 8.1 0.00 1.1 14.9 14:39 NE 20 73.4 83.1 14:08 63.3 06:07 0.2 8.6 0.00 0.7 14.9 11:48 ENE 21 73.7 82.2 15:49 65.5 06:35 0.0 8.7 0.00 0.9 18.0 15:41 NNE 22 74.5 81.9 14:28 68.0 06:57 0.0 9.5 0.00 0.2 10.5 13:07 E 23 75.5 84.6 16:19 65.8 06:54 0.0 10.5 0.00 0.2 10.5 14:00 NNE 24 77.6 86.2 16:45 69.1 05:16 0.0 12.7 0.00 0.9 14.9 15:45 W 25 77.5 85.1 18:10 70.2 06:44 0.0 12.5 0.03 0.4 11.8 01:59 WNW 26 78.2 88.5 14:08 69.8 07:16 0.0 13.2 0.00 0.6 11.8 11:15 NE 27 75.9 87.3 13:12 64.4 06:48 0.0 10.9 0.00 0.2 8.8 11:38 E 28 77.7 88.2 16:52 67.5 06:18 0.0 12.6 0.00 0.3 7.4 09:04 NNW 29 79.3 89.2 16:42 73.4 05:08 0.0 14.3 0.77 1.7 21.0 23:28 W 30 73.0 80.4 14:20 65.3 23:16 0.0 8.0 0.00 1.5 19.3 13:19 N 31 63.9 68.2 10:35 60.3 23:59 1.5 0.4 0.10 0.2 10.5 15:04 N ---------------------------------------------------------------------------------- 73.9 89.2 29 55.2 2 7.6 284.1 3.82 0.7 21.0 1 NNW Max >= 80.0 23 Max <= 32.0 0 Min <= 32.0 0 Min <= 0.0 0 Max Rain: 2.04 on day 16 Days of Rain: 13 (>= 0.01 in) 6 (>= 0.10 in) 1 (>= 1.00 in) Heat Base: 65.0 Cool Base: 65.0 Method: Integration