NOAA-Style Climate Reports
Select a Year or Month report
2024: Jan Feb Mar Apr May Jun Jul Aug Sep Oct Nov Dec
2023: Jan Feb Mar Apr May Jun Jul Aug Sep Oct Nov Dec
2022: Jan Feb Mar Apr May Jun Jul Aug Sep Oct Nov Dec
2021: Jan Feb Mar Apr May Jun Jul Aug Sep Oct Nov Dec
2020: Jan Feb Mar Apr May Jun Jul Aug Sep Oct Nov Dec
2019: Jan Feb Mar Apr May Jun Jul Aug Sep Oct Nov Dec
2018: Jan Feb Mar Apr May Jun Jul Aug Sep Oct Nov Dec
2017: Jan Feb Mar Apr May Jun Jul Aug Sep Oct Nov Dec
2016: Jan Feb Mar Apr May Jun Jul Aug Sep Oct Nov Dec
2015: Jan Feb Mar Apr May Jun Jul Aug Sep Oct Nov Dec
2014: Jan Feb Mar Apr May Jun Jul Aug Sep Oct Nov Dec
2013: Jan Feb Mar Apr May Jun Jul Aug Sep Oct Nov Dec
2024: Jan Feb Mar Apr May Jun Jul Aug Sep Oct Nov Dec
2023: Jan Feb Mar Apr May Jun Jul Aug Sep Oct Nov Dec
2022: Jan Feb Mar Apr May Jun Jul Aug Sep Oct Nov Dec
2021: Jan Feb Mar Apr May Jun Jul Aug Sep Oct Nov Dec
2020: Jan Feb Mar Apr May Jun Jul Aug Sep Oct Nov Dec
2019: Jan Feb Mar Apr May Jun Jul Aug Sep Oct Nov Dec
2018: Jan Feb Mar Apr May Jun Jul Aug Sep Oct Nov Dec
2017: Jan Feb Mar Apr May Jun Jul Aug Sep Oct Nov Dec
2016: Jan Feb Mar Apr May Jun Jul Aug Sep Oct Nov Dec
2015: Jan Feb Mar Apr May Jun Jul Aug Sep Oct Nov Dec
2014: Jan Feb Mar Apr May Jun Jul Aug Sep Oct Nov Dec
2013: Jan Feb Mar Apr May Jun Jul Aug Sep Oct Nov Dec
Report for 2021 June
Monthly Climatological Summary for Jun 2021 Name: GosportINWX City: Gosport State: IN Elevation: 751 ft Lat: N 39° 21' 03" Lon: W 086° 40' 01" Temperature (°F), Rain (in), Wind Speed (mph) Heat Cool Avg Mean Deg Deg Wind Dom Day Temp High Time Low Time Days Days Rain Speed High Time Dir ---------------------------------------------------------------------------------- 01 63.8 74.1 15:38 55.4 06:14 3.5 2.3 0.00 0.2 13.6 13:43 NE 02 63.7 70.2 17:50 59.9 05:51 2.2 0.9 1.20 0.1 7.4 11:39 NNW 03 67.2 72.5 18:43 64.8 06:42 0.0 2.2 0.30 0.2 10.5 10:43 NE 04 72.4 83.1 13:00 62.1 06:36 0.5 7.9 0.00 1.1 10.5 13:29 WSW 05 70.8 82.8 16:51 59.2 06:41 0.9 5.0 0.00 1.2 11.8 11:58 WSW 06 71.5 81.1 15:19 61.9 06:49 0.4 6.8 0.00 0.8 14.9 16:45 SW 07 74.2 81.5 18:46 68.7 06:43 0.0 9.2 0.03 0.7 14.9 16:46 WNW 08 72.6 77.4 11:12 68.7 05:50 0.0 7.6 0.03 0.4 8.8 12:52 NW 09 73.1 78.1 18:19 70.2 05:49 0.0 8.0 0.17 0.0 6.1 13:19 NW 10 74.3 82.6 14:23 68.9 05:14 0.0 9.3 0.01 0.3 21.0 17:20 N 11 74.7 85.5 15:10 68.2 05:48 0.0 9.6 0.03 0.9 10.5 15:10 W 12 78.9 90.9 13:58 66.7 05:46 0.0 13.9 0.00 0.3 8.8 09:32 NE 13 79.1 88.9 13:54 68.7 23:54 0.0 14.1 0.00 1.7 19.3 12:47 N 14 73.3 88.3 14:18 60.4 05:48 0.8 9.1 0.00 1.2 22.3 18:32 N 15 70.2 81.7 14:26 56.7 06:39 1.7 6.9 0.00 1.3 25.4 11:57 NE 16 69.8 82.0 16:28 55.0 06:52 2.0 6.8 0.00 0.4 10.5 14:26 ENE 17 71.6 85.1 16:46 55.6 06:42 2.3 8.9 0.00 0.4 10.5 12:46 SE 18 79.0 91.9 16:18 68.0 01:38 0.0 14.0 2.13 2.5 29.8 22:04 SW 19 72.5 81.9 17:45 65.1 08:38 0.0 7.5 2.91 1.8 50.8 06:35 SW 20 79.4 86.5 17:38 73.0 07:25 0.0 14.4 0.00 1.5 13.6 16:10 SW 21 73.0 79.7 01:48 63.1 22:52 0.1 8.1 0.00 2.4 19.3 03:43 W 22 63.9 71.4 16:42 53.2 06:48 3.1 2.0 0.00 1.0 19.3 11:10 NNW 23 65.5 76.8 17:23 56.3 04:15 2.9 3.4 0.03 0.3 8.8 17:25 NE 24 69.8 79.9 12:39 58.3 07:15 1.6 6.4 0.06 0.8 18.0 11:54 WSW 25 79.4 82.0 16:07 69.3 00:00 0.0 10.6 0.03 1.2 11.8 09:11 SSW 26 79.0 84.6 17:50 74.1 07:19 0.0 13.7 0.00 ---- 18.0 11:25 SW 27 78.3 84.4 12:34 73.6 23:02 0.0 13.3 0.27 ---- 23.6 14:35 SW 28 79.3 88.3 13:55 71.4 06:54 0.0 14.3 0.00 ---- 11.8 15:24 SW 29 80.6 90.1 14:02 71.4 06:42 0.0 15.6 0.00 ---- 8.8 14:06 WSW 30 75.1 81.1 17:28 71.2 06:28 0.0 10.1 1.54 ---- 8.8 16:36 NNW ---------------------------------------------------------------------------------- 73.2 138.0 25 53.2 22 22.0 261.9 8.74 0.9 50.8 19 W Max >= 80.0 21 Max <= 32.0 0 Min <= 32.0 0 Min <= 0.0 0 Max Rain: 2.91 on day 19 Days of Rain: 14 (>= 0.01 in) 7 (>= 0.10 in) 4 (>= 1.00 in) Heat Base: 65.0 Cool Base: 65.0 Method: Integration