NOAA-Style Climate Reports
Select a Year or Month report
2024: Jan Feb Mar Apr May Jun Jul Aug Sep Oct Nov Dec
2023: Jan Feb Mar Apr May Jun Jul Aug Sep Oct Nov Dec
2022: Jan Feb Mar Apr May Jun Jul Aug Sep Oct Nov Dec
2021: Jan Feb Mar Apr May Jun Jul Aug Sep Oct Nov Dec
2020: Jan Feb Mar Apr May Jun Jul Aug Sep Oct Nov Dec
2019: Jan Feb Mar Apr May Jun Jul Aug Sep Oct Nov Dec
2018: Jan Feb Mar Apr May Jun Jul Aug Sep Oct Nov Dec
2017: Jan Feb Mar Apr May Jun Jul Aug Sep Oct Nov Dec
2016: Jan Feb Mar Apr May Jun Jul Aug Sep Oct Nov Dec
2015: Jan Feb Mar Apr May Jun Jul Aug Sep Oct Nov Dec
2014: Jan Feb Mar Apr May Jun Jul Aug Sep Oct Nov Dec
2013: Jan Feb Mar Apr May Jun Jul Aug Sep Oct Nov Dec
2024: Jan Feb Mar Apr May Jun Jul Aug Sep Oct Nov Dec
2023: Jan Feb Mar Apr May Jun Jul Aug Sep Oct Nov Dec
2022: Jan Feb Mar Apr May Jun Jul Aug Sep Oct Nov Dec
2021: Jan Feb Mar Apr May Jun Jul Aug Sep Oct Nov Dec
2020: Jan Feb Mar Apr May Jun Jul Aug Sep Oct Nov Dec
2019: Jan Feb Mar Apr May Jun Jul Aug Sep Oct Nov Dec
2018: Jan Feb Mar Apr May Jun Jul Aug Sep Oct Nov Dec
2017: Jan Feb Mar Apr May Jun Jul Aug Sep Oct Nov Dec
2016: Jan Feb Mar Apr May Jun Jul Aug Sep Oct Nov Dec
2015: Jan Feb Mar Apr May Jun Jul Aug Sep Oct Nov Dec
2014: Jan Feb Mar Apr May Jun Jul Aug Sep Oct Nov Dec
2013: Jan Feb Mar Apr May Jun Jul Aug Sep Oct Nov Dec
Report for 2021 May
Monthly Climatological Summary for May 2021 Name: GosportINWX City: Gosport State: IN Elevation: 751 ft Lat: N 39° 21' 03" Lon: W 086° 40' 01" Temperature (°F), Rain (in), Wind Speed (mph) Heat Cool Avg Mean Deg Deg Wind Dom Day Temp High Time Low Time Days Days Rain Speed High Time Dir ---------------------------------------------------------------------------------- 01 54.9 74.1 17:44 38.7 05:28 10.1 1.8 0.00 2.6 22.3 14:42 SSW 02 67.1 76.6 14:17 59.7 23:52 0.8 2.8 0.03 2.7 25.4 13:25 SW 03 62.9 70.3 18:31 57.6 03:08 3.1 1.0 0.23 1.0 16.2 18:31 W 04 61.5 68.4 03:50 51.6 23:58 3.8 0.3 0.23 1.3 22.3 21:59 N 05 54.3 61.7 16:15 46.0 23:54 10.7 0.0 0.01 2.2 32.8 11:48 NNE 06 50.1 60.6 13:46 40.3 04:51 14.9 0.0 0.07 0.8 22.3 18:56 W 07 51.8 65.5 16:12 39.2 07:03 13.2 0.0 0.00 2.3 28.5 16:25 WNW 08 48.8 60.1 16:51 34.7 06:55 16.2 0.0 0.09 1.0 14.9 10:23 N 09 47.2 52.2 13:52 41.4 23:53 17.8 0.0 0.23 1.8 28.5 19:00 NNE 10 48.7 61.0 13:56 34.3 05:45 16.3 0.0 0.00 0.6 18.0 13:36 N 11 50.7 59.0 12:33 42.6 03:09 14.3 0.0 0.00 2.3 26.7 14:10 NNE 12 50.8 63.0 14:33 35.6 06:58 14.2 0.0 0.00 2.7 25.4 10:53 NNE 13 53.3 67.5 14:18 38.3 06:48 11.6 0.1 0.00 0.2 11.8 12:18 NE 14 57.6 70.9 14:34 41.9 06:44 9.0 1.6 0.00 0.7 13.6 12:29 ESE 15 53.2 72.0 12:58 42.3 05:15 7.8 0.8 0.00 0.6 13.6 13:25 ESE 16 63.2 72.0 15:19 54.5 06:19 3.8 2.0 0.00 0.4 8.8 12:49 E 17 63.9 72.9 16:23 58.3 04:41 2.8 1.7 2.27 0.7 16.2 15:03 NE 18 66.4 77.2 14:24 61.0 03:41 1.3 2.4 0.00 0.9 14.9 11:06 ESE 19 70.7 79.7 16:45 64.6 05:18 0.0 5.6 0.01 0.5 14.9 16:43 NNW 20 73.3 83.5 14:12 63.5 07:02 0.1 8.4 0.00 0.7 13.6 10:19 WSW 21 72.7 81.7 14:41 64.6 05:27 0.0 7.8 0.00 0.8 16.2 13:59 WSW 22 70.8 83.1 13:58 58.1 06:08 1.6 7.4 0.00 0.6 10.5 13:35 WNW 23 73.7 85.3 15:57 60.4 06:40 0.7 9.4 0.00 0.6 10.5 13:38 NW 24 74.9 86.7 13:59 63.7 04:07 0.1 10.1 0.00 0.7 11.8 13:40 WNW 25 76.3 85.6 16:31 67.3 05:53 0.0 11.4 0.00 1.0 13.6 17:07 WSW 26 72.5 78.4 18:58 67.5 09:48 0.0 7.4 0.04 0.4 7.4 16:48 WSW 27 71.4 80.8 14:17 63.9 06:37 0.1 6.5 0.07 0.5 10.5 15:31 WNW 28 62.7 71.1 13:05 49.8 23:56 3.5 1.1 0.18 1.8 25.4 18:05 NNE 29 52.2 60.1 17:29 46.6 05:03 12.8 0.0 0.00 3.3 26.7 12:19 NNE 30 55.5 68.4 17:47 40.3 06:16 10.3 0.8 0.00 1.4 21.0 11:51 NNW 31 61.8 73.4 17:07 50.5 07:00 5.5 2.4 0.00 0.4 14.9 14:17 NNE ---------------------------------------------------------------------------------- 61.1 86.7 24 34.3 10 206.4 92.8 3.46 1.3 32.8 5 NNW Max >= 80.0 7 Max <= 32.0 0 Min <= 32.0 0 Min <= 0.0 0 Max Rain: 2.27 on day 17 Days of Rain: 12 (>= 0.01 in) 5 (>= 0.10 in) 1 (>= 1.00 in) Heat Base: 65.0 Cool Base: 65.0 Method: Integration