NOAA-Style Climate Reports
Select a Year or Month report
2024: Jan Feb Mar Apr May Jun Jul Aug Sep Oct Nov Dec
2023: Jan Feb Mar Apr May Jun Jul Aug Sep Oct Nov Dec
2022: Jan Feb Mar Apr May Jun Jul Aug Sep Oct Nov Dec
2021: Jan Feb Mar Apr May Jun Jul Aug Sep Oct Nov Dec
2020: Jan Feb Mar Apr May Jun Jul Aug Sep Oct Nov Dec
2019: Jan Feb Mar Apr May Jun Jul Aug Sep Oct Nov Dec
2018: Jan Feb Mar Apr May Jun Jul Aug Sep Oct Nov Dec
2017: Jan Feb Mar Apr May Jun Jul Aug Sep Oct Nov Dec
2016: Jan Feb Mar Apr May Jun Jul Aug Sep Oct Nov Dec
2015: Jan Feb Mar Apr May Jun Jul Aug Sep Oct Nov Dec
2014: Jan Feb Mar Apr May Jun Jul Aug Sep Oct Nov Dec
2013: Jan Feb Mar Apr May Jun Jul Aug Sep Oct Nov Dec
2024: Jan Feb Mar Apr May Jun Jul Aug Sep Oct Nov Dec
2023: Jan Feb Mar Apr May Jun Jul Aug Sep Oct Nov Dec
2022: Jan Feb Mar Apr May Jun Jul Aug Sep Oct Nov Dec
2021: Jan Feb Mar Apr May Jun Jul Aug Sep Oct Nov Dec
2020: Jan Feb Mar Apr May Jun Jul Aug Sep Oct Nov Dec
2019: Jan Feb Mar Apr May Jun Jul Aug Sep Oct Nov Dec
2018: Jan Feb Mar Apr May Jun Jul Aug Sep Oct Nov Dec
2017: Jan Feb Mar Apr May Jun Jul Aug Sep Oct Nov Dec
2016: Jan Feb Mar Apr May Jun Jul Aug Sep Oct Nov Dec
2015: Jan Feb Mar Apr May Jun Jul Aug Sep Oct Nov Dec
2014: Jan Feb Mar Apr May Jun Jul Aug Sep Oct Nov Dec
2013: Jan Feb Mar Apr May Jun Jul Aug Sep Oct Nov Dec
Report for 2021 March
Monthly Climatological Summary for Mar 2021 Name: GosportINWX City: Gosport State: IN Elevation: 751 ft Lat: N 39° 21' 03" Lon: W 086° 40' 01" Temperature (°F), Rain (in), Wind Speed (mph) Heat Cool Avg Mean Deg Deg Wind Dom Day Temp High Time Low Time Days Days Rain Speed High Time Dir ---------------------------------------------------------------------------------- 01 37.6 45.9 14:23 28.6 23:53 27.4 0.0 0.01 4.5 37.6 14:38 NW 02 33.5 46.8 17:43 22.3 07:35 31.5 0.0 0.00 2.4 26.6 12:10 W 03 45.8 62.6 15:47 31.8 02:50 19.2 0.0 0.00 4.4 32.1 15:48 W 04 41.8 53.4 13:57 32.0 23:54 23.2 0.0 0.00 4.4 33.8 14:54 NNE 05 35.3 48.6 15:08 24.3 05:23 29.7 0.0 0.00 2.3 29.9 15:23 NE 06 37.9 51.1 17:09 24.3 07:30 27.1 0.0 0.00 1.5 24.4 13:30 NE 07 39.8 54.9 15:39 26.2 07:10 25.2 0.0 0.00 1.2 18.8 14:18 ENE 08 50.0 67.1 15:44 30.0 02:36 15.2 0.2 0.00 4.9 39.3 12:04 SW 09 56.1 68.7 15:06 44.1 03:24 9.4 0.5 0.00 4.3 33.8 15:32 SW 10 62.6 70.2 12:21 50.5 06:59 3.3 0.9 0.00 9.1 56.5 15:12 SSW 11 59.6 66.9 00:04 49.3 23:07 5.5 0.1 1.57 7.1 48.7 00:22 SW 12 50.4 60.3 14:11 40.8 07:38 14.6 0.0 0.01 2.8 29.9 14:44 NE 13 46.6 52.9 17:14 37.8 23:52 18.4 0.0 0.00 2.5 24.4 02:18 NNE 14 43.7 52.5 18:32 33.1 05:00 20.4 0.0 0.00 0.6 13.3 16:03 NNE 15 38.6 50.0 00:00 33.6 13:29 26.4 0.0 0.52 3.7 32.1 04:20 E 16 44.9 52.9 18:19 37.6 01:52 20.1 0.0 0.06 1.3 17.2 00:28 NE 17 51.8 66.2 15:44 43.7 05:12 13.2 0.0 0.06 1.8 20.5 14:54 SE 18 47.6 55.0 06:25 37.9 20:18 17.4 0.0 1.40 6.4 50.9 19:01 NE 19 40.4 50.2 15:49 31.5 08:04 24.6 0.0 0.00 8.6 50.9 09:45 NE 20 43.3 61.3 16:37 26.4 08:04 21.7 0.0 0.00 1.7 26.6 17:30 NE 21 49.6 68.7 15:10 29.1 08:10 16.0 0.5 0.00 1.3 20.5 18:22 ESE 22 54.5 68.2 15:45 39.9 07:45 10.6 0.3 0.00 1.1 26.6 13:15 SW 23 57.9 65.3 11:45 48.9 03:54 7.1 0.0 0.03 2.2 21.0 11:45 SSE 24 63.4 72.1 15:44 52.3 23:56 3.3 1.7 0.03 6.3 34.2 15:29 SW 25 54.0 61.9 23:04 45.3 06:17 11.0 0.0 0.47 1.3 40.3 23:22 S 26 50.0 60.6 00:00 43.7 23:45 15.1 0.0 0.00 5.3 70.1 00:10 W 27 58.2 76.8 17:23 40.1 07:45 9.8 3.0 0.09 2.3 23.6 18:15 SSW 28 47.0 62.2 00:00 37.0 23:47 18.0 0.0 0.41 6.7 43.4 16:29 WNW 29 46.5 62.1 16:29 29.5 07:26 18.5 0.0 0.00 2.2 22.3 15:31 S 30 58.7 74.1 16:55 43.3 03:57 8.1 1.9 0.07 5.1 35.9 12:33 SW 31 45.9 56.7 01:11 35.4 23:57 19.1 0.0 0.03 6.1 29.8 15:24 NW ---------------------------------------------------------------------------------- 48.2 76.8 27 22.3 2 530.1 9.1 4.76 3.8 70.1 26 W Max >= 80.0 0 Max <= 32.0 0 Min <= 32.0 12 Min <= 0.0 0 Max Rain: 1.57 on day 11 Days of Rain: 14 (>= 0.01 in) 5 (>= 0.10 in) 2 (>= 1.00 in) Heat Base: 65.0 Cool Base: 65.0 Method: Integration