NOAA-Style Climate Reports
Select a Year or Month report
2024: Jan Feb Mar Apr May Jun Jul Aug Sep Oct Nov Dec
2023: Jan Feb Mar Apr May Jun Jul Aug Sep Oct Nov Dec
2022: Jan Feb Mar Apr May Jun Jul Aug Sep Oct Nov Dec
2021: Jan Feb Mar Apr May Jun Jul Aug Sep Oct Nov Dec
2020: Jan Feb Mar Apr May Jun Jul Aug Sep Oct Nov Dec
2019: Jan Feb Mar Apr May Jun Jul Aug Sep Oct Nov Dec
2018: Jan Feb Mar Apr May Jun Jul Aug Sep Oct Nov Dec
2017: Jan Feb Mar Apr May Jun Jul Aug Sep Oct Nov Dec
2016: Jan Feb Mar Apr May Jun Jul Aug Sep Oct Nov Dec
2015: Jan Feb Mar Apr May Jun Jul Aug Sep Oct Nov Dec
2014: Jan Feb Mar Apr May Jun Jul Aug Sep Oct Nov Dec
2013: Jan Feb Mar Apr May Jun Jul Aug Sep Oct Nov Dec
2024: Jan Feb Mar Apr May Jun Jul Aug Sep Oct Nov Dec
2023: Jan Feb Mar Apr May Jun Jul Aug Sep Oct Nov Dec
2022: Jan Feb Mar Apr May Jun Jul Aug Sep Oct Nov Dec
2021: Jan Feb Mar Apr May Jun Jul Aug Sep Oct Nov Dec
2020: Jan Feb Mar Apr May Jun Jul Aug Sep Oct Nov Dec
2019: Jan Feb Mar Apr May Jun Jul Aug Sep Oct Nov Dec
2018: Jan Feb Mar Apr May Jun Jul Aug Sep Oct Nov Dec
2017: Jan Feb Mar Apr May Jun Jul Aug Sep Oct Nov Dec
2016: Jan Feb Mar Apr May Jun Jul Aug Sep Oct Nov Dec
2015: Jan Feb Mar Apr May Jun Jul Aug Sep Oct Nov Dec
2014: Jan Feb Mar Apr May Jun Jul Aug Sep Oct Nov Dec
2013: Jan Feb Mar Apr May Jun Jul Aug Sep Oct Nov Dec
Report for 2021 February
Monthly Climatological Summary for Feb 2021 Name: GosportINWX City: Gosport State: IN Elevation: 751 ft Lat: N 39° 21' 03" Lon: W 086° 40' 01" Temperature (°F), Rain (in), Wind Speed (mph) Heat Cool Avg Mean Deg Deg Wind Dom Day Temp High Time Low Time Days Days Rain Speed High Time Dir ---------------------------------------------------------------------------------- 01 29.1 31.6 15:27 24.3 23:32 35.9 0.0 0.00 1.4 28.2 17:32 NNW 02 27.5 33.4 13:44 20.7 07:32 37.5 0.0 0.04 2.9 18.8 11:34 NNW 03 29.3 39.9 14:26 19.9 08:02 35.7 0.0 0.07 0.9 14.9 14:45 WNW 04 33.3 39.2 19:45 26.2 00:05 31.7 0.0 0.33 6.3 54.8 23:20 SW 05 28.4 35.6 16:11 22.5 07:20 36.6 0.0 0.00 10.0 48.7 00:24 W 06 23.3 32.4 14:43 14.9 08:21 41.7 0.0 0.00 3.3 20.5 20:50 N 07 12.0 18.5 01:08 2.1 08:03 53.0 0.0 0.00 2.8 26.6 04:23 NE 08 20.3 26.6 14:41 11.7 00:00 44.7 0.0 0.00 1.3 18.8 16:03 ENE 09 22.9 25.9 14:59 19.2 07:47 42.1 0.0 0.00 2.5 22.7 10:51 NE 10 21.1 22.8 00:00 19.2 23:45 43.9 0.0 0.00 4.6 28.2 11:57 NE 11 20.8 24.8 16:05 18.3 03:49 44.2 0.0 0.00 6.5 36.0 11:37 NE 12 22.2 27.1 13:53 19.0 00:00 42.8 0.0 0.00 4.5 28.2 15:18 NNE 13 21.6 26.2 15:23 13.6 23:43 43.4 0.0 0.00 3.2 22.7 10:53 NNE 14 10.7 18.3 16:01 3.6 08:37 54.3 0.0 0.00 5.9 32.1 14:01 NNE 15 12.0 14.9 12:52 8.8 04:59 53.0 0.0 0.00 7.8 43.2 13:39 NNE 16 11.9 19.4 14:55 3.0 23:59 53.1 0.0 0.00 4.1 28.2 12:24 WNW 17 12.2 23.5 14:13 -2.0 05:36 52.7 0.0 0.00 2.4 28.2 14:53 NE 18 21.5 28.9 14:43 16.7 23:58 43.5 0.0 0.01 3.0 22.7 13:58 NNE 19 16.7 25.9 13:25 6.6 08:07 48.3 0.0 0.00 3.0 33.8 16:07 WNW 20 22.8 35.1 17:31 12.6 03:27 42.2 0.0 0.04 3.5 26.6 13:03 SW 21 34.2 46.8 16:01 18.3 03:34 30.8 0.0 0.01 5.1 50.9 22:43 S 22 37.4 43.3 00:00 34.5 07:47 27.6 0.0 0.01 9.7 39.3 00:22 WSW 23 43.9 54.7 16:06 36.7 21:59 21.1 0.0 0.00 7.4 36.0 11:31 WSW 24 49.3 60.3 13:10 35.1 23:58 15.7 0.0 0.00 7.3 37.6 10:00 W 25 37.3 48.7 14:17 26.2 06:58 27.7 0.0 0.00 1.6 26.6 13:34 NNE 26 37.3 48.9 13:53 26.8 05:07 27.7 0.0 0.06 2.1 22.7 18:12 SE 27 47.0 57.2 14:09 40.3 00:00 18.0 0.0 0.18 2.0 22.7 03:44 SW 28 54.1 61.0 15:02 41.2 23:56 10.9 0.0 2.01 3.5 28.2 15:06 W ---------------------------------------------------------------------------------- 27.1 61.0 28 -2.0 17 1059.8 0.0 2.76 4.2 54.8 4 NW Max >= 80.0 0 Max <= 32.0 14 Min <= 32.0 23 Min <= 0.0 1 Max Rain: 2.01 on day 28 Days of Rain: 10 (>= 0.01 in) 3 (>= 0.10 in) 1 (>= 1.00 in) Heat Base: 65.0 Cool Base: 65.0 Method: Integration