NOAA-Style Climate Reports
Select a Year or Month report
2024: Jan Feb Mar Apr May Jun Jul Aug Sep Oct Nov Dec
2023: Jan Feb Mar Apr May Jun Jul Aug Sep Oct Nov Dec
2022: Jan Feb Mar Apr May Jun Jul Aug Sep Oct Nov Dec
2021: Jan Feb Mar Apr May Jun Jul Aug Sep Oct Nov Dec
2020: Jan Feb Mar Apr May Jun Jul Aug Sep Oct Nov Dec
2019: Jan Feb Mar Apr May Jun Jul Aug Sep Oct Nov Dec
2018: Jan Feb Mar Apr May Jun Jul Aug Sep Oct Nov Dec
2017: Jan Feb Mar Apr May Jun Jul Aug Sep Oct Nov Dec
2016: Jan Feb Mar Apr May Jun Jul Aug Sep Oct Nov Dec
2015: Jan Feb Mar Apr May Jun Jul Aug Sep Oct Nov Dec
2014: Jan Feb Mar Apr May Jun Jul Aug Sep Oct Nov Dec
2013: Jan Feb Mar Apr May Jun Jul Aug Sep Oct Nov Dec
2024: Jan Feb Mar Apr May Jun Jul Aug Sep Oct Nov Dec
2023: Jan Feb Mar Apr May Jun Jul Aug Sep Oct Nov Dec
2022: Jan Feb Mar Apr May Jun Jul Aug Sep Oct Nov Dec
2021: Jan Feb Mar Apr May Jun Jul Aug Sep Oct Nov Dec
2020: Jan Feb Mar Apr May Jun Jul Aug Sep Oct Nov Dec
2019: Jan Feb Mar Apr May Jun Jul Aug Sep Oct Nov Dec
2018: Jan Feb Mar Apr May Jun Jul Aug Sep Oct Nov Dec
2017: Jan Feb Mar Apr May Jun Jul Aug Sep Oct Nov Dec
2016: Jan Feb Mar Apr May Jun Jul Aug Sep Oct Nov Dec
2015: Jan Feb Mar Apr May Jun Jul Aug Sep Oct Nov Dec
2014: Jan Feb Mar Apr May Jun Jul Aug Sep Oct Nov Dec
2013: Jan Feb Mar Apr May Jun Jul Aug Sep Oct Nov Dec
Report for 2021 January
Monthly Climatological Summary for Jan 2021 Name: GosportINWX City: Gosport State: IN Elevation: 751 ft Lat: N 39° 21' 03" Lon: W 086° 40' 01" Temperature (°F), Rain (in), Wind Speed (mph) Heat Cool Avg Mean Deg Deg Wind Dom Day Temp High Time Low Time Days Days Rain Speed High Time Dir ---------------------------------------------------------------------------------- 01 35.0 44.6 19:13 26.8 00:00 30.0 0.0 0.20 2.7 36.0 20:05 W 02 34.5 36.0 00:00 33.1 08:09 30.5 0.0 0.00 1.9 36.0 00:47 W 03 33.7 36.1 12:59 28.4 23:59 31.3 0.0 0.01 3.5 28.2 10:18 W 04 32.8 45.1 13:20 23.9 08:00 32.2 0.0 0.00 0.8 14.9 12:28 SW 05 33.3 37.4 00:29 30.6 04:09 31.7 0.0 0.00 2.8 24.4 02:27 NW 06 34.1 39.9 14:11 30.4 08:17 30.9 0.0 0.00 1.1 17.2 15:48 ENE 07 35.2 39.7 12:43 30.9 04:11 29.8 0.0 0.00 3.2 24.4 12:34 NE 08 31.8 34.7 00:00 28.0 23:59 33.2 0.0 0.04 5.2 33.8 21:31 NNE 09 27.3 32.4 14:46 23.5 04:11 37.7 0.0 0.00 2.0 36.0 09:22 NE 10 28.5 31.1 14:10 26.2 00:00 36.4 0.0 0.00 1.5 14.9 14:50 W 11 25.2 27.7 00:00 23.9 20:04 39.8 0.0 0.00 3.3 20.5 14:14 WNW 12 31.1 41.9 16:09 23.0 08:01 33.9 0.0 0.00 5.9 29.9 13:12 WSW 13 38.5 47.1 15:53 31.5 06:48 26.5 0.0 0.00 5.7 32.1 16:24 SW 14 41.3 49.3 15:43 31.3 08:21 23.7 0.0 0.00 5.1 33.8 22:17 SW 15 35.3 39.7 12:08 31.3 08:14 29.7 0.0 0.00 4.7 32.1 11:11 WSW 16 31.3 33.4 15:26 26.2 06:30 33.7 0.0 0.06 5.0 29.9 18:10 W 17 31.4 32.5 00:00 29.3 21:29 33.6 0.0 0.06 1.4 18.8 00:04 W 18 31.8 37.2 16:31 27.5 04:59 33.2 0.0 0.01 4.4 32.1 15:11 W 19 34.1 41.9 14:36 24.4 08:16 30.9 0.0 0.00 4.5 43.2 21:20 W 20 30.0 37.2 23:23 21.9 08:16 35.0 0.0 0.00 6.7 45.4 01:20 W 21 40.6 50.9 15:55 33.1 08:10 24.4 0.0 0.00 8.0 36.0 04:15 W 22 29.9 37.9 00:00 20.1 23:54 35.1 0.0 0.00 4.8 24.4 07:56 NW 23 23.8 36.3 16:12 11.5 07:44 41.2 0.0 0.00 1.1 14.9 13:07 NE 24 31.9 33.4 15:28 29.7 00:00 33.1 0.0 0.07 1.0 24.4 07:23 SE 25 32.5 33.8 23:41 31.1 06:41 32.5 0.0 0.51 1.9 20.5 05:40 NE 26 35.5 39.6 12:09 32.4 23:27 29.5 0.0 0.04 5.7 37.6 12:33 W 27 29.0 32.4 00:00 19.2 23:57 36.0 0.0 0.00 4.4 32.1 20:23 NE 28 22.6 34.3 13:52 15.6 08:56 42.4 0.0 0.13 0.4 14.9 00:54 NNE 29 23.7 37.6 14:32 11.3 07:13 41.2 0.0 0.07 1.1 18.8 16:26 SE 30 31.6 38.1 13:27 25.2 01:07 33.4 0.0 0.18 2.5 29.9 19:53 ESE 31 34.6 37.2 01:54 29.8 22:59 30.4 0.0 0.88 0.6 22.7 00:03 ESE ---------------------------------------------------------------------------------- 32.0 50.9 21 11.3 29 1022.9 0.0 2.26 3.3 45.4 20 W Max >= 80.0 0 Max <= 32.0 2 Min <= 32.0 28 Min <= 0.0 0 Max Rain: 0.88 on day 31 Days of Rain: 13 (>= 0.01 in) 5 (>= 0.10 in) 0 (>= 1.00 in) Heat Base: 65.0 Cool Base: 65.0 Method: Integration