NOAA-Style Climate Reports
Select a Year or Month report
2024: Jan Feb Mar Apr May Jun Jul Aug Sep Oct Nov Dec
2023: Jan Feb Mar Apr May Jun Jul Aug Sep Oct Nov Dec
2022: Jan Feb Mar Apr May Jun Jul Aug Sep Oct Nov Dec
2021: Jan Feb Mar Apr May Jun Jul Aug Sep Oct Nov Dec
2020: Jan Feb Mar Apr May Jun Jul Aug Sep Oct Nov Dec
2019: Jan Feb Mar Apr May Jun Jul Aug Sep Oct Nov Dec
2018: Jan Feb Mar Apr May Jun Jul Aug Sep Oct Nov Dec
2017: Jan Feb Mar Apr May Jun Jul Aug Sep Oct Nov Dec
2016: Jan Feb Mar Apr May Jun Jul Aug Sep Oct Nov Dec
2015: Jan Feb Mar Apr May Jun Jul Aug Sep Oct Nov Dec
2014: Jan Feb Mar Apr May Jun Jul Aug Sep Oct Nov Dec
2013: Jan Feb Mar Apr May Jun Jul Aug Sep Oct Nov Dec
2024: Jan Feb Mar Apr May Jun Jul Aug Sep Oct Nov Dec
2023: Jan Feb Mar Apr May Jun Jul Aug Sep Oct Nov Dec
2022: Jan Feb Mar Apr May Jun Jul Aug Sep Oct Nov Dec
2021: Jan Feb Mar Apr May Jun Jul Aug Sep Oct Nov Dec
2020: Jan Feb Mar Apr May Jun Jul Aug Sep Oct Nov Dec
2019: Jan Feb Mar Apr May Jun Jul Aug Sep Oct Nov Dec
2018: Jan Feb Mar Apr May Jun Jul Aug Sep Oct Nov Dec
2017: Jan Feb Mar Apr May Jun Jul Aug Sep Oct Nov Dec
2016: Jan Feb Mar Apr May Jun Jul Aug Sep Oct Nov Dec
2015: Jan Feb Mar Apr May Jun Jul Aug Sep Oct Nov Dec
2014: Jan Feb Mar Apr May Jun Jul Aug Sep Oct Nov Dec
2013: Jan Feb Mar Apr May Jun Jul Aug Sep Oct Nov Dec
Report for 2020 December
Monthly Climatological Summary for Dec 2020 Name: GosportINWX City: Gosport State: IN Elevation: 751 ft Lat: N 39° 21' 03" Lon: W 086° 40' 01" Temperature (°F), Rain (in), Wind Speed (mph) Heat Cool Avg Mean Deg Deg Wind Dom Day Temp High Time Low Time Days Days Rain Speed High Time Dir ---------------------------------------------------------------------------------- 01 29.1 35.4 15:12 24.6 08:45 35.9 0.0 0.00 5.5 29.9 14:30 WNW 02 31.0 45.3 16:02 22.1 08:20 34.0 0.0 0.00 1.3 14.9 13:15 WNW 03 35.6 44.4 14:42 25.2 06:01 29.4 0.0 0.00 1.4 20.5 13:15 SW 04 38.1 48.2 13:51 28.0 08:00 26.9 0.0 0.00 2.6 22.7 15:15 W 05 33.4 43.0 13:17 26.6 07:54 31.6 0.0 0.00 1.3 24.4 14:10 NE 06 30.1 35.2 12:06 24.4 03:57 34.9 0.0 0.00 1.8 20.5 13:31 NE 07 33.4 37.4 16:34 30.6 00:17 31.5 0.0 0.00 0.9 13.5 10:34 NNE 08 35.3 39.6 12:50 32.5 06:19 29.7 0.0 0.00 2.5 22.7 15:16 WSW 09 42.8 56.7 16:02 35.2 23:57 22.3 0.0 0.00 5.3 24.4 14:45 W 10 43.5 62.1 14:02 28.8 06:55 21.5 0.0 0.00 1.1 18.8 11:17 SSW 11 57.0 66.0 13:22 49.6 07:43 8.0 0.0 0.09 4.7 33.8 13:27 SW 12 48.2 55.9 05:59 39.2 23:34 16.8 0.0 0.95 8.7 41.5 12:27 WSW 13 38.8 40.6 14:26 36.9 08:39 26.2 0.0 0.01 1.1 14.9 02:02 NW 14 31.9 38.1 00:00 24.4 23:56 33.1 0.0 0.00 2.6 20.5 13:06 NNW 15 28.1 34.7 14:38 21.0 08:01 36.9 0.0 0.00 2.2 26.6 14:55 NE 16 30.6 33.8 14:46 28.6 07:27 34.4 0.0 0.06 0.8 13.3 09:52 N 17 30.2 32.4 16:05 25.3 23:27 34.8 0.0 0.00 2.5 14.9 08:39 W 18 29.5 38.1 14:07 19.0 07:56 35.5 0.0 0.03 2.0 20.5 11:35 S 19 39.2 43.9 10:55 32.9 00:00 25.8 0.0 0.01 4.1 28.2 11:41 SW 20 38.0 43.5 15:51 34.3 19:30 27.0 0.0 0.00 3.5 29.9 12:43 WSW 21 42.5 50.5 15:58 37.4 04:22 22.5 0.0 0.01 9.3 48.7 13:34 W 22 37.9 47.3 16:18 28.8 08:23 27.1 0.0 0.00 4.1 36.0 00:12 WNW 23 45.8 55.2 13:10 34.5 05:20 19.2 0.0 0.43 6.0 41.5 13:57 S 24 24.1 43.7 00:00 15.8 23:59 40.9 0.0 0.07 9.5 39.3 03:25 WNW 25 12.9 15.8 00:00 10.0 08:25 52.1 0.0 0.00 7.1 33.8 13:10 WNW 26 24.7 37.4 15:24 14.4 00:00 40.3 0.0 0.00 4.2 22.7 09:46 WSW 27 42.0 54.7 19:11 22.5 01:59 23.0 0.0 0.00 6.3 47.1 20:00 SW 28 32.2 49.6 00:00 28.0 17:25 32.8 0.0 0.00 5.8 45.4 00:20 WNW 29 30.9 36.1 13:36 23.5 07:30 34.1 0.0 0.00 2.3 24.4 21:14 ESE 30 40.5 50.9 07:13 30.7 23:59 24.5 0.0 0.47 4.9 37.6 06:55 WSW 31 27.4 30.7 00:00 25.5 05:57 37.6 0.0 0.01 0.0 0.0 00:00 N ---------------------------------------------------------------------------------- 35.0 66.0 11 10.0 25 930.3 0.0 2.14 3.7 48.7 21 W Max >= 80.0 0 Max <= 32.0 2 Min <= 32.0 22 Min <= 0.0 0 Max Rain: 0.95 on day 12 Days of Rain: 11 (>= 0.01 in) 3 (>= 0.10 in) 0 (>= 1.00 in) Heat Base: 65.0 Cool Base: 65.0 Method: Integration