NOAA-Style Climate Reports
Select a Year or Month report
2024: Jan Feb Mar Apr May Jun Jul Aug Sep Oct Nov Dec
2023: Jan Feb Mar Apr May Jun Jul Aug Sep Oct Nov Dec
2022: Jan Feb Mar Apr May Jun Jul Aug Sep Oct Nov Dec
2021: Jan Feb Mar Apr May Jun Jul Aug Sep Oct Nov Dec
2020: Jan Feb Mar Apr May Jun Jul Aug Sep Oct Nov Dec
2019: Jan Feb Mar Apr May Jun Jul Aug Sep Oct Nov Dec
2018: Jan Feb Mar Apr May Jun Jul Aug Sep Oct Nov Dec
2017: Jan Feb Mar Apr May Jun Jul Aug Sep Oct Nov Dec
2016: Jan Feb Mar Apr May Jun Jul Aug Sep Oct Nov Dec
2015: Jan Feb Mar Apr May Jun Jul Aug Sep Oct Nov Dec
2014: Jan Feb Mar Apr May Jun Jul Aug Sep Oct Nov Dec
2013: Jan Feb Mar Apr May Jun Jul Aug Sep Oct Nov Dec
2024: Jan Feb Mar Apr May Jun Jul Aug Sep Oct Nov Dec
2023: Jan Feb Mar Apr May Jun Jul Aug Sep Oct Nov Dec
2022: Jan Feb Mar Apr May Jun Jul Aug Sep Oct Nov Dec
2021: Jan Feb Mar Apr May Jun Jul Aug Sep Oct Nov Dec
2020: Jan Feb Mar Apr May Jun Jul Aug Sep Oct Nov Dec
2019: Jan Feb Mar Apr May Jun Jul Aug Sep Oct Nov Dec
2018: Jan Feb Mar Apr May Jun Jul Aug Sep Oct Nov Dec
2017: Jan Feb Mar Apr May Jun Jul Aug Sep Oct Nov Dec
2016: Jan Feb Mar Apr May Jun Jul Aug Sep Oct Nov Dec
2015: Jan Feb Mar Apr May Jun Jul Aug Sep Oct Nov Dec
2014: Jan Feb Mar Apr May Jun Jul Aug Sep Oct Nov Dec
2013: Jan Feb Mar Apr May Jun Jul Aug Sep Oct Nov Dec
Report for 2020 November
Monthly Climatological Summary for Nov 2020 Name: GosportINWX City: Gosport State: IN Elevation: 751 ft Lat: N 39° 21' 03" Lon: W 086° 40' 01" Temperature (°F), Rain (in), Wind Speed (mph) Heat Cool Avg Mean Deg Deg Wind Dom Day Temp High Time Low Time Days Days Rain Speed High Time Dir ---------------------------------------------------------------------------------- 1 45.2 54.9 01:58 32.0 23:32 20.6 0.0 0.00 7.0 37.6 06:29 WNW 2 37.6 49.6 15:57 25.0 06:14 27.4 0.0 0.00 2.0 17.2 10:39 WSW 3 51.1 67.1 14:59 39.0 07:12 14.1 0.2 0.00 2.3 17.2 12:14 SW 4 60.2 74.3 14:36 49.8 07:45 6.4 1.6 0.00 3.2 29.9 13:25 SW 5 61.0 70.5 14:59 50.9 23:59 4.7 0.7 0.00 2.9 24.4 14:06 SW 6 57.2 73.0 13:23 43.2 07:31 9.4 1.6 0.00 1.6 18.8 14:08 SW 7 55.4 73.9 14:07 39.6 07:41 11.4 1.8 0.00 0.7 14.9 12:47 SW 8 65.6 81.0 13:47 48.2 02:12 3.7 4.3 0.00 1.5 24.4 10:43 SSW 9 66.2 78.6 14:03 53.2 05:31 3.1 4.4 0.00 1.2 22.7 13:06 SSW 10 69.8 75.7 12:35 56.5 23:41 0.2 5.1 0.07 4.4 36.0 18:00 SSW 11 47.2 56.5 00:11 34.7 23:51 17.9 0.0 0.00 2.6 18.8 14:08 NNW 12 40.8 54.0 14:06 30.7 06:53 24.2 0.0 0.00 0.9 17.2 09:35 ENE 13 41.2 51.1 12:46 29.5 23:56 23.8 0.0 0.00 1.7 17.2 13:40 WNW 14 39.6 54.1 23:45 26.6 03:56 25.4 0.0 0.43 1.6 22.7 20:39 SSE 15 50.8 66.0 03:08 41.7 23:51 14.2 0.0 0.23 9.4 52.6 08:59 W 16 46.0 56.7 15:41 35.4 07:29 19.0 0.0 0.00 5.2 32.1 16:22 WSW 17 39.0 47.3 00:00 32.2 20:24 26.0 0.0 0.00 4.7 36.0 14:35 NNW 18 40.7 51.6 15:12 27.5 06:23 24.3 0.0 0.00 3.4 29.9 10:35 S 19 57.1 66.6 15:30 43.7 04:00 8.0 0.1 0.00 8.7 52.6 13:32 SW 20 57.9 63.9 13:18 54.3 23:45 7.1 0.0 0.01 5.8 36.0 06:08 WSW 21 47.3 54.3 00:00 43.5 23:41 17.7 0.0 0.28 2.4 20.5 04:12 NE 22 41.1 43.5 00:00 38.7 20:58 23.9 0.0 0.65 3.5 24.4 00:53 NNE 23 40.7 49.6 13:25 34.3 07:27 24.3 0.0 0.00 1.7 13.3 03:17 W 24 45.0 52.2 15:19 39.7 02:31 20.0 0.0 0.01 1.3 20.5 12:35 SE 25 51.3 58.5 15:22 44.6 00:00 13.7 0.0 1.12 4.5 32.1 17:51 SW 26 48.2 50.9 00:00 46.4 10:22 16.8 0.0 0.00 3.4 24.4 00:56 W 27 46.7 52.9 13:27 38.5 23:59 18.3 0.0 0.00 1.5 20.5 23:49 WNW 28 37.4 49.8 15:57 28.8 07:33 27.6 0.0 0.00 0.7 14.9 00:04 WNW 29 40.0 54.0 14:14 27.0 07:23 25.0 0.0 0.00 0.4 14.9 11:39 SW 30 34.7 42.4 01:14 28.8 21:07 30.3 0.0 0.11 6.7 37.6 03:38 NW ---------------------------------------------------------------------------------- 48.7 81.0 8 25.0 2 508.5 19.8 2.91 3.2 52.6 15 WSW Max >= 80.0: 1 Max <= 32.0: 0 Min <= 32.0: 9 Min <= 0.0: 0 Max Rain: 1.12 on day 25 Days of Rain: 9 (>= 0.01 in) 6 (>= 0.10 in) 1 (>= 1.00 in) Heat Base: 65.0 Cool Base: 65.0 Method: Integration