NOAA-Style Climate Reports
Select a Year or Month report
2024: Jan Feb Mar Apr May Jun Jul Aug Sep Oct Nov Dec
2023: Jan Feb Mar Apr May Jun Jul Aug Sep Oct Nov Dec
2022: Jan Feb Mar Apr May Jun Jul Aug Sep Oct Nov Dec
2021: Jan Feb Mar Apr May Jun Jul Aug Sep Oct Nov Dec
2020: Jan Feb Mar Apr May Jun Jul Aug Sep Oct Nov Dec
2019: Jan Feb Mar Apr May Jun Jul Aug Sep Oct Nov Dec
2018: Jan Feb Mar Apr May Jun Jul Aug Sep Oct Nov Dec
2017: Jan Feb Mar Apr May Jun Jul Aug Sep Oct Nov Dec
2016: Jan Feb Mar Apr May Jun Jul Aug Sep Oct Nov Dec
2015: Jan Feb Mar Apr May Jun Jul Aug Sep Oct Nov Dec
2014: Jan Feb Mar Apr May Jun Jul Aug Sep Oct Nov Dec
2013: Jan Feb Mar Apr May Jun Jul Aug Sep Oct Nov Dec
2024: Jan Feb Mar Apr May Jun Jul Aug Sep Oct Nov Dec
2023: Jan Feb Mar Apr May Jun Jul Aug Sep Oct Nov Dec
2022: Jan Feb Mar Apr May Jun Jul Aug Sep Oct Nov Dec
2021: Jan Feb Mar Apr May Jun Jul Aug Sep Oct Nov Dec
2020: Jan Feb Mar Apr May Jun Jul Aug Sep Oct Nov Dec
2019: Jan Feb Mar Apr May Jun Jul Aug Sep Oct Nov Dec
2018: Jan Feb Mar Apr May Jun Jul Aug Sep Oct Nov Dec
2017: Jan Feb Mar Apr May Jun Jul Aug Sep Oct Nov Dec
2016: Jan Feb Mar Apr May Jun Jul Aug Sep Oct Nov Dec
2015: Jan Feb Mar Apr May Jun Jul Aug Sep Oct Nov Dec
2014: Jan Feb Mar Apr May Jun Jul Aug Sep Oct Nov Dec
2013: Jan Feb Mar Apr May Jun Jul Aug Sep Oct Nov Dec
Report for 2020 September
Monthly Climatological Summary for Sep 2020 Name: GosportINWX City: Gosport State: IN Elevation: 751 ft Lat: N 39° 21' 03" Lon: W 086° 40' 01" Temperature (°F), Rain (in), Wind Speed (mph) Heat Cool Avg Mean Deg Deg Wind Dom Day Temp High Time Low Time Days Days Rain Speed High Time Dir ---------------------------------------------------------------------------------- 1 73.0 78.8 15:52 64.9 07:29 0.0 8.0 0.00 0.1 9.4 13:57 NE 2 73.3 78.1 17:44 70.0 23:56 0.0 8.3 0.03 0.5 9.4 08:18 W 3 74.7 83.1 15:44 68.5 05:36 0.0 9.6 0.03 1.6 22.7 15:02 WSW 4 67.4 77.7 15:33 56.5 07:33 2.1 4.6 0.00 1.0 17.2 01:03 NNE 5 65.7 80.8 17:03 50.9 07:33 4.8 5.5 0.00 1.3 13.3 16:33 WNW 6 68.4 77.7 16:24 57.4 07:03 1.6 5.1 0.00 1.1 17.2 15:52 SSW 7 76.4 87.4 16:20 68.0 00:16 0.0 11.4 0.00 2.4 18.8 15:15 SW 8 76.2 88.0 16:28 66.6 06:53 0.0 11.0 0.00 0.9 22.7 14:11 SW 9 73.4 86.9 17:06 61.3 07:40 0.5 8.9 0.00 0.4 11.1 14:20 N 10 70.7 80.2 17:07 64.6 05:32 0.0 5.7 0.00 2.2 22.7 19:34 NNE 11 69.6 72.5 17:58 66.6 09:32 0.0 4.6 0.00 1.7 18.8 07:30 NNW 12 72.4 81.5 15:53 66.7 06:36 0.0 7.4 0.00 0.7 14.9 00:00 W 13 72.7 79.7 15:55 62.8 23:57 0.1 7.8 0.00 0.4 14.9 15:33 NNE 14 65.5 78.1 15:51 55.8 06:58 3.0 3.5 0.00 1.5 22.7 12:20 NNE 15 61.1 73.0 15:40 52.2 07:39 5.7 1.7 0.00 0.6 14.9 12:55 NW 16 59.8 77.0 15:40 46.0 07:06 7.7 2.5 0.00 0.2 9.4 12:48 NNW 17 64.1 81.3 16:01 50.4 07:59 5.3 4.4 0.00 2.3 33.8 17:07 NNE 18 57.9 67.3 16:15 46.2 23:58 7.3 0.2 0.00 3.8 33.8 12:17 N 19 52.1 66.9 17:10 39.9 06:27 13.1 0.2 0.00 1.6 26.6 15:11 NW 20 54.6 71.4 15:02 40.3 07:21 11.7 1.4 0.00 1.3 24.4 12:51 N 21 56.8 73.9 15:12 41.5 07:51 10.3 2.1 0.00 0.9 17.2 14:13 NE 22 59.6 75.0 16:11 45.9 07:11 7.9 2.5 0.00 0.3 11.1 15:30 NNE 23 60.4 71.2 14:07 50.4 08:07 5.8 1.2 0.00 0.2 13.3 13:40 NNW 24 62.6 76.1 15:44 52.3 07:52 4.9 2.4 0.00 0.5 17.2 15:51 NNW 25 63.5 78.8 17:23 51.4 06:38 5.0 3.5 0.00 0.7 17.2 13:21 N 26 65.2 73.9 17:34 59.2 05:26 1.6 1.9 0.00 1.8 20.5 13:56 SSW 27 68.3 78.3 16:03 62.1 08:08 0.6 3.8 0.00 2.2 18.8 15:53 SSW 28 59.2 64.8 02:14 53.8 23:34 5.8 0.0 0.04 1.1 22.7 06:11 NW 29 54.2 63.1 15:54 46.2 08:26 10.8 0.0 0.00 1.2 14.9 13:34 W 30 59.8 76.1 16:02 49.8 03:43 7.2 2.0 0.00 2.9 24.4 09:40 WSW ---------------------------------------------------------------------------------- 65.3 88.0 8 39.9 19 122.8 131.2 0.10 1.3 33.8 17 NW Max >= 80.0: 8 Max <= 32.0: 0 Min <= 32.0: 0 Min <= 0.0: 0 Max Rain: 0.04 on day 28 Days of Rain: 3 (>= 0.01 in) 0 (>= 0.10 in) 0 (>= 1.00 in) Heat Base: 65.0 Cool Base: 65.0 Method: Integration