NOAA-Style Climate Reports
Select a Year or Month report
2024: Jan Feb Mar Apr May Jun Jul Aug Sep Oct Nov Dec
2023: Jan Feb Mar Apr May Jun Jul Aug Sep Oct Nov Dec
2022: Jan Feb Mar Apr May Jun Jul Aug Sep Oct Nov Dec
2021: Jan Feb Mar Apr May Jun Jul Aug Sep Oct Nov Dec
2020: Jan Feb Mar Apr May Jun Jul Aug Sep Oct Nov Dec
2019: Jan Feb Mar Apr May Jun Jul Aug Sep Oct Nov Dec
2018: Jan Feb Mar Apr May Jun Jul Aug Sep Oct Nov Dec
2017: Jan Feb Mar Apr May Jun Jul Aug Sep Oct Nov Dec
2016: Jan Feb Mar Apr May Jun Jul Aug Sep Oct Nov Dec
2015: Jan Feb Mar Apr May Jun Jul Aug Sep Oct Nov Dec
2014: Jan Feb Mar Apr May Jun Jul Aug Sep Oct Nov Dec
2013: Jan Feb Mar Apr May Jun Jul Aug Sep Oct Nov Dec
2024: Jan Feb Mar Apr May Jun Jul Aug Sep Oct Nov Dec
2023: Jan Feb Mar Apr May Jun Jul Aug Sep Oct Nov Dec
2022: Jan Feb Mar Apr May Jun Jul Aug Sep Oct Nov Dec
2021: Jan Feb Mar Apr May Jun Jul Aug Sep Oct Nov Dec
2020: Jan Feb Mar Apr May Jun Jul Aug Sep Oct Nov Dec
2019: Jan Feb Mar Apr May Jun Jul Aug Sep Oct Nov Dec
2018: Jan Feb Mar Apr May Jun Jul Aug Sep Oct Nov Dec
2017: Jan Feb Mar Apr May Jun Jul Aug Sep Oct Nov Dec
2016: Jan Feb Mar Apr May Jun Jul Aug Sep Oct Nov Dec
2015: Jan Feb Mar Apr May Jun Jul Aug Sep Oct Nov Dec
2014: Jan Feb Mar Apr May Jun Jul Aug Sep Oct Nov Dec
2013: Jan Feb Mar Apr May Jun Jul Aug Sep Oct Nov Dec
Report for 2020 August
Monthly Climatological Summary for Aug 2020 Name: GosportINWX City: Gosport State: IN Elevation: 751 ft Lat: N 39° 21' 03" Lon: W 086° 40' 01" Temperature (°F), Rain (in), Wind Speed (mph) Heat Cool Avg Mean Deg Deg Wind Dom Day Temp High Time Low Time Days Days Rain Speed High Time Dir ---------------------------------------------------------------------------------- 1 68.6 71.8 15:56 66.9 07:23 0.0 3.6 0.30 1.3 17.5 17:55 N 2 68.4 79.5 14:42 60.6 07:04 0.8 4.2 0.12 1.0 13.9 15:53 SW 3 69.8 80.8 14:47 64.4 04:14 0.0 4.8 0.07 0.2 19.0 15:21 N 4 67.5 74.8 13:39 59.0 23:55 0.8 3.3 0.00 1.1 21.1 11:14 NE 5 63.5 75.2 14:27 54.1 07:01 4.1 2.6 0.00 0.9 17.5 12:21 NNE 6 57.0 58.6 00:00 55.9 03:23 1.5 0.0 0.00 0.0 0.0 00:00 --- 7 69.5 79.5 14:42 55.8 07:04 1.5 5.0 0.00 1.4 21.1 11:11 NNE 8 69.2 82.4 14:35 56.1 07:14 2.5 6.7 0.00 0.4 10.3 11:13 ENE 9 73.6 84.7 15:20 63.0 06:58 0.3 8.8 0.00 0.8 13.9 11:50 SSW 10 75.3 86.9 18:08 68.4 20:38 0.0 10.3 1.73 1.7 72.5 19:59 WNW 11 73.5 82.8 18:02 68.0 06:48 0.0 8.5 0.01 0.3 14.9 00:40 N 12 74.6 84.0 16:49 66.9 07:13 0.0 9.6 0.00 0.7 16.8 18:30 N 13 74.8 84.0 16:47 67.6 06:34 0.0 9.8 0.00 1.4 23.0 14:42 NNE 14 75.6 85.3 14:38 69.3 06:46 0.0 10.6 0.00 0.6 23.0 16:34 N 15 74.7 84.7 14:36 65.3 07:29 0.0 9.7 0.00 0.6 16.8 12:14 N 16 73.6 81.7 15:54 66.9 23:35 0.0 8.6 0.00 1.5 40.3 12:22 NNE 17 72.6 82.2 14:09 64.6 07:06 0.0 7.6 0.00 0.3 14.9 16:30 W 18 70.0 76.3 17:54 65.3 23:56 0.0 5.0 0.00 2.7 28.2 14:45 NNW 19 66.6 77.9 14:36 55.4 07:40 2.7 4.3 0.00 1.9 28.2 12:42 NNW 20 66.9 79.7 14:42 56.1 05:51 2.9 4.9 0.00 1.3 20.5 16:37 N 21 69.1 81.9 14:40 56.8 07:11 2.4 6.5 0.00 0.8 14.9 13:09 NNE 22 71.8 84.0 14:45 59.9 07:27 0.9 7.6 0.00 0.6 13.3 13:03 N 23 74.1 84.7 16:19 63.9 07:10 0.1 9.1 0.00 0.5 13.3 12:15 WNW 24 78.0 88.3 16:53 70.9 02:30 0.0 13.0 0.00 1.1 13.3 10:09 WSW 25 79.7 89.4 14:46 72.3 07:08 0.0 14.7 0.00 0.2 11.1 13:20 NW 26 78.4 87.8 14:47 70.7 07:45 0.0 13.4 0.00 0.7 14.9 15:29 SW 27 77.5 82.8 14:09 73.6 03:52 0.0 12.5 0.00 0.5 11.1 13:41 SW 28 78.4 86.7 15:57 72.0 23:52 0.0 13.4 0.03 0.6 17.2 11:45 SSW 29 75.4 84.9 14:38 66.6 23:59 0.0 10.4 0.00 0.9 26.6 15:56 NNE 30 67.7 78.3 15:52 57.4 07:34 2.0 4.6 0.00 1.2 18.8 14:59 N 31 70.3 80.8 17:04 59.7 02:23 1.1 6.4 0.00 0.4 9.4 10:07 SSE ---------------------------------------------------------------------------------- 71.8 89.4 25 54.1 5 23.6 239.5 2.26 0.9 72.5 10 N Max >= 80.0: 21 Max <= 32.0: 0 Min <= 32.0: 0 Min <= 0.0: 0 Max Rain: 1.73 on day 10 Days of Rain: 6 (>= 0.01 in) 3 (>= 0.10 in) 1 (>= 1.00 in) Heat Base: 65.0 Cool Base: 65.0 Method: Integration