NOAA-Style Climate Reports
Select a Year or Month report
2024: Jan Feb Mar Apr May Jun Jul Aug Sep Oct Nov Dec
2023: Jan Feb Mar Apr May Jun Jul Aug Sep Oct Nov Dec
2022: Jan Feb Mar Apr May Jun Jul Aug Sep Oct Nov Dec
2021: Jan Feb Mar Apr May Jun Jul Aug Sep Oct Nov Dec
2020: Jan Feb Mar Apr May Jun Jul Aug Sep Oct Nov Dec
2019: Jan Feb Mar Apr May Jun Jul Aug Sep Oct Nov Dec
2018: Jan Feb Mar Apr May Jun Jul Aug Sep Oct Nov Dec
2017: Jan Feb Mar Apr May Jun Jul Aug Sep Oct Nov Dec
2016: Jan Feb Mar Apr May Jun Jul Aug Sep Oct Nov Dec
2015: Jan Feb Mar Apr May Jun Jul Aug Sep Oct Nov Dec
2014: Jan Feb Mar Apr May Jun Jul Aug Sep Oct Nov Dec
2013: Jan Feb Mar Apr May Jun Jul Aug Sep Oct Nov Dec
2024: Jan Feb Mar Apr May Jun Jul Aug Sep Oct Nov Dec
2023: Jan Feb Mar Apr May Jun Jul Aug Sep Oct Nov Dec
2022: Jan Feb Mar Apr May Jun Jul Aug Sep Oct Nov Dec
2021: Jan Feb Mar Apr May Jun Jul Aug Sep Oct Nov Dec
2020: Jan Feb Mar Apr May Jun Jul Aug Sep Oct Nov Dec
2019: Jan Feb Mar Apr May Jun Jul Aug Sep Oct Nov Dec
2018: Jan Feb Mar Apr May Jun Jul Aug Sep Oct Nov Dec
2017: Jan Feb Mar Apr May Jun Jul Aug Sep Oct Nov Dec
2016: Jan Feb Mar Apr May Jun Jul Aug Sep Oct Nov Dec
2015: Jan Feb Mar Apr May Jun Jul Aug Sep Oct Nov Dec
2014: Jan Feb Mar Apr May Jun Jul Aug Sep Oct Nov Dec
2013: Jan Feb Mar Apr May Jun Jul Aug Sep Oct Nov Dec
Report for 2020 July
Monthly Climatological Summary for Jul 2020 Name: GosportINWX City: Gosport State: Indiana Elevation: 750 ft Lat: N 39° 30' 20" Lon: W 087° 10' 31" Temperature (°F), Rain (in), Wind Speed (mph) Heat Cool Avg Mean Deg Deg Wind Dom Day Temp High Time Low Time Days Days Rain Speed High Time Dir ---------------------------------------------------------------------------------- 1 76.9 87.4 2:20p 68.0 6:36a 0.0 11.9 0.00 0.3 13.9 1:30p NNE 2 78.9 90.0 2:24p 69.4 6:47a 0.0 13.9 0.00 0.8 21.1 4:33p NNE 3 76.9 90.7 2:19p 65.3 6:34a 0.0 11.9 0.00 0.4 13.9 1:55p NE 4 79.8 92.5 2:26p 68.5 5:34a 0.0 14.8 0.00 0.9 19.0 5:53p NE 5 80.2 93.6 2:22p 69.1 6:29a 0.0 15.2 0.00 0.4 17.5 3:43p NNE 6 79.8 91.2 2:33p 70.0 7:10a 0.0 14.8 0.00 0.3 21.1 9:26p N 7 76.4 89.6 12:28p 69.1 6:53a 0.0 11.4 0.04 0.2 15.9 1:11p WNW 8 78.5 91.8 1:34p 69.6 6:29a 0.0 13.5 0.00 0.4 19.0 3:00p SSE 9 79.1 90.7 2:14p 68.2 6:41a 0.0 14.1 0.00 0.3 12.3 1:02p SSW 10 77.6 85.8 4:25p 72.5 11:17p 0.0 9.6 0.00 1.5 15.9 1:57p W 11 74.1 88.3 4:50p 65.7 7:22p 0.0 9.1 1.68 0.8 43.7 6:30p NNE 12 71.9 82.8 4:55p 63.1 5:23a 0.3 7.2 0.74 0.5 26.2 1:08a NE 13 71.2 81.5 2:15p 60.1 6:42a 0.8 7.0 0.00 0.8 21.1 6:10p NE 14 72.5 85.3 2:32p 60.1 5:53a 1.0 8.5 0.00 0.3 13.9 3:33p N 15 75.4 88.2 2:37p 61.7 6:51a 0.4 10.8 0.07 0.4 13.9 1:48p SW 16 74.2 79.7 7:04p 70.0 11:57p 0.0 9.2 0.05 1.1 12.3 2:24a W 18 75.7 87.4 2:11p 65.7 6:48a 0.0 8.1 0.00 ---- 13.9 2:50p N 19 71.1 93.3 3:26p 70.0 7:44p 0.0 1.5 2.50 1.3 42.2 6:41p SSW 20 75.5 84.9 4:36p 68.9 7:06a 0.0 10.5 0.25 0.5 13.9 2:09a WNW 21 76.5 86.4 4:44p 69.6 11:45p 0.0 11.5 0.34 0.4 35.0 9:52p SW 22 74.9 83.7 4:58p 69.1 4:00a 0.0 9.9 0.89 0.8 24.7 3:40a WSW 23 76.8 85.6 2:50p 69.1 11:58p 0.0 11.8 0.00 0.4 10.3 4:37p WNW 24 73.9 85.5 2:36p 64.6 7:03a 0.0 8.9 0.00 0.6 13.9 12:25p NNE 25 74.2 86.7 2:23p 62.6 6:35a 0.3 9.6 0.00 0.4 13.9 12:06p NNE 26 78.3 88.3 2:25p 66.6 6:49a 0.0 13.2 0.00 0.7 12.3 12:34p W 27 77.6 88.0 2:26p 72.3 5:02p 0.0 12.6 0.19 1.3 26.2 3:30p SW 28 76.1 84.9 2:28p 67.8 11:41p 0.0 11.1 0.02 0.3 12.3 2:24p NNE 29 74.2 85.1 2:24p 63.1 6:44a 0.2 9.3 0.00 0.2 10.0 3:47p SSW 30 71.9 75.9 11:21a 68.0 11:22p 0.0 6.9 0.90 0.8 17.5 9:38p N 31 71.0 78.8 1:07p 65.8 3:12a 0.0 6.0 0.23 1.3 19.0 9:25a NNE ---------------------------------------------------------------------------------- 75.7 93.6 5 60.1 13 3.0 313.8 7.90 0.6 43.7 11 NW Max >= 80.0: 27 Max <= 32.0: 0 Min <= 32.0: 0 Min <= 0.0: 0 Max Rain: 2.50 on day 19 Days of Rain: 13 (>= 0.01 in) 9 (>= 0.10 in) 2 (>= 1.00 in) Heat Base: 65.0 Cool Base: 65.0 Method: Integration