NOAA-Style Climate Reports
Select a Year or Month report
2024: Jan Feb Mar Apr May Jun Jul Aug Sep Oct Nov Dec
2023: Jan Feb Mar Apr May Jun Jul Aug Sep Oct Nov Dec
2022: Jan Feb Mar Apr May Jun Jul Aug Sep Oct Nov Dec
2021: Jan Feb Mar Apr May Jun Jul Aug Sep Oct Nov Dec
2020: Jan Feb Mar Apr May Jun Jul Aug Sep Oct Nov Dec
2019: Jan Feb Mar Apr May Jun Jul Aug Sep Oct Nov Dec
2018: Jan Feb Mar Apr May Jun Jul Aug Sep Oct Nov Dec
2017: Jan Feb Mar Apr May Jun Jul Aug Sep Oct Nov Dec
2016: Jan Feb Mar Apr May Jun Jul Aug Sep Oct Nov Dec
2015: Jan Feb Mar Apr May Jun Jul Aug Sep Oct Nov Dec
2014: Jan Feb Mar Apr May Jun Jul Aug Sep Oct Nov Dec
2013: Jan Feb Mar Apr May Jun Jul Aug Sep Oct Nov Dec
2024: Jan Feb Mar Apr May Jun Jul Aug Sep Oct Nov Dec
2023: Jan Feb Mar Apr May Jun Jul Aug Sep Oct Nov Dec
2022: Jan Feb Mar Apr May Jun Jul Aug Sep Oct Nov Dec
2021: Jan Feb Mar Apr May Jun Jul Aug Sep Oct Nov Dec
2020: Jan Feb Mar Apr May Jun Jul Aug Sep Oct Nov Dec
2019: Jan Feb Mar Apr May Jun Jul Aug Sep Oct Nov Dec
2018: Jan Feb Mar Apr May Jun Jul Aug Sep Oct Nov Dec
2017: Jan Feb Mar Apr May Jun Jul Aug Sep Oct Nov Dec
2016: Jan Feb Mar Apr May Jun Jul Aug Sep Oct Nov Dec
2015: Jan Feb Mar Apr May Jun Jul Aug Sep Oct Nov Dec
2014: Jan Feb Mar Apr May Jun Jul Aug Sep Oct Nov Dec
2013: Jan Feb Mar Apr May Jun Jul Aug Sep Oct Nov Dec
Report for 2020 June
Monthly Climatological Summary for Jun 2020 Name: GosportINWX City: Gosport State: Indiana Elevation: 750 ft Lat: N 39° 30' 20" Lon: W 087° 10' 31" Temperature (°F), Rain (in), Wind Speed (mph) Heat Cool Avg Mean Deg Deg Wind Dom Day Temp High Time Low Time Days Days Rain Speed High Time Dir ---------------------------------------------------------------------------------- 1 63.5 77.0 4:26p 47.5 5:24a 5.6 4.1 0.00 0.5 13.9 2:49p SSE 2 75.6 87.4 4:51p 64.0 2:07a 0.1 10.6 0.00 1.9 21.1 4:36p WSW 3 78.4 88.5 4:49p 68.9 6:36a 0.0 13.4 0.00 1.8 15.9 11:47a WSW 4 74.7 84.9 3:18p 68.4 6:16a 0.0 9.7 0.09 0.3 27.8 4:22a WNW 5 75.8 85.5 4:16p 66.2 7:06a 0.0 10.8 0.02 0.4 65.9 7:14p SW 6 80.2 90.9 2:20p 70.0 6:07a 0.0 15.2 0.00 0.6 19.0 11:54a NNE 7 73.7 86.4 4:43p 59.0 6:44a 0.8 9.6 0.00 0.8 21.1 3:13p NNE 8 73.4 87.8 2:29p 58.8 6:43a 1.2 9.6 0.00 0.5 15.9 10:04a NNW 9 77.1 82.9 11:25a 70.9 12:40a 0.0 12.1 0.12 2.4 36.5 3:38p S 10 78.4 84.6 11:47a 66.6 11:56p 0.0 13.4 0.00 5.2 43.7 3:20p SW 11 70.5 81.5 2:25p 59.0 6:37a 1.3 6.8 0.00 1.2 26.2 2:24p WNW 12 75.9 86.9 1:50p 0.0 5:39a 0.6 8.9 0.00 0.7 24.7 2:22p NNE 13 68.4 81.0 4:36p 55.4 6:52a 2.3 5.7 0.00 1.6 24.7 6:39p NNE 14 65.4 76.3 2:11p 54.1 6:25a 3.1 3.5 0.19 1.9 24.7 12:38p N 15 65.0 79.3 4:55p 49.5 5:58a 4.7 4.7 0.00 1.1 21.1 3:33p NNE 16 69.7 82.6 2:16p 55.4 6:25a 2.5 7.2 0.00 0.8 17.5 12:00p NNW 17 71.1 84.4 2:15p 57.2 5:57a 1.9 8.0 0.00 0.8 19.0 4:04p NNE 18 72.5 86.2 1:52p 59.0 6:46a 1.2 8.7 0.00 0.3 17.5 1:39p N 19 76.2 89.8 3:13p 62.1 6:30a 0.4 11.5 0.00 0.3 10.3 2:37p WNW 20 79.0 89.6 2:08p 66.6 2:52a 0.0 14.0 0.00 0.8 15.9 3:56p WSW 21 71.9 76.6 6:01p 66.9 11:42p 0.0 6.9 0.14 0.1 12.3 7:00p NNW 22 74.9 86.0 2:23p 64.2 6:34a 0.0 9.9 0.02 0.9 15.9 1:43p SW 23 71.3 78.4 4:19p 66.0 10:20p 0.0 6.3 0.12 1.2 17.5 12:47p NW 24 71.4 81.0 2:11p 62.4 6:45a 0.2 6.6 0.00 0.7 12.3 12:55p W 25 72.5 85.1 2:38p 60.1 4:48a 1.1 8.6 0.00 0.4 10.3 1:10p W 26 78.3 89.1 3:37p 69.4 3:21a 0.0 13.3 0.00 1.9 19.0 5:19p SW 27 74.2 77.5 12:00a 71.2 9:31p 0.0 9.2 0.35 1.5 17.5 7:47a SW 28 74.5 82.4 6:28p 70.3 1:46a 0.0 9.5 0.27 0.3 13.9 3:04p W 29 79.4 88.9 2:40p 72.3 3:47a 0.0 14.4 0.18 0.2 13.9 10:29p WSW 30 75.0 84.0 1:09p 68.5 6:27a 0.0 10.0 0.99 0.5 15.9 6:51a SSW ---------------------------------------------------------------------------------- 73.6 90.9 6 0.0 12 27.0 282.2 2.49 1.1 65.9 5 W Max >= 80.0: 24 Max <= 32.0: 0 Min <= 32.0: 1 Min <= 0.0: 1 Max Rain: 0.99 on day 30 Days of Rain: 11 (>= 0.01 in) 8 (>= 0.10 in) 0 (>= 1.00 in) Heat Base: 65.0 Cool Base: 65.0 Method: Integration