NOAA-Style Climate Reports
Select a Year or Month report
2024: Jan Feb Mar Apr May Jun Jul Aug Sep Oct Nov Dec
2023: Jan Feb Mar Apr May Jun Jul Aug Sep Oct Nov Dec
2022: Jan Feb Mar Apr May Jun Jul Aug Sep Oct Nov Dec
2021: Jan Feb Mar Apr May Jun Jul Aug Sep Oct Nov Dec
2020: Jan Feb Mar Apr May Jun Jul Aug Sep Oct Nov Dec
2019: Jan Feb Mar Apr May Jun Jul Aug Sep Oct Nov Dec
2018: Jan Feb Mar Apr May Jun Jul Aug Sep Oct Nov Dec
2017: Jan Feb Mar Apr May Jun Jul Aug Sep Oct Nov Dec
2016: Jan Feb Mar Apr May Jun Jul Aug Sep Oct Nov Dec
2015: Jan Feb Mar Apr May Jun Jul Aug Sep Oct Nov Dec
2014: Jan Feb Mar Apr May Jun Jul Aug Sep Oct Nov Dec
2013: Jan Feb Mar Apr May Jun Jul Aug Sep Oct Nov Dec
2024: Jan Feb Mar Apr May Jun Jul Aug Sep Oct Nov Dec
2023: Jan Feb Mar Apr May Jun Jul Aug Sep Oct Nov Dec
2022: Jan Feb Mar Apr May Jun Jul Aug Sep Oct Nov Dec
2021: Jan Feb Mar Apr May Jun Jul Aug Sep Oct Nov Dec
2020: Jan Feb Mar Apr May Jun Jul Aug Sep Oct Nov Dec
2019: Jan Feb Mar Apr May Jun Jul Aug Sep Oct Nov Dec
2018: Jan Feb Mar Apr May Jun Jul Aug Sep Oct Nov Dec
2017: Jan Feb Mar Apr May Jun Jul Aug Sep Oct Nov Dec
2016: Jan Feb Mar Apr May Jun Jul Aug Sep Oct Nov Dec
2015: Jan Feb Mar Apr May Jun Jul Aug Sep Oct Nov Dec
2014: Jan Feb Mar Apr May Jun Jul Aug Sep Oct Nov Dec
2013: Jan Feb Mar Apr May Jun Jul Aug Sep Oct Nov Dec
Report for 2020 May
Monthly Climatological Summary for May 2020 Name: GosportINWX City: Gosport State: Indiana Elevation: 750 ft Lat: N 39° 30' 20" Lon: W 087° 10' 31" Temperature (°F), Rain (in), Wind Speed (mph) Heat Cool Avg Mean Deg Deg Wind Dom Day Temp High Time Low Time Days Days Rain Speed High Time Dir ---------------------------------------------------------------------------------- 1 55.0 68.9 5:30p 39.9 7:02a 10.5 0.6 0.00 0.9 19.0 2:10p NE 2 69.2 82.2 6:13p 55.0 1:59a 2.1 5.6 0.00 3.9 27.8 4:57p SW 3 63.6 73.9 1:54p 0.0 5:22a 2.7 1.7 0.14 1.0 27.8 5:42p N 4 58.1 70.3 2:32p 46.6 7:07a 7.7 0.8 0.00 1.5 21.1 10:47a N 5 49.3 58.5 12:00a 43.7 8:58p 15.7 0.0 0.34 1.2 19.0 5:00p NNE 6 50.2 60.6 4:39p 41.0 7:28a 14.8 0.0 0.00 2.4 26.2 1:24a NE 7 56.3 67.5 4:53p 45.1 12:33a 8.8 0.2 0.00 3.5 31.4 5:01p W 8 49.8 56.7 12:00a 36.3 11:57p 15.2 0.0 0.37 2.4 43.7 3:21p NNE 9 43.2 55.9 5:38p 27.5 6:04a 21.5 0.0 0.00 1.3 19.0 11:44a NW 10 50.5 61.9 12:32p 41.0 11:56p 14.5 0.0 0.07 6.0 47.3 2:33p W 11 45.0 52.3 6:17p 36.1 2:43a 20.0 0.0 0.00 1.6 19.0 12:13p WNW 12 48.7 60.8 3:31p 34.7 6:31a 16.3 0.0 0.00 1.0 22.6 2:25p W 13 51.1 56.8 3:04p 41.9 4:19a 13.9 0.0 0.00 0.9 21.1 12:55p SSE 14 64.4 79.2 6:00p 53.4 12:33a 3.8 3.4 0.81 2.9 33.4 2:21p SW 15 69.4 74.8 4:57p 62.4 11:56p 0.1 3.5 0.09 2.9 22.6 12:04p SW 16 69.6 81.5 1:19p 58.5 6:56a 1.9 6.4 0.02 0.7 15.9 3:24p NE 17 69.2 75.6 4:12p 62.6 11:52p 0.1 4.3 2.75 1.1 47.3 8:58p S 18 62.4 68.4 3:08p 57.4 5:37a 3.1 0.5 0.60 0.4 10.3 2:11p W 19 61.8 69.8 6:16p 56.8 7:08a 3.7 0.6 0.37 0.3 13.9 6:49p NE 20 57.1 59.2 12:00a 55.2 9:25a 7.9 0.0 0.02 1.1 21.1 11:57a N 21 59.1 64.6 4:04p 53.8 6:21a 5.9 0.0 0.00 0.3 13.9 10:27a NE 22 64.3 76.3 4:50p 52.9 4:32a 4.2 3.6 0.00 0.5 15.9 1:28p NNE 23 69.9 83.5 1:55p 60.3 6:38a 1.0 5.9 0.02 0.6 22.6 2:54p N 24 73.4 84.9 2:28p 64.4 6:55a 0.0 8.5 0.07 0.9 27.8 7:17p SSW 25 75.7 87.6 4:27p 64.6 7:02a 0.0 10.7 0.00 0.7 17.5 11:17a SW 26 75.3 87.4 2:06p 65.8 6:18a 0.0 10.3 0.00 0.6 15.9 12:24p SSW 27 72.6 83.3 1:10p 65.3 6:58a 0.0 7.6 0.00 1.1 26.2 4:11p SSE 28 71.1 80.6 4:23p 64.6 11:37p 0.0 6.1 0.66 0.9 17.5 1:44p SW 29 69.1 77.2 4:54p 63.0 11:27p 0.1 3.8 0.09 0.6 22.6 4:37p NW 30 64.8 73.6 1:44p 54.0 6:47a 3.2 2.9 0.00 1.2 22.6 1:27p NE 31 63.3 73.4 2:39p 52.5 6:56a 4.4 2.7 0.00 1.3 22.6 12:12p NNE ---------------------------------------------------------------------------------- 61.4 87.6 25 0.0 3 203.1 89.7 6.42 1.4 47.3 10 W Max >= 80.0: 8 Max <= 32.0: 0 Min <= 32.0: 2 Min <= 0.0: 1 Max Rain: 2.75 on day 17 Days of Rain: 15 (>= 0.01 in) 8 (>= 0.10 in) 1 (>= 1.00 in) Heat Base: 65.0 Cool Base: 65.0 Method: Integration