NOAA-Style Climate Reports
Select a Year or Month report
2024: Jan Feb Mar Apr May Jun Jul Aug Sep Oct Nov Dec
2023: Jan Feb Mar Apr May Jun Jul Aug Sep Oct Nov Dec
2022: Jan Feb Mar Apr May Jun Jul Aug Sep Oct Nov Dec
2021: Jan Feb Mar Apr May Jun Jul Aug Sep Oct Nov Dec
2020: Jan Feb Mar Apr May Jun Jul Aug Sep Oct Nov Dec
2019: Jan Feb Mar Apr May Jun Jul Aug Sep Oct Nov Dec
2018: Jan Feb Mar Apr May Jun Jul Aug Sep Oct Nov Dec
2017: Jan Feb Mar Apr May Jun Jul Aug Sep Oct Nov Dec
2016: Jan Feb Mar Apr May Jun Jul Aug Sep Oct Nov Dec
2015: Jan Feb Mar Apr May Jun Jul Aug Sep Oct Nov Dec
2014: Jan Feb Mar Apr May Jun Jul Aug Sep Oct Nov Dec
2013: Jan Feb Mar Apr May Jun Jul Aug Sep Oct Nov Dec
2024: Jan Feb Mar Apr May Jun Jul Aug Sep Oct Nov Dec
2023: Jan Feb Mar Apr May Jun Jul Aug Sep Oct Nov Dec
2022: Jan Feb Mar Apr May Jun Jul Aug Sep Oct Nov Dec
2021: Jan Feb Mar Apr May Jun Jul Aug Sep Oct Nov Dec
2020: Jan Feb Mar Apr May Jun Jul Aug Sep Oct Nov Dec
2019: Jan Feb Mar Apr May Jun Jul Aug Sep Oct Nov Dec
2018: Jan Feb Mar Apr May Jun Jul Aug Sep Oct Nov Dec
2017: Jan Feb Mar Apr May Jun Jul Aug Sep Oct Nov Dec
2016: Jan Feb Mar Apr May Jun Jul Aug Sep Oct Nov Dec
2015: Jan Feb Mar Apr May Jun Jul Aug Sep Oct Nov Dec
2014: Jan Feb Mar Apr May Jun Jul Aug Sep Oct Nov Dec
2013: Jan Feb Mar Apr May Jun Jul Aug Sep Oct Nov Dec
Report for 2020 April
Monthly Climatological Summary for Apr 2020 Name: GosportINWX City: Gosport State: Indiana Elevation: 750 ft Lat: N 39° 30' 20" Lon: W 087° 10' 31" Temperature (°F), Rain (in), Wind Speed (mph) Heat Cool Avg Mean Deg Deg Wind Dom Day Temp High Time Low Time Days Days Rain Speed High Time Dir ---------------------------------------------------------------------------------- 11 46.6 49.3 11:59p 48.4 11:38p 0.2 0.0 0.02 1.9 15.1 11:43p W 12 52.8 60.8 4:03p 48.6 12:42a 12.2 0.0 0.16 1.5 16.7 4:48p SSE 13 45.2 54.3 12:00a 38.1 9:50a 19.8 0.0 0.05 7.1 41.3 2:33p WNW 14 39.9 47.3 4:47p 33.6 4:13a 25.1 0.0 0.00 3.3 39.5 4:49p WNW 15 39.0 48.2 12:07p 30.7 11:58p 26.0 0.0 0.00 4.4 45.3 12:43p W 16 38.1 49.3 5:58p 25.0 7:15a 26.9 0.0 0.00 1.4 21.1 11:24a NW 17 43.0 49.6 4:22p 37.4 11:38p 22.0 0.0 0.34 2.4 24.7 1:28p WNW 18 44.3 55.2 4:33p 32.2 7:16a 20.4 0.0 0.04 2.2 24.7 5:15p WSW 19 50.5 60.4 6:32p 41.5 3:09a 14.5 0.0 0.00 1.4 21.1 2:48p WSW 20 53.1 66.4 4:33p 37.6 7:21a 12.0 0.0 0.00 2.2 33.4 3:12p W 21 53.5 58.6 5:53p 45.1 11:58p 11.5 0.0 0.00 4.4 36.5 9:29a WNW 22 56.3 73.2 4:55p 34.7 7:17a 10.6 1.9 0.00 2.5 29.8 4:18p SW 23 55.2 62.4 12:00a 52.3 7:06a 9.8 0.0 0.97 0.5 13.9 8:09p NE 24 57.6 68.5 5:32p 48.2 6:48a 7.9 0.5 0.00 0.8 19.0 12:56a N 25 57.1 65.3 1:01p 48.4 5:14a 8.0 0.0 0.04 1.1 33.4 11:49p ENE 26 51.6 62.1 5:40p 43.3 7:54a 13.4 0.0 0.48 3.8 42.2 2:42p NNE 28 59.5 76.1 3:34p 36.0 7:06a 11.6 3.8 0.07 5.4 45.3 3:24p SW 29 57.2 69.3 12:44a 50.2 11:45p 8.0 0.2 0.27 3.9 31.4 1:17a WSW 30 48.1 51.1 8:16p 45.0 4:47a 16.9 0.0 0.09 3.8 21.1 10:44a WNW ---------------------------------------------------------------------------------- 49.9 76.1 28 25.0 16 276.8 6.4 2.53 2.9 45.3 15 W Max >= 80.0: 0 Max <= 32.0: 0 Min <= 32.0: 2 Min <= 0.0: 0 Max Rain: 0.97 on day 23 Days of Rain: 11 (>= 0.01 in) 5 (>= 0.10 in) 0 (>= 1.00 in) Heat Base: 65.0 Cool Base: 65.0 Method: Integration