NOAA-Style Climate Reports
Select a Year or Month report
2024: Jan Feb Mar Apr May Jun Jul Aug Sep Oct Nov Dec
2023: Jan Feb Mar Apr May Jun Jul Aug Sep Oct Nov Dec
2022: Jan Feb Mar Apr May Jun Jul Aug Sep Oct Nov Dec
2021: Jan Feb Mar Apr May Jun Jul Aug Sep Oct Nov Dec
2020: Jan Feb Mar Apr May Jun Jul Aug Sep Oct Nov Dec
2019: Jan Feb Mar Apr May Jun Jul Aug Sep Oct Nov Dec
2018: Jan Feb Mar Apr May Jun Jul Aug Sep Oct Nov Dec
2017: Jan Feb Mar Apr May Jun Jul Aug Sep Oct Nov Dec
2016: Jan Feb Mar Apr May Jun Jul Aug Sep Oct Nov Dec
2015: Jan Feb Mar Apr May Jun Jul Aug Sep Oct Nov Dec
2014: Jan Feb Mar Apr May Jun Jul Aug Sep Oct Nov Dec
2013: Jan Feb Mar Apr May Jun Jul Aug Sep Oct Nov Dec
2024: Jan Feb Mar Apr May Jun Jul Aug Sep Oct Nov Dec
2023: Jan Feb Mar Apr May Jun Jul Aug Sep Oct Nov Dec
2022: Jan Feb Mar Apr May Jun Jul Aug Sep Oct Nov Dec
2021: Jan Feb Mar Apr May Jun Jul Aug Sep Oct Nov Dec
2020: Jan Feb Mar Apr May Jun Jul Aug Sep Oct Nov Dec
2019: Jan Feb Mar Apr May Jun Jul Aug Sep Oct Nov Dec
2018: Jan Feb Mar Apr May Jun Jul Aug Sep Oct Nov Dec
2017: Jan Feb Mar Apr May Jun Jul Aug Sep Oct Nov Dec
2016: Jan Feb Mar Apr May Jun Jul Aug Sep Oct Nov Dec
2015: Jan Feb Mar Apr May Jun Jul Aug Sep Oct Nov Dec
2014: Jan Feb Mar Apr May Jun Jul Aug Sep Oct Nov Dec
2013: Jan Feb Mar Apr May Jun Jul Aug Sep Oct Nov Dec
Report for 2019 August
Monthly Climatological Summary for Aug 2019 Name: GosportINWX City: Gosport State: IN Elevation: 751 ft Lat: N 39 03 02 Lon: W 086 06 05 Temperature (°F), Rain (in), Wind Speed (mph) Heat Cool Avg Mean Deg Deg Wind Dom Day Temp High Time Low Time Days Days Rain Speed High Time Dir ---------------------------------------------------------------------------------- 01 69.7 83.1 2:39PM 58.6 7:02AM 0.0 51.4 0.00 0.2 10.5 10:31AM N 02 73.0 85.3 2:40PM 62.8 6:46AM 0.0 54.7 0.00 0.8 14.8 2:24PM NNW 03 72.0 85.1 2:38PM 61.2 7:08AM 0.0 53.7 0.00 0.4 14.8 1:04PM N 04 73.0 85.6 2:23PM 61.5 7:01AM 0.0 52.1 0.00 0.4 10.5 1:30PM N 05 74.7 87.8 2:27PM 63.3 6:08AM 0.0 56.4 0.00 0.2 7.4 12:18PM NNW 06 76.2 84.2 1:50PM 69.6 6:43AM 0.0 57.9 0.09 0.5 8.7 11:48AM W 07 74.9 84.2 2:44PM 68.7 7:23AM 0.0 56.6 0.00 0.1 7.4 12:37PM WSW 08 75.0 86.2 3:45PM 66.7 5:22AM 0.0 56.7 0.27 0.7 29.7 7:39PM W 09 74.3 85.5 2:48PM 65.5 11:59PM 0.0 56.0 0.00 0.4 13.5 2:16PM NNE 10 70.2 83.3 2:50PM 59.7 6:59AM 0.0 51.9 0.00 0.4 16.1 4:13PM N 11 71.5 83.1 2:10PM 59.7 7:06AM 0.0 53.2 0.00 0.1 7.4 12:38PM NNE 12 74.6 81.9 5:35PM 69.6 5:57AM 0.0 56.3 0.00 0.2 11.8 4:09PM WSW 13 76.6 85.5 4:07PM 70.0 6:10AM 0.0 58.3 0.05 0.7 11.8 3:29AM W 14 75.8 86.5 2:39PM 68.9 11:19PM 0.0 57.5 0.00 0.3 8.7 12:41PM W 15 72.2 81.1 4:54PM 64.6 7:06AM 0.0 53.9 0.00 0.3 11.8 11:16AM W 16 71.9 82.9 6:07PM 61.7 6:43AM 0.0 53.6 0.00 0.3 10.5 3:50PM SW 17 73.2 81.7 6:11PM 67.3 6:43AM 0.0 54.6 0.73 0.2 16.1 11:41AM W 18 78.0 88.2 2:56PM 69.4 9:52PM 0.0 59.7 0.18 0.6 22.2 8:40PM WSW 19 76.5 87.4 4:35PM 66.6 7:15AM 0.0 57.3 0.44 0.2 11.8 12:14AM SW 20 74.7 86.2 12:48PM 69.1 4:13PM 0.0 56.4 0.07 0.7 28.4 2:16PM WSW 21 73.2 82.4 5:10PM 68.5 3:58AM 0.0 54.9 0.00 0.2 8.7 5:38PM WSW 22 71.5 75.2 4:45PM 68.5 5:56AM 0.0 53.2 0.43 0.2 10.5 2:37AM WSW 23 70.7 77.0 4:43PM 63.3 11:55PM 0.0 52.4 0.00 0.8 16.1 12:46PM N 24 65.2 76.6 3:19PM 54.5 7:08AM 0.0 46.9 0.00 1.1 19.2 1:14PM N 25 67.2 80.6 2:37PM 54.5 6:37AM 0.0 48.9 0.00 0.5 14.8 11:27AM NW 26 71.7 73.4 5:06PM 69.8 4:54AM 0.0 53.4 1.15 0.4 10.5 2:31PM S 27 73.2 79.3 5:26PM 68.7 11:53PM 0.0 54.9 0.18 0.4 11.8 1:56AM WSW 28 68.1 76.3 2:33PM 61.3 7:31AM 0.0 49.8 0.00 0.9 16.1 2:56PM W 29 69.7 80.4 3:47PM 59.4 7:30AM 0.0 51.4 0.00 0.7 13.5 4:31PM SW 30 73.6 82.6 2:16PM 66.9 8:07AM 0.0 55.3 0.00 0.6 13.5 6:18PM WSW 31 68.9 72.5 5:07PM 66.2 7:22AM 0.0 50.6 0.00 0.6 11.8 2:54PM NNE ---------------------------------------------------------------------------------- 72.6 88.2 18 54.5 24 0.01679.9 3.59 0.5 29.7 8 WNW Max >= 27.0 31 Max <= 0.0 0 Min <= 0.0 0 Min <= -18.0 0 Max Rain: 1.15 on day 26 Days of Rain: 5 (>= 0.20 in) 0 (>= 2.00 in) 0 (>= 20.00 in) Heat Base: 18.3 Cool Base: 18.3 Method: Integration