NOAA-Style Climate Reports
Select a Year or Month report
2024: Jan Feb Mar Apr May Jun Jul Aug Sep Oct Nov Dec
2023: Jan Feb Mar Apr May Jun Jul Aug Sep Oct Nov Dec
2022: Jan Feb Mar Apr May Jun Jul Aug Sep Oct Nov Dec
2021: Jan Feb Mar Apr May Jun Jul Aug Sep Oct Nov Dec
2020: Jan Feb Mar Apr May Jun Jul Aug Sep Oct Nov Dec
2019: Jan Feb Mar Apr May Jun Jul Aug Sep Oct Nov Dec
2018: Jan Feb Mar Apr May Jun Jul Aug Sep Oct Nov Dec
2017: Jan Feb Mar Apr May Jun Jul Aug Sep Oct Nov Dec
2016: Jan Feb Mar Apr May Jun Jul Aug Sep Oct Nov Dec
2015: Jan Feb Mar Apr May Jun Jul Aug Sep Oct Nov Dec
2014: Jan Feb Mar Apr May Jun Jul Aug Sep Oct Nov Dec
2013: Jan Feb Mar Apr May Jun Jul Aug Sep Oct Nov Dec
2024: Jan Feb Mar Apr May Jun Jul Aug Sep Oct Nov Dec
2023: Jan Feb Mar Apr May Jun Jul Aug Sep Oct Nov Dec
2022: Jan Feb Mar Apr May Jun Jul Aug Sep Oct Nov Dec
2021: Jan Feb Mar Apr May Jun Jul Aug Sep Oct Nov Dec
2020: Jan Feb Mar Apr May Jun Jul Aug Sep Oct Nov Dec
2019: Jan Feb Mar Apr May Jun Jul Aug Sep Oct Nov Dec
2018: Jan Feb Mar Apr May Jun Jul Aug Sep Oct Nov Dec
2017: Jan Feb Mar Apr May Jun Jul Aug Sep Oct Nov Dec
2016: Jan Feb Mar Apr May Jun Jul Aug Sep Oct Nov Dec
2015: Jan Feb Mar Apr May Jun Jul Aug Sep Oct Nov Dec
2014: Jan Feb Mar Apr May Jun Jul Aug Sep Oct Nov Dec
2013: Jan Feb Mar Apr May Jun Jul Aug Sep Oct Nov Dec
Report for 2018 November
Monthly Climatological Summary for Nov 2018 Name: GosportWX.com City: Gosport State: IN Elevation: 791 ft Lat: N 39 17 52 Lon: W 086 41 56 Temperature (°F), Rain (in), Wind Speed (mph) Heat Cool Avg Mean Deg Deg Wind Dom Day Temp High Time Low Time Days Days Rain Speed High Time Dir ---------------------------------------------------------------------------------- 01 45.4 50.4 00:00 42.1 22:57 19.6 0.0 4.92 3.8 43.6 09:46 NNE 02 43.7 51.3 15:28 38.5 23:36 21.3 0.0 0.03 0.3 19.0 00:08 NW 03 45.0 59.2 15:04 33.1 08:19 20.0 0.0 0.00 0.5 19.0 14:24 S 04 52.3 60.6 14:02 47.1 07:42 13.2 0.0 0.10 2.4 30.2 18:04 SSE 05 51.7 57.6 15:25 45.7 07:48 13.3 0.0 0.44 0.8 22.9 23:21 SSE 06 53.0 57.6 00:53 49.5 23:54 12.0 0.0 0.01 2.8 30.2 10:42 W 07 42.9 52.0 13:46 33.6 23:59 22.1 0.0 0.00 1.2 19.0 10:32 WNW 08 37.8 45.1 16:20 30.4 02:39 27.1 0.0 0.11 1.3 22.9 12:54 NNE 09 36.8 41.2 00:00 29.1 23:53 28.2 0.0 0.00 2.6 30.2 16:06 NW 10 26.5 36.0 15:43 18.9 07:33 38.5 0.0 0.00 2.1 38.0 01:50 WNW 11 30.8 43.0 13:07 19.6 03:21 34.2 0.0 0.00 0.6 20.7 10:40 SSW 12 36.0 42.3 13:29 27.3 00:15 29.0 0.0 0.00 1.6 26.8 21:36 NNE 13 29.4 35.6 00:00 22.8 21:26 35.6 0.0 0.00 1.7 30.2 02:09 NNW 14 26.4 32.4 14:19 18.0 07:49 38.6 0.0 0.00 1.5 28.5 22:10 NE 15 31.7 33.6 12:50 29.7 00:01 33.6 0.0 0.07 0.0 0.0 00:00 N 16 33.5 39.0 14:20 28.9 03:20 31.5 0.0 0.08 0.6 11.2 13:50 WNW 17 38.0 44.6 15:20 34.0 07:20 27.0 0.0 0.00 1.0 13.4 09:50 SSE 18 40.3 46.2 15:20 32.9 07:50 24.7 0.0 0.01 1.0 15.1 11:20 N 19 38.5 40.5 14:58 35.8 23:56 26.1 0.0 0.18 0.7 15.1 07:12 NW 20 34.0 39.2 13:38 27.5 23:59 31.0 0.0 0.01 2.0 26.8 05:25 WNW 21 34.0 46.8 15:46 26.6 04:38 31.0 0.0 0.00 1.1 17.3 09:20 WSW 22 36.9 51.3 13:51 26.1 07:21 28.1 0.0 0.00 0.4 17.3 14:15 SE 23 43.8 53.2 12:54 32.0 06:23 21.2 0.0 0.12 1.4 24.6 12:21 S 24 48.9 55.8 16:06 44.8 23:40 16.1 0.0 0.08 2.0 28.5 09:20 SW 25 48.0 63.9 14:22 33.4 07:07 17.0 0.0 0.13 1.6 39.7 20:38 SSE 26 33.4 48.9 00:00 25.5 23:58 31.6 0.0 0.00 5.4 41.9 14:42 WNW 27 22.7 25.5 00:00 21.4 17:36 42.3 0.0 0.00 3.5 26.8 00:36 WNW 28 24.9 31.6 15:55 17.2 07:40 40.1 0.0 0.00 1.3 17.3 00:54 W 29 37.9 45.1 14:50 27.7 00:59 27.1 0.0 0.00 0.0 15.1 10:46 S 30 45.3 53.1 15:31 41.4 00:00 19.7 0.0 0.00 0.0 11.2 12:47 NE ---------------------------------------------------------------------------------- 38.3 63.9 25 17.2 28 800.8 0.0 6.29 1.6 43.6 1 WNW Max >= 80.0 0 Max <= 32.0 2 Min <= 32.0 17 Min <= 0.0 0 Max Rain: 4.92 on day 1 Days of Rain: 14 (>= 0.01 in) 7 (>= 0.10 in) 1 (>= 1.00 in) Heat Base: 65.0 Cool Base: 65.0 Method: Integration