NOAA-Style Climate Reports
Select a Year or Month report
2024: Jan Feb Mar Apr May Jun Jul Aug Sep Oct Nov Dec
2023: Jan Feb Mar Apr May Jun Jul Aug Sep Oct Nov Dec
2022: Jan Feb Mar Apr May Jun Jul Aug Sep Oct Nov Dec
2021: Jan Feb Mar Apr May Jun Jul Aug Sep Oct Nov Dec
2020: Jan Feb Mar Apr May Jun Jul Aug Sep Oct Nov Dec
2019: Jan Feb Mar Apr May Jun Jul Aug Sep Oct Nov Dec
2018: Jan Feb Mar Apr May Jun Jul Aug Sep Oct Nov Dec
2017: Jan Feb Mar Apr May Jun Jul Aug Sep Oct Nov Dec
2016: Jan Feb Mar Apr May Jun Jul Aug Sep Oct Nov Dec
2015: Jan Feb Mar Apr May Jun Jul Aug Sep Oct Nov Dec
2014: Jan Feb Mar Apr May Jun Jul Aug Sep Oct Nov Dec
2013: Jan Feb Mar Apr May Jun Jul Aug Sep Oct Nov Dec
2024: Jan Feb Mar Apr May Jun Jul Aug Sep Oct Nov Dec
2023: Jan Feb Mar Apr May Jun Jul Aug Sep Oct Nov Dec
2022: Jan Feb Mar Apr May Jun Jul Aug Sep Oct Nov Dec
2021: Jan Feb Mar Apr May Jun Jul Aug Sep Oct Nov Dec
2020: Jan Feb Mar Apr May Jun Jul Aug Sep Oct Nov Dec
2019: Jan Feb Mar Apr May Jun Jul Aug Sep Oct Nov Dec
2018: Jan Feb Mar Apr May Jun Jul Aug Sep Oct Nov Dec
2017: Jan Feb Mar Apr May Jun Jul Aug Sep Oct Nov Dec
2016: Jan Feb Mar Apr May Jun Jul Aug Sep Oct Nov Dec
2015: Jan Feb Mar Apr May Jun Jul Aug Sep Oct Nov Dec
2014: Jan Feb Mar Apr May Jun Jul Aug Sep Oct Nov Dec
2013: Jan Feb Mar Apr May Jun Jul Aug Sep Oct Nov Dec
Report for 2018 July
Monthly Climatological Summary for Jul 2018 Name: GosportWX.com City: Gosport State: IN Elevation: 791 ft Lat: N 39 17 52 Lon: W 086 41 56 Temperature (°F), Rain (in), Wind Speed (mph) Heat Cool Avg Mean Deg Deg Wind Dom Day Temp High Time Low Time Days Days Rain Speed High Time Dir ---------------------------------------------------------------------------------- 01 81.2 90.3 14:23 71.6 06:18 0.0 16.2 0.00 0.8 15.1 13:46 SW 02 80.0 88.3 14:45 73.0 05:46 0.0 12.9 0.00 0.5 13.4 17:00 NW 03 78.6 91.0 14:04 71.1 06:50 0.0 6.9 0.00 0.4 22.9 16:12 S 04 82.4 92.8 14:31 73.8 04:09 0.0 12.4 0.00 0.4 17.3 17:12 NNW 05 78.7 92.8 13:53 72.7 23:57 0.0 13.7 0.16 0.4 38.0 15:15 NNW 06 75.3 83.1 14:53 63.3 23:52 0.0 10.3 0.00 1.6 34.1 17:22 NNE 07 68.3 80.6 14:48 54.5 06:33 2.6 5.9 0.00 1.1 22.9 13:46 NNW 08 72.1 87.4 14:31 57.7 06:39 2.2 9.3 0.00 0.5 17.3 14:52 NNW 09 77.8 90.1 14:55 66.4 07:04 0.0 12.8 0.00 0.3 9.5 13:21 WSW 10 80.4 91.6 14:37 72.5 06:49 0.0 15.4 0.00 0.4 13.4 19:42 WSW 11 75.8 86.5 14:53 64.6 06:33 0.0 10.8 0.00 0.9 20.7 11:25 NNW 12 73.1 86.4 14:27 60.6 06:17 0.7 8.8 0.00 0.6 17.3 11:58 N 13 74.6 88.9 14:53 60.6 06:56 0.8 10.4 0.00 0.2 11.2 16:53 W 14 76.1 91.4 14:05 64.6 06:53 0.0 11.1 0.01 0.3 17.3 14:23 N 15 76.8 84.6 17:33 72.0 05:40 0.0 11.8 0.00 0.2 9.5 15:27 SW 16 78.1 87.1 18:17 70.2 04:57 0.0 13.2 0.00 0.2 7.8 14:17 WSW 17 78.1 88.7 14:18 68.9 23:56 0.0 12.9 0.00 0.3 17.3 17:18 NNE 18 71.8 84.4 14:48 58.8 07:01 0.9 7.6 0.00 0.7 19.0 13:45 N 19 73.8 87.6 14:59 60.3 06:09 0.9 9.7 0.00 0.6 17.3 15:22 SSE 20 78.1 88.7 16:56 70.0 07:42 0.0 13.1 0.00 1.6 30.2 15:37 WSW 21 70.5 75.7 18:19 67.1 07:06 0.0 5.5 0.21 1.1 15.1 15:00 WSW 22 70.6 79.2 13:42 66.7 02:28 0.0 5.6 0.79 0.5 30.2 09:15 NNE 23 69.9 79.2 16:17 61.3 07:17 0.5 5.3 0.00 0.1 9.5 00:11 NNW 24 74.1 84.9 14:19 64.2 06:31 0.0 9.2 0.00 0.5 17.3 11:50 W 25 74.3 86.0 13:20 65.3 06:51 0.0 9.3 0.00 0.3 15.1 16:41 WNW 26 72.1 84.0 15:19 63.0 06:24 0.3 7.4 0.13 0.8 15.1 15:45 WSW 27 73.0 73.0 00:00 73.0 00:00 0.0 8.0 0.00 0.8 3.9 00:00 W 28 73.0 73.0 00:00 73.0 00:00 0.0 8.0 0.00 0.8 3.9 00:00 W 29 73.0 73.0 00:00 73.0 00:00 0.0 8.0 0.00 0.8 3.9 00:00 W 30 72.2 73.0 00:00 66.6 23:55 0.0 7.2 0.78 0.7 11.2 19:17 W 31 68.6 75.2 16:52 65.3 23:50 0.0 3.6 1.96 0.5 17.3 12:47 N ---------------------------------------------------------------------------------- 74.9 92.8 4 54.5 7 8.9 302.3 4.04 0.6 38.0 5 WNW Max >= 80.0 23 Max <= 32.0 0 Min <= 32.0 0 Min <= 0.0 0 Max Rain: 1.96 on day 31 Days of Rain: 7 (>= 0.01 in) 6 (>= 0.10 in) 1 (>= 1.00 in) Heat Base: 65.0 Cool Base: 65.0 Method: Integration