NOAA-Style Climate Reports
Select a Year or Month report
2024: Jan Feb Mar Apr May Jun Jul Aug Sep Oct Nov Dec
2023: Jan Feb Mar Apr May Jun Jul Aug Sep Oct Nov Dec
2022: Jan Feb Mar Apr May Jun Jul Aug Sep Oct Nov Dec
2021: Jan Feb Mar Apr May Jun Jul Aug Sep Oct Nov Dec
2020: Jan Feb Mar Apr May Jun Jul Aug Sep Oct Nov Dec
2019: Jan Feb Mar Apr May Jun Jul Aug Sep Oct Nov Dec
2018: Jan Feb Mar Apr May Jun Jul Aug Sep Oct Nov Dec
2017: Jan Feb Mar Apr May Jun Jul Aug Sep Oct Nov Dec
2016: Jan Feb Mar Apr May Jun Jul Aug Sep Oct Nov Dec
2015: Jan Feb Mar Apr May Jun Jul Aug Sep Oct Nov Dec
2014: Jan Feb Mar Apr May Jun Jul Aug Sep Oct Nov Dec
2013: Jan Feb Mar Apr May Jun Jul Aug Sep Oct Nov Dec
2024: Jan Feb Mar Apr May Jun Jul Aug Sep Oct Nov Dec
2023: Jan Feb Mar Apr May Jun Jul Aug Sep Oct Nov Dec
2022: Jan Feb Mar Apr May Jun Jul Aug Sep Oct Nov Dec
2021: Jan Feb Mar Apr May Jun Jul Aug Sep Oct Nov Dec
2020: Jan Feb Mar Apr May Jun Jul Aug Sep Oct Nov Dec
2019: Jan Feb Mar Apr May Jun Jul Aug Sep Oct Nov Dec
2018: Jan Feb Mar Apr May Jun Jul Aug Sep Oct Nov Dec
2017: Jan Feb Mar Apr May Jun Jul Aug Sep Oct Nov Dec
2016: Jan Feb Mar Apr May Jun Jul Aug Sep Oct Nov Dec
2015: Jan Feb Mar Apr May Jun Jul Aug Sep Oct Nov Dec
2014: Jan Feb Mar Apr May Jun Jul Aug Sep Oct Nov Dec
2013: Jan Feb Mar Apr May Jun Jul Aug Sep Oct Nov Dec
Report for 2018 January
Monthly Climatological Summary for Jan 2018 Name: GosportWX.com City: Gosport State: IN Elevation: 791 ft Lat: N 39 17 52 Lon: W 086 41 56 Temperature (°F), Rain (in), Wind Speed (mph) Heat Cool Avg Mean Deg Deg Wind Dom Day Temp High Time Low Time Days Days Rain Speed High Time Dir ---------------------------------------------------------------------------------- 01 -0.9 7.3 14:18 -6.9 08:33 65.6 0.0 0.00 2.9 22.9 11:44 NW 02 1.9 15.3 16:11 -8.9 02:40 63.1 0.0 0.00 1.4 22.9 13:11 W 03 8.6 16.3 19:16 7.7 00:00 56.3 0.0 0.00 0.7 20.7 19:59 NW 04 5.4 16.3 14:18 -2.2 08:16 59.6 0.0 0.00 2.5 24.6 16:03 NW 05 7.5 16.5 14:25 -1.7 23:32 57.5 0.0 0.00 2.1 20.7 14:44 NW 06 4.9 18.9 14:38 -7.4 08:00 60.1 0.0 0.00 0.4 13.4 13:11 NW 07 24.2 39.4 15:32 5.9 00:00 40.7 0.0 0.06 1.9 20.7 15:14 S 08 35.3 37.2 13:59 32.9 23:25 29.7 0.0 0.24 2.9 30.2 01:35 WSW 09 33.9 41.0 14:43 29.8 06:59 31.1 0.0 0.00 0.6 13.4 01:32 SSW 10 49.5 59.5 21:48 36.1 00:00 15.4 0.0 0.07 2.5 38.0 17:04 SSW 11 57.6 60.3 12:35 44.2 23:59 7.4 0.0 0.70 2.6 41.9 17:56 SSW 12 26.4 44.2 00:00 20.5 23:55 38.6 0.0 0.03 0.5 24.6 00:24 NW 13 15.6 23.7 14:20 5.4 23:58 49.4 0.0 0.00 0.0 0.0 00:00 N 14 11.1 24.6 14:26 -3.6 07:44 53.9 0.0 0.00 0.0 0.0 00:00 N 15 18.6 26.1 15:25 6.1 23:48 46.4 0.0 0.00 0.0 28.5 16:09 NW 16 2.0 6.1 00:00 -4.7 07:42 63.0 0.0 0.00 0.0 0.0 00:00 N 17 9.1 19.2 14:28 0.9 08:15 55.9 0.0 0.00 0.0 0.0 00:00 N 18 20.6 32.7 16:09 10.4 00:41 44.4 0.0 0.00 1.4 36.4 21:57 SW 19 31.8 42.1 16:29 23.0 03:09 33.2 0.0 0.12 4.5 36.4 13:19 SW 20 40.1 45.0 12:32 34.2 04:52 24.9 0.0 0.01 4.3 32.4 10:28 WSW 21 49.2 52.2 20:32 43.9 00:00 15.8 0.0 0.00 2.2 24.6 07:24 SW 22 52.9 56.1 03:28 44.6 23:55 11.8 0.0 0.54 3.4 43.6 20:18 SSW 23 34.9 44.6 00:00 31.8 21:08 19.1 0.0 0.12 4.7 38.0 13:14 WNW 24 29.8 31.8 00:00 24.1 23:57 35.2 0.0 0.00 2.8 28.5 14:21 WNW 25 36.8 51.6 16:39 22.8 03:39 28.2 0.0 0.00 1.8 24.6 23:59 S 26 50.7 58.6 14:35 43.2 07:46 14.3 0.0 0.00 4.4 43.6 23:49 SW 27 44.8 53.8 00:00 33.6 23:18 20.2 0.0 0.61 2.6 43.6 00:21 WSW 28 37.6 53.4 14:49 25.5 08:17 27.4 0.0 0.00 0.8 20.7 14:00 WNW 29 31.3 37.2 00:36 26.8 23:35 33.7 0.0 0.00 2.7 26.8 17:18 NW 30 22.8 30.0 23:44 20.3 04:43 47.2 0.0 0.00 0.9 19.0 02:04 WNW 31 39.6 52.0 16:08 29.7 00:44 19.2 0.0 0.00 3.7 43.6 14:52 SW ---------------------------------------------------------------------------------- 26.9 60.3 11 -8.9 2 1168.3 0.0 2.50 1.9 43.6 22 WSW Max >= 80.0 0 Max <= 32.0 13 Min <= 32.0 23 Min <= 0.0 7 Max Rain: 0.70 on day 11 Days of Rain: 10 (>= 0.01 in) 6 (>= 0.10 in) 0 (>= 1.00 in) Heat Base: 65.0 Cool Base: 65.0 Method: Integration