NOAA-Style Climate Reports
Select a Year or Month report
2024: Jan Feb Mar Apr May Jun Jul Aug Sep Oct Nov Dec
2023: Jan Feb Mar Apr May Jun Jul Aug Sep Oct Nov Dec
2022: Jan Feb Mar Apr May Jun Jul Aug Sep Oct Nov Dec
2021: Jan Feb Mar Apr May Jun Jul Aug Sep Oct Nov Dec
2020: Jan Feb Mar Apr May Jun Jul Aug Sep Oct Nov Dec
2019: Jan Feb Mar Apr May Jun Jul Aug Sep Oct Nov Dec
2018: Jan Feb Mar Apr May Jun Jul Aug Sep Oct Nov Dec
2017: Jan Feb Mar Apr May Jun Jul Aug Sep Oct Nov Dec
2016: Jan Feb Mar Apr May Jun Jul Aug Sep Oct Nov Dec
2015: Jan Feb Mar Apr May Jun Jul Aug Sep Oct Nov Dec
2014: Jan Feb Mar Apr May Jun Jul Aug Sep Oct Nov Dec
2013: Jan Feb Mar Apr May Jun Jul Aug Sep Oct Nov Dec
2024: Jan Feb Mar Apr May Jun Jul Aug Sep Oct Nov Dec
2023: Jan Feb Mar Apr May Jun Jul Aug Sep Oct Nov Dec
2022: Jan Feb Mar Apr May Jun Jul Aug Sep Oct Nov Dec
2021: Jan Feb Mar Apr May Jun Jul Aug Sep Oct Nov Dec
2020: Jan Feb Mar Apr May Jun Jul Aug Sep Oct Nov Dec
2019: Jan Feb Mar Apr May Jun Jul Aug Sep Oct Nov Dec
2018: Jan Feb Mar Apr May Jun Jul Aug Sep Oct Nov Dec
2017: Jan Feb Mar Apr May Jun Jul Aug Sep Oct Nov Dec
2016: Jan Feb Mar Apr May Jun Jul Aug Sep Oct Nov Dec
2015: Jan Feb Mar Apr May Jun Jul Aug Sep Oct Nov Dec
2014: Jan Feb Mar Apr May Jun Jul Aug Sep Oct Nov Dec
2013: Jan Feb Mar Apr May Jun Jul Aug Sep Oct Nov Dec
Report for 2017 November
Monthly Climatological Summary for Nov 2017 Name: GosportWX.com City: Gosport State: IN Elevation: 791 ft Lat: N 39 17 52 Lon: W 086 41 56 Temperature (°F), Rain (in), Wind Speed (mph) Heat Cool Avg Mean Deg Deg Wind Dom Day Temp High Time Low Time Days Days Rain Speed High Time Dir ---------------------------------------------------------------------------------- 01 33.5 37.0 02:27 33.1 04:07 31.5 0.0 1.14 0.2 17.3 23:03 S 02 38.5 67.1 22:07 33.1 00:00 27.2 0.2 0.05 1.3 20.7 00:17 S 03 54.8 66.4 00:11 45.3 23:57 4.9 0.0 0.57 1.1 20.7 14:21 NW 04 53.3 62.8 19:48 41.9 02:44 11.5 0.0 0.01 0.2 13.4 13:53 SSE 05 66.2 71.2 11:04 53.4 23:49 1.2 2.4 1.83 2.3 32.4 21:57 SW 06 50.0 54.1 12:56 45.9 23:56 14.3 0.0 0.03 1.5 24.6 03:46 NW 07 46.2 51.1 13:29 43.0 08:25 18.8 0.0 0.27 1.9 32.4 11:50 NW 08 43.4 52.7 13:56 35.1 23:58 21.6 0.0 0.00 1.0 24.6 10:36 NW 09 41.0 55.4 15:40 29.3 07:22 24.0 0.0 0.00 2.0 26.8 16:21 WNW 10 30.5 37.0 14:03 24.8 23:55 34.5 0.0 0.00 1.8 26.8 11:04 NNW 11 32.8 45.7 15:49 22.8 04:37 32.2 0.0 0.00 0.5 17.3 13:58 E 12 37.6 41.7 16:08 30.4 02:35 27.3 0.0 0.13 0.4 11.2 17:13 NW 13 40.9 47.5 14:34 34.9 23:35 24.1 0.0 0.00 0.4 11.2 16:11 NW 14 40.5 53.1 14:01 27.7 07:22 24.5 0.0 0.00 0.7 19.0 11:02 S 15 46.2 50.2 18:58 42.6 08:46 18.8 0.0 0.60 2.0 24.6 13:22 SW 16 35.2 47.5 00:00 31.5 19:34 29.8 0.0 0.00 1.6 28.5 02:54 NW 17 39.4 53.2 23:59 26.6 05:28 25.4 0.0 0.06 1.6 24.6 21:08 SSE 18 55.4 66.2 12:58 38.1 19:46 9.7 0.1 0.43 6.1 47.5 12:14 W 19 34.3 39.2 00:00 29.5 22:28 30.7 0.0 0.01 4.1 30.2 00:31 WNW 20 38.7 52.3 14:48 27.0 04:12 26.3 0.0 0.00 2.4 28.5 11:29 SSW 21 44.8 53.4 14:18 30.6 23:58 20.2 0.0 0.00 3.7 30.2 04:50 W 22 30.6 39.4 13:46 24.3 07:49 34.4 0.0 0.00 0.7 15.1 15:22 NNW 23 34.7 47.1 16:13 26.8 04:25 30.3 0.0 0.00 1.0 19.0 13:53 SSW 24 46.3 59.5 14:25 30.7 07:07 18.7 0.0 0.00 2.7 32.4 23:10 SSW 25 49.7 57.6 15:41 38.3 23:59 15.3 0.0 0.00 3.2 26.8 14:10 WNW 26 40.0 53.1 15:49 28.4 07:14 24.5 0.0 0.00 1.0 19.0 15:17 W 27 50.6 64.0 14:01 39.9 00:00 9.0 0.0 0.00 1.8 20.7 14:32 SW 28 55.9 65.1 13:57 45.0 06:02 4.7 0.0 0.00 2.5 34.1 13:27 SW 29 50.3 58.6 14:25 42.3 23:49 7.9 0.0 0.00 0.9 20.7 10:19 NW 30 46.3 55.0 14:38 35.4 23:36 13.3 0.0 0.07 1.4 17.3 13:44 WNW ---------------------------------------------------------------------------------- 43.6 71.2 5 22.8 11 616.6 2.7 5.20 1.7 47.5 18 W Max >= 80.0 0 Max <= 32.0 0 Min <= 32.0 14 Min <= 0.0 0 Max Rain: 1.83 on day 5 Days of Rain: 13 (>= 0.01 in) 7 (>= 0.10 in) 2 (>= 1.00 in) Heat Base: 65.0 Cool Base: 65.0 Method: Integration