NOAA-Style Climate Reports
Select a Year or Month report
2024: Jan Feb Mar Apr May Jun Jul Aug Sep Oct Nov Dec
2023: Jan Feb Mar Apr May Jun Jul Aug Sep Oct Nov Dec
2022: Jan Feb Mar Apr May Jun Jul Aug Sep Oct Nov Dec
2021: Jan Feb Mar Apr May Jun Jul Aug Sep Oct Nov Dec
2020: Jan Feb Mar Apr May Jun Jul Aug Sep Oct Nov Dec
2019: Jan Feb Mar Apr May Jun Jul Aug Sep Oct Nov Dec
2018: Jan Feb Mar Apr May Jun Jul Aug Sep Oct Nov Dec
2017: Jan Feb Mar Apr May Jun Jul Aug Sep Oct Nov Dec
2016: Jan Feb Mar Apr May Jun Jul Aug Sep Oct Nov Dec
2015: Jan Feb Mar Apr May Jun Jul Aug Sep Oct Nov Dec
2014: Jan Feb Mar Apr May Jun Jul Aug Sep Oct Nov Dec
2013: Jan Feb Mar Apr May Jun Jul Aug Sep Oct Nov Dec
2024: Jan Feb Mar Apr May Jun Jul Aug Sep Oct Nov Dec
2023: Jan Feb Mar Apr May Jun Jul Aug Sep Oct Nov Dec
2022: Jan Feb Mar Apr May Jun Jul Aug Sep Oct Nov Dec
2021: Jan Feb Mar Apr May Jun Jul Aug Sep Oct Nov Dec
2020: Jan Feb Mar Apr May Jun Jul Aug Sep Oct Nov Dec
2019: Jan Feb Mar Apr May Jun Jul Aug Sep Oct Nov Dec
2018: Jan Feb Mar Apr May Jun Jul Aug Sep Oct Nov Dec
2017: Jan Feb Mar Apr May Jun Jul Aug Sep Oct Nov Dec
2016: Jan Feb Mar Apr May Jun Jul Aug Sep Oct Nov Dec
2015: Jan Feb Mar Apr May Jun Jul Aug Sep Oct Nov Dec
2014: Jan Feb Mar Apr May Jun Jul Aug Sep Oct Nov Dec
2013: Jan Feb Mar Apr May Jun Jul Aug Sep Oct Nov Dec
Report for 2017 March
Monthly Climatological Summary for Mar 2017 Name: GosportWX.com City: Gosport State: IN Elevation: 791 ft Lat: N 39° 17' 52" Lon: W 086° 41' 56" Temperature (°F), Rain (in), Wind Speed (mph) Heat Cool Avg Mean Deg Deg Wind Dom Day Temp High Time Low Time Days Days Rain Speed High Time Dir ---------------------------------------------------------------------------------- 1 50.5 65.8 03:43 38.3 23:49 14.6 0.0 0.79 7.2 47.0 15:30 WNW 2 37.0 44.8 13:58 30.4 23:58 28.0 0.0 0.00 4.8 33.6 13:38 WNW 3 31.4 39.2 15:56 25.5 07:26 33.6 0.0 0.00 2.2 27.3 13:59 WNW 4 40.3 54.9 16:01 30.0 00:00 24.7 0.0 0.00 1.5 19.7 10:22 SE 5 49.2 68.2 13:41 30.7 06:57 15.9 0.2 0.00 3.4 33.6 14:04 SW 6 54.9 63.7 23:58 50.2 07:34 10.3 0.0 0.41 3.2 30.4 22:01 S 7 54.0 64.9 00:44 42.3 23:47 11.0 0.0 0.59 4.9 41.2 00:45 WSW 8 49.8 60.4 15:43 41.7 08:15 15.2 0.0 0.00 4.6 42.5 12:15 W 9 52.3 68.0 16:09 36.5 07:07 12.9 0.2 0.01 2.0 21.5 14:04 W 10 36.9 43.9 00:00 29.5 23:42 28.1 0.0 0.01 3.2 22.8 01:58 NNW 11 30.3 38.3 13:58 24.8 06:58 34.7 0.0 0.00 1.4 15.2 11:54 N 12 29.1 38.8 15:02 18.5 08:13 34.4 0.0 0.00 1.1 16.6 13:00 N 13 31.2 33.4 10:23 28.9 23:53 33.8 0.0 0.02 0.4 10.7 08:10 NE 14 26.6 34.2 14:57 20.5 08:24 38.3 0.0 0.04 1.2 21.5 23:33 NW 15 26.0 36.1 15:06 17.4 07:59 39.0 0.0 0.03 3.3 29.1 16:22 NW 16 30.5 44.2 18:28 17.4 07:52 34.5 0.0 0.02 1.6 18.3 14:02 W 17 42.0 47.3 20:05 34.7 00:00 23.0 0.0 0.04 2.2 18.3 11:40 SW 18 40.3 46.2 00:09 36.9 07:58 24.7 0.0 0.00 3.2 25.9 12:25 WNW 19 43.7 55.2 18:06 34.3 07:58 21.3 0.0 0.00 0.9 15.2 15:13 NNW 20 50.4 65.1 15:58 41.0 00:41 14.6 0.0 0.40 1.9 22.8 11:44 SSE 21 52.1 64.6 15:22 42.8 23:58 12.8 0.0 0.00 2.0 27.3 23:24 NNW 22 36.8 45.0 15:35 28.8 08:09 28.2 0.0 0.00 2.1 27.3 13:11 NNW 23 42.1 57.9 15:51 27.0 04:48 22.9 0.0 0.00 1.4 19.7 13:33 SE 24 65.1 74.7 17:38 53.6 00:40 2.9 3.1 0.00 4.2 31.8 15:02 SW 25 65.5 76.3 13:58 60.4 20:53 1.7 2.2 0.04 1.9 24.2 14:30 S 26 58.3 61.0 12:52 52.9 23:43 6.7 0.0 0.96 2.1 21.5 19:09 SW 27 55.0 64.4 17:46 43.2 06:58 10.0 0.0 0.16 0.7 13.9 12:23 SSE 28 55.4 59.7 13:20 50.5 09:00 9.6 0.0 0.02 1.2 15.2 06:56 NNW 29 54.7 66.9 15:14 48.2 10:04 10.4 0.0 0.00 1.7 18.3 09:37 NNE 30 61.5 77.2 14:44 54.0 08:30 5.7 2.2 0.59 2.5 34.9 18:07 SSW 31 49.0 57.4 00:00 41.7 20:53 16.0 0.0 0.04 3.4 25.9 05:29 WNW ---------------------------------------------------------------------------------- 45.2 77.2 30 17.4 15 619.5 7.9 4.17 2.5 47.0 1 W Max >= 80.0: 0 Max <= 32.0: 0 Min <= 32.0: 13 Min <= 0.0: 0 Max Rain: 0.96 on day 26 Days of Rain: 17 (>= 0.01 in) 7 (>= 0.10 in) 0 (>= 1.00 in) Heat Base: 65.0 Cool Base: 65.0 Method: Integration