NOAA-Style Climate Reports
Select a Year or Month report
2024: Jan Feb Mar Apr May Jun Jul Aug Sep Oct Nov Dec
2023: Jan Feb Mar Apr May Jun Jul Aug Sep Oct Nov Dec
2022: Jan Feb Mar Apr May Jun Jul Aug Sep Oct Nov Dec
2021: Jan Feb Mar Apr May Jun Jul Aug Sep Oct Nov Dec
2020: Jan Feb Mar Apr May Jun Jul Aug Sep Oct Nov Dec
2019: Jan Feb Mar Apr May Jun Jul Aug Sep Oct Nov Dec
2018: Jan Feb Mar Apr May Jun Jul Aug Sep Oct Nov Dec
2017: Jan Feb Mar Apr May Jun Jul Aug Sep Oct Nov Dec
2016: Jan Feb Mar Apr May Jun Jul Aug Sep Oct Nov Dec
2015: Jan Feb Mar Apr May Jun Jul Aug Sep Oct Nov Dec
2014: Jan Feb Mar Apr May Jun Jul Aug Sep Oct Nov Dec
2013: Jan Feb Mar Apr May Jun Jul Aug Sep Oct Nov Dec
2024: Jan Feb Mar Apr May Jun Jul Aug Sep Oct Nov Dec
2023: Jan Feb Mar Apr May Jun Jul Aug Sep Oct Nov Dec
2022: Jan Feb Mar Apr May Jun Jul Aug Sep Oct Nov Dec
2021: Jan Feb Mar Apr May Jun Jul Aug Sep Oct Nov Dec
2020: Jan Feb Mar Apr May Jun Jul Aug Sep Oct Nov Dec
2019: Jan Feb Mar Apr May Jun Jul Aug Sep Oct Nov Dec
2018: Jan Feb Mar Apr May Jun Jul Aug Sep Oct Nov Dec
2017: Jan Feb Mar Apr May Jun Jul Aug Sep Oct Nov Dec
2016: Jan Feb Mar Apr May Jun Jul Aug Sep Oct Nov Dec
2015: Jan Feb Mar Apr May Jun Jul Aug Sep Oct Nov Dec
2014: Jan Feb Mar Apr May Jun Jul Aug Sep Oct Nov Dec
2013: Jan Feb Mar Apr May Jun Jul Aug Sep Oct Nov Dec
Report for 2016 June
Monthly Climatological Summary for Jun 2016 Name: GosportWX.com City: Gosport State: IN Elevation: 791 ft Lat: N 39° 17' 52" Lon: W 086° 41' 56" Temperature (°F), Rain (in), Wind Speed (mph) Heat Cool Avg Mean Deg Deg Wind Dom Day Temp High Time Low Time Days Days Rain Speed High Time Dir ---------------------------------------------------------------------------------- 1 68.9 83.2 12:36 59.6 05:26 1.0 4.9 1.12 0.6 8.1 14:29 WSW 2 69.4 77.1 16:50 63.2 05:22 0.2 4.6 0.01 0.4 6.7 17:41 SSW 3 69.9 80.1 16:56 59.4 06:22 1.0 5.9 0.00 0.4 5.7 12:13 W 4 66.1 74.9 14:45 60.3 05:51 0.9 2.0 0.73 0.6 9.1 14:47 SW 5 68.5 74.9 16:56 62.8 06:26 0.3 3.8 0.00 4.1 14.8 13:50 W 6 72.1 82.5 13:40 61.4 06:07 0.7 7.8 0.00 4.6 18.1 15:24 WSW 7 64.8 72.4 16:53 55.8 23:56 2.7 2.5 0.00 1.8 13.8 16:10 W 8 62.3 74.7 16:30 49.0 06:45 5.7 3.0 0.00 1.0 8.1 11:00 W 9 66.8 81.4 16:32 49.3 06:07 4.5 6.3 0.00 1.1 6.7 12:25 WSW 10 75.9 88.0 16:32 64.3 07:26 0.0 10.9 0.00 1.5 8.1 15:10 SW 11 79.5 91.4 16:37 66.4 05:50 0.0 14.5 0.00 2.3 10.4 10:59 WSW 12 81.5 92.8 16:35 72.3 06:07 0.0 16.5 0.00 2.0 9.1 19:27 W 13 75.4 88.9 16:37 60.6 06:18 0.5 10.9 0.00 0.9 9.1 10:50 NNW 14 72.0 85.8 11:16 67.3 23:58 0.0 7.0 0.41 0.9 13.8 13:36 NW 15 73.3 87.6 14:49 67.1 23:47 0.0 8.3 0.13 1.6 23.8 16:21 SW 16 75.7 85.4 12:40 66.2 00:55 0.0 10.7 0.07 3.3 14.8 14:25 W 17 73.2 85.3 16:56 62.2 05:51 0.3 8.5 0.00 2.4 14.8 06:36 NW 18 73.2 86.3 16:44 59.5 07:02 1.1 9.3 0.00 1.4 13.8 12:12 NW 19 75.5 87.8 16:42 61.5 05:41 0.5 11.0 0.00 1.1 8.1 12:57 WSW 20 81.0 88.9 16:58 74.3 03:48 0.0 16.0 0.00 2.9 10.4 11:09 WSW 21 77.7 85.3 16:38 68.0 23:56 0.0 12.7 0.00 2.5 12.4 16:42 W 22 72.1 82.9 17:51 64.6 08:08 0.0 7.1 0.57 0.9 13.8 07:30 SSW 23 83.9 91.2 16:37 74.5 23:59 0.0 18.9 0.00 4.1 11.4 04:48 WSW 24 75.9 86.2 16:35 68.5 06:10 0.0 10.9 0.00 0.8 10.4 14:51 NW 25 77.6 89.6 16:35 65.3 06:28 0.0 12.6 0.00 0.6 6.7 14:13 WSW 26 80.8 92.8 16:35 70.9 21:55 0.0 15.8 2.21 1.7 19.5 21:13 WSW 27 79.2 91.2 16:50 70.5 02:31 0.0 14.2 0.01 0.7 8.1 15:24 WSW 28 73.9 83.7 11:54 63.7 23:54 0.0 8.9 0.00 1.3 11.4 18:24 WNW 29 66.0 79.3 16:42 53.4 06:15 3.5 4.5 0.00 1.1 9.1 00:08 NW 30 68.9 80.8 13:58 55.4 06:07 2.7 6.6 0.00 0.7 6.7 12:11 WSW ---------------------------------------------------------------------------------- 73.4 92.8 12 49.0 8 25.6 276.6 5.26 1.6 23.8 15 W Max >= 80.0: 24 Max <= 32.0: 0 Min <= 32.0: 0 Min <= 0.0: 0 Max Rain: 2.21 on day 26 Days of Rain: 9 (>= 0.01 in) 6 (>= 0.10 in) 2 (>= 1.00 in) Heat Base: 65.0 Cool Base: 65.0 Method: Integration