NOAA-Style Climate Reports
Select a Year or Month report
2024: Jan Feb Mar Apr May Jun Jul Aug Sep Oct Nov Dec
2023: Jan Feb Mar Apr May Jun Jul Aug Sep Oct Nov Dec
2022: Jan Feb Mar Apr May Jun Jul Aug Sep Oct Nov Dec
2021: Jan Feb Mar Apr May Jun Jul Aug Sep Oct Nov Dec
2020: Jan Feb Mar Apr May Jun Jul Aug Sep Oct Nov Dec
2019: Jan Feb Mar Apr May Jun Jul Aug Sep Oct Nov Dec
2018: Jan Feb Mar Apr May Jun Jul Aug Sep Oct Nov Dec
2017: Jan Feb Mar Apr May Jun Jul Aug Sep Oct Nov Dec
2016: Jan Feb Mar Apr May Jun Jul Aug Sep Oct Nov Dec
2015: Jan Feb Mar Apr May Jun Jul Aug Sep Oct Nov Dec
2014: Jan Feb Mar Apr May Jun Jul Aug Sep Oct Nov Dec
2013: Jan Feb Mar Apr May Jun Jul Aug Sep Oct Nov Dec
2024: Jan Feb Mar Apr May Jun Jul Aug Sep Oct Nov Dec
2023: Jan Feb Mar Apr May Jun Jul Aug Sep Oct Nov Dec
2022: Jan Feb Mar Apr May Jun Jul Aug Sep Oct Nov Dec
2021: Jan Feb Mar Apr May Jun Jul Aug Sep Oct Nov Dec
2020: Jan Feb Mar Apr May Jun Jul Aug Sep Oct Nov Dec
2019: Jan Feb Mar Apr May Jun Jul Aug Sep Oct Nov Dec
2018: Jan Feb Mar Apr May Jun Jul Aug Sep Oct Nov Dec
2017: Jan Feb Mar Apr May Jun Jul Aug Sep Oct Nov Dec
2016: Jan Feb Mar Apr May Jun Jul Aug Sep Oct Nov Dec
2015: Jan Feb Mar Apr May Jun Jul Aug Sep Oct Nov Dec
2014: Jan Feb Mar Apr May Jun Jul Aug Sep Oct Nov Dec
2013: Jan Feb Mar Apr May Jun Jul Aug Sep Oct Nov Dec
Report for 2015 December
Monthly Climatological Summary for Dec 2015 Name: GosportWX.com City: Gosport State: IN Elevation: 791 ft Lat: N 39° 17' 52" Lon: W 086° 41' 56" Temperature (°F), Rain (in), Wind Speed (mph) Heat Cool Avg Mean Deg Deg Wind Dom Day Temp High Time Low Time Days Days Rain Speed High Time Dir ---------------------------------------------------------------------------------- 1 43.7 48.7 05:26 31.3 23:50 21.3 0.0 0.05 3.3 18.3 10:42 W 2 34.1 38.7 13:58 28.0 03:23 30.9 0.0 0.06 4.5 21.5 16:10 W 3 31.9 39.9 15:17 26.6 22:43 33.1 0.0 0.00 0.8 10.7 15:19 NW 4 30.5 39.0 16:39 25.0 01:22 35.4 0.3 0.00 1.8 6.3 05:44 W 5 32.3 44.6 15:53 27.7 07:15 32.7 0.0 0.01 0.7 7.6 12:17 ENE 6 38.9 54.6 13:57 24.3 07:08 26.1 0.0 0.00 1.5 18.3 13:08 WSW 7 41.7 45.8 12:32 34.8 23:54 23.6 0.0 0.00 1.7 13.9 14:51 W 8 45.4 57.3 14:35 34.1 00:38 20.0 0.0 0.00 3.0 18.3 11:17 SW 9 49.7 56.7 15:37 44.7 04:35 15.3 0.0 0.00 4.6 21.5 10:31 WSW 10 50.3 59.6 14:18 40.7 04:52 14.7 0.0 0.00 4.8 25.9 15:58 SSW 11 54.8 61.9 23:58 46.4 08:08 10.2 0.0 0.00 2.1 16.6 00:44 SW 12 66.4 70.2 14:56 61.7 00:26 0.2 1.6 0.00 5.8 24.2 09:24 SW 13 62.3 66.6 23:54 57.7 06:08 2.7 0.1 0.00 2.6 24.2 22:05 SE 14 54.2 68.2 03:33 44.1 23:49 11.2 0.4 0.40 11.9 41.2 03:52 WSW 15 41.1 46.4 16:50 34.7 22:31 23.9 0.0 0.01 3.7 25.9 01:36 W 16 45.2 54.7 15:16 34.3 02:18 19.8 0.0 0.04 3.9 21.5 22:04 WSW 17 33.2 40.5 00:00 30.6 07:48 31.8 0.0 0.00 4.5 16.6 11:18 WNW 18 31.5 34.5 16:05 29.1 08:20 33.4 0.0 0.00 8.1 34.9 12:13 W 19 29.0 36.3 16:13 23.0 08:26 36.0 0.0 0.00 5.6 19.7 06:00 W 20 41.8 54.0 14:22 25.7 00:00 23.2 0.0 0.00 5.1 25.9 14:04 SSW 21 50.7 55.9 22:41 45.0 06:53 14.3 0.0 0.76 6.8 34.9 10:19 SW 22 49.6 55.9 00:01 44.1 09:38 15.4 0.0 0.20 3.3 24.2 02:24 W 23 58.7 65.3 12:37 48.7 00:01 6.3 0.0 0.74 5.9 38.0 10:46 S 24 46.6 56.8 00:00 35.1 08:43 18.4 0.0 0.00 3.6 33.6 01:21 W 25 48.4 54.1 14:08 43.0 22:34 16.6 0.0 0.00 2.8 15.2 12:04 N 26 50.7 60.8 22:30 42.6 00:11 14.3 0.0 0.65 1.6 13.9 01:11 NE 27 48.7 69.3 04:03 39.2 22:37 16.8 0.5 0.71 6.2 34.9 11:13 NNW 28 41.6 53.4 20:04 37.2 05:42 23.4 0.0 0.81 7.0 30.4 08:46 NE 29 37.3 45.3 00:00 33.4 23:47 27.7 0.0 0.01 8.5 31.8 03:31 W 30 34.5 37.5 13:48 31.6 23:09 31.0 0.3 0.00 2.8 18.3 16:30 W 31 30.7 31.8 00:00 29.3 23:55 34.3 0.0 0.00 5.9 18.3 13:54 WNW ---------------------------------------------------------------------------------- 43.7 70.2 12 23.0 19 664.0 3.2 4.45 4.3 41.2 14 WSW Max >= 80.0: 0 Max <= 32.0: 1 Min <= 32.0: 12 Min <= 0.0: 0 Max Rain: 0.81 on day 28 Days of Rain: 13 (>= 0.01 in) 7 (>= 0.10 in) 0 (>= 1.00 in) Heat Base: 65.0 Cool Base: 65.0 Method: Integration