NOAA-Style Climate Reports
Select a Year or Month report
2024: Jan Feb Mar Apr May Jun Jul Aug Sep Oct Nov Dec
2023: Jan Feb Mar Apr May Jun Jul Aug Sep Oct Nov Dec
2022: Jan Feb Mar Apr May Jun Jul Aug Sep Oct Nov Dec
2021: Jan Feb Mar Apr May Jun Jul Aug Sep Oct Nov Dec
2020: Jan Feb Mar Apr May Jun Jul Aug Sep Oct Nov Dec
2019: Jan Feb Mar Apr May Jun Jul Aug Sep Oct Nov Dec
2018: Jan Feb Mar Apr May Jun Jul Aug Sep Oct Nov Dec
2017: Jan Feb Mar Apr May Jun Jul Aug Sep Oct Nov Dec
2016: Jan Feb Mar Apr May Jun Jul Aug Sep Oct Nov Dec
2015: Jan Feb Mar Apr May Jun Jul Aug Sep Oct Nov Dec
2014: Jan Feb Mar Apr May Jun Jul Aug Sep Oct Nov Dec
2013: Jan Feb Mar Apr May Jun Jul Aug Sep Oct Nov Dec
2024: Jan Feb Mar Apr May Jun Jul Aug Sep Oct Nov Dec
2023: Jan Feb Mar Apr May Jun Jul Aug Sep Oct Nov Dec
2022: Jan Feb Mar Apr May Jun Jul Aug Sep Oct Nov Dec
2021: Jan Feb Mar Apr May Jun Jul Aug Sep Oct Nov Dec
2020: Jan Feb Mar Apr May Jun Jul Aug Sep Oct Nov Dec
2019: Jan Feb Mar Apr May Jun Jul Aug Sep Oct Nov Dec
2018: Jan Feb Mar Apr May Jun Jul Aug Sep Oct Nov Dec
2017: Jan Feb Mar Apr May Jun Jul Aug Sep Oct Nov Dec
2016: Jan Feb Mar Apr May Jun Jul Aug Sep Oct Nov Dec
2015: Jan Feb Mar Apr May Jun Jul Aug Sep Oct Nov Dec
2014: Jan Feb Mar Apr May Jun Jul Aug Sep Oct Nov Dec
2013: Jan Feb Mar Apr May Jun Jul Aug Sep Oct Nov Dec
Report for 2015 July
Monthly Climatological Summary for Jul 2015 Name: GosportWX.com City: Gosport State: IN Elevation: 791 ft Lat: N 39° 17' 52" Lon: W 086° 41' 56" Temperature (°F), Rain (in), Wind Speed (mph) Heat Cool Avg Mean Deg Deg Wind Dom Day Temp High Time Low Time Days Days Rain Speed High Time Dir ---------------------------------------------------------------------------------- 1 67.9 79.4 16:07 58.5 06:08 1.6 4.5 0.07 0.3 9.5 09:02 N 2 68.7 77.1 17:28 60.7 06:55 0.7 4.4 0.00 1.4 15.1 14:52 NNW 3 69.2 75.6 17:46 64.7 07:03 0.0 4.2 0.00 2.1 15.1 04:24 NNW 4 71.8 82.4 16:17 64.2 05:06 0.1 6.8 0.00 0.3 11.2 12:02 NNW 5 70.9 82.7 13:15 60.7 06:07 0.9 7.0 0.00 0.6 11.2 11:34 N 6 73.3 84.6 16:28 61.4 05:59 0.5 8.8 0.00 1.2 13.4 12:16 SW 7 71.0 75.3 14:15 60.9 23:51 0.4 6.4 0.99 2.4 22.9 05:14 WSW 8 61.4 68.8 23:46 55.7 07:01 4.0 0.5 0.34 0.2 11.2 23:49 NNW 9 68.1 72.4 03:11 63.9 23:55 0.0 3.1 0.02 4.8 24.6 09:59 WSW 10 65.1 72.2 15:24 59.6 05:31 1.5 1.6 0.19 0.2 11.2 15:27 N 11 68.7 80.7 16:51 57.3 06:58 2.0 5.7 0.00 0.3 9.5 11:11 NE 12 75.7 84.8 16:41 67.5 06:48 0.0 10.7 0.17 1.9 11.2 12:01 W 13 75.1 83.4 11:08 66.6 13:20 0.0 10.2 0.52 1.3 43.6 12:34 WNW 14 76.3 87.0 15:18 67.7 06:07 0.0 11.3 0.15 4.0 30.2 17:35 W 15 69.5 81.8 16:28 61.1 05:42 0.8 5.3 0.00 1.0 13.4 01:02 NNW 16 71.0 84.5 16:57 59.3 06:30 1.3 7.3 0.00 0.7 15.1 14:32 NNE 17 77.4 89.8 15:32 69.7 00:55 0.0 12.4 0.02 2.5 24.6 19:28 WSW 18 79.3 90.9 15:08 69.4 02:02 0.0 14.3 0.02 1.9 11.2 10:29 WSW 19 78.6 84.0 15:12 73.8 23:29 0.0 13.6 0.00 2.2 13.4 10:26 W 20 75.7 87.4 15:49 69.4 05:55 0.0 10.7 1.36 1.0 17.3 19:19 WSW 21 73.9 84.9 15:18 64.9 23:46 0.0 8.9 0.07 0.9 20.7 17:32 WNW 22 69.0 83.5 16:15 55.9 06:31 2.4 6.4 0.00 0.7 15.1 16:34 NNW 23 70.2 84.0 15:27 59.5 06:52 1.6 6.8 0.00 0.9 19.0 13:18 N 24 72.1 86.5 15:34 59.9 06:32 1.2 8.2 0.00 0.3 11.2 15:04 WNW 25 74.2 86.9 16:53 62.1 06:47 0.4 9.6 0.00 1.1 13.4 16:57 WSW 26 77.2 84.7 15:06 70.5 05:39 0.0 12.2 0.09 0.9 15.1 22:39 W 27 77.1 88.3 15:51 68.9 06:50 0.0 12.1 0.02 0.6 13.4 12:30 N 28 79.5 91.6 17:11 69.4 05:59 0.0 14.5 0.00 0.4 9.5 13:03 WSW 29 79.3 90.1 13:33 71.1 23:59 0.0 14.3 0.04 0.8 13.4 21:11 W 30 73.7 86.9 14:49 62.2 07:20 0.2 9.0 0.00 1.3 17.3 15:07 WSW 31 75.3 87.6 14:31 65.3 07:01 0.0 10.3 0.00 1.8 17.3 17:36 W ---------------------------------------------------------------------------------- 72.8 91.6 28 55.7 8 19.6 261.1 4.07 1.3 43.6 13 W Max >= 80.0: 24 Max <= 32.0: 0 Min <= 32.0: 0 Min <= 0.0: 0 Max Rain: 1.36 on day 20 Days of Rain: 15 (>= 0.01 in) 7 (>= 0.10 in) 1 (>= 1.00 in) Heat Base: 65.0 Cool Base: 65.0 Method: Integration