NOAA-Style Climate Reports
Select a Year or Month report
2024: Jan Feb Mar Apr May Jun Jul Aug Sep Oct Nov Dec
2023: Jan Feb Mar Apr May Jun Jul Aug Sep Oct Nov Dec
2022: Jan Feb Mar Apr May Jun Jul Aug Sep Oct Nov Dec
2021: Jan Feb Mar Apr May Jun Jul Aug Sep Oct Nov Dec
2020: Jan Feb Mar Apr May Jun Jul Aug Sep Oct Nov Dec
2019: Jan Feb Mar Apr May Jun Jul Aug Sep Oct Nov Dec
2018: Jan Feb Mar Apr May Jun Jul Aug Sep Oct Nov Dec
2017: Jan Feb Mar Apr May Jun Jul Aug Sep Oct Nov Dec
2016: Jan Feb Mar Apr May Jun Jul Aug Sep Oct Nov Dec
2015: Jan Feb Mar Apr May Jun Jul Aug Sep Oct Nov Dec
2014: Jan Feb Mar Apr May Jun Jul Aug Sep Oct Nov Dec
2013: Jan Feb Mar Apr May Jun Jul Aug Sep Oct Nov Dec
2024: Jan Feb Mar Apr May Jun Jul Aug Sep Oct Nov Dec
2023: Jan Feb Mar Apr May Jun Jul Aug Sep Oct Nov Dec
2022: Jan Feb Mar Apr May Jun Jul Aug Sep Oct Nov Dec
2021: Jan Feb Mar Apr May Jun Jul Aug Sep Oct Nov Dec
2020: Jan Feb Mar Apr May Jun Jul Aug Sep Oct Nov Dec
2019: Jan Feb Mar Apr May Jun Jul Aug Sep Oct Nov Dec
2018: Jan Feb Mar Apr May Jun Jul Aug Sep Oct Nov Dec
2017: Jan Feb Mar Apr May Jun Jul Aug Sep Oct Nov Dec
2016: Jan Feb Mar Apr May Jun Jul Aug Sep Oct Nov Dec
2015: Jan Feb Mar Apr May Jun Jul Aug Sep Oct Nov Dec
2014: Jan Feb Mar Apr May Jun Jul Aug Sep Oct Nov Dec
2013: Jan Feb Mar Apr May Jun Jul Aug Sep Oct Nov Dec
Report for 2015 May
Monthly Climatological Summary for May 2015 Name: GosportWX.com City: Gosport State: IN Elevation: 791 ft Lat: N 39° 17' 52" Lon: W 086° 41' 56" Temperature (°F), Rain (in), Wind Speed (mph) Heat Cool Avg Mean Deg Deg Wind Dom Day Temp High Time Low Time Days Days Rain Speed High Time Dir ---------------------------------------------------------------------------------- 1 53.5 71.8 16:30 37.0 05:35 35.9 1.1 0.00 1.3 16.9 11:44 N 2 62.6 81.7 18:24 47.5 06:51 6.3 3.9 0.00 1.2 12.8 17:34 N 3 65.0 82.5 15:50 50.0 04:40 5.1 5.1 0.00 3.9 26.8 15:15 WSW 4 65.5 77.5 16:43 55.7 05:02 2.4 2.8 0.01 1.6 14.8 09:30 WSW 5 69.4 82.0 15:59 56.6 02:34 1.7 6.1 0.00 2.5 22.2 12:51 WSW 6 69.7 85.6 14:33 52.1 07:05 2.5 7.2 0.00 0.9 13.5 12:50 W 7 70.0 86.1 15:25 55.1 06:08 2.8 7.8 0.00 1.6 20.9 15:32 SW 8 71.6 85.0 16:36 60.7 05:27 0.8 7.4 0.01 2.1 22.2 20:05 SW 9 67.6 78.0 16:21 61.6 22:46 0.6 3.2 0.11 1.0 16.2 17:08 SW 10 68.8 81.8 15:16 61.3 01:42 1.1 4.9 0.45 1.2 19.9 22:42 SW 11 65.3 72.8 12:51 59.3 05:09 1.6 1.9 0.14 2.1 17.2 15:36 WSW 12 56.1 63.2 15:03 48.1 23:57 9.0 0.0 0.00 4.1 26.6 09:40 W 13 53.8 70.1 16:42 39.8 06:40 11.6 0.4 0.00 1.2 14.5 09:57 N 14 57.0 70.4 14:39 44.3 05:59 8.6 0.6 0.00 0.9 12.1 08:21 NNW 15 67.2 82.1 16:53 59.5 09:09 1.7 3.9 0.09 1.6 21.1 20:11 WSW 16 67.1 71.6 17:17 63.1 07:08 0.2 2.3 0.39 0.8 9.4 04:52 SW 17 71.7 79.7 17:55 65.3 06:12 0.0 6.7 0.01 1.3 16.1 13:20 SSW 18 71.8 80.1 16:52 63.3 23:58 0.0 6.8 0.07 2.3 13.3 15:29 WSW 19 58.6 69.4 16:28 48.0 07:15 6.9 0.5 0.00 1.3 16.1 09:56 NW 20 49.6 52.7 00:00 45.0 06:39 15.4 0.0 0.01 1.8 14.5 23:48 NNW 21 52.9 63.1 17:02 47.5 06:34 12.1 0.0 0.00 1.8 12.1 12:00 WNW 22 61.4 75.9 15:42 48.6 06:07 6.5 2.9 0.00 2.7 18.8 14:27 WSW 23 67.3 81.9 16:37 54.9 04:41 3.4 5.6 0.02 0.8 10.6 16:24 SW 24 70.6 83.8 14:51 57.0 02:26 1.8 7.4 0.00 1.4 13.3 18:29 S 25 70.6 77.0 17:29 65.6 06:25 0.0 5.6 0.08 2.7 16.1 02:38 SSW 26 72.8 83.1 16:40 65.1 02:52 0.0 7.8 0.00 2.4 18.8 17:57 SW 27 73.0 81.9 16:25 63.9 06:43 0.1 8.1 0.00 2.5 16.1 12:43 WSW 28 70.6 84.2 16:38 56.8 06:40 1.5 7.1 0.00 0.7 9.4 17:12 WNW 29 72.0 83.1 15:19 61.1 06:29 0.4 7.4 0.00 1.3 13.3 17:33 SSW 30 70.5 83.1 16:14 63.8 21:51 0.1 5.6 0.97 1.3 21.1 19:35 SW 31 58.0 64.9 01:46 52.9 07:42 7.0 0.0 0.30 2.0 13.3 04:07 WNW ---------------------------------------------------------------------------------- 65.2 86.1 7 37.0 1 147.1 130.1 2.66 1.7 26.8 3 WSW Max >= 80.0: 16 Max <= 32.0: 0 Min <= 32.0: 0 Min <= 0.0: 0 Max Rain: 0.97 on day 30 Days of Rain: 14 (>= 0.01 in) 6 (>= 0.10 in) 0 (>= 1.00 in) Heat Base: 65.0 Cool Base: 65.0 Method: Integration