NOAA-Style Climate Reports
Select a Year or Month report
2024: Jan Feb Mar Apr May Jun Jul Aug Sep Oct Nov Dec
2023: Jan Feb Mar Apr May Jun Jul Aug Sep Oct Nov Dec
2022: Jan Feb Mar Apr May Jun Jul Aug Sep Oct Nov Dec
2021: Jan Feb Mar Apr May Jun Jul Aug Sep Oct Nov Dec
2020: Jan Feb Mar Apr May Jun Jul Aug Sep Oct Nov Dec
2019: Jan Feb Mar Apr May Jun Jul Aug Sep Oct Nov Dec
2018: Jan Feb Mar Apr May Jun Jul Aug Sep Oct Nov Dec
2017: Jan Feb Mar Apr May Jun Jul Aug Sep Oct Nov Dec
2016: Jan Feb Mar Apr May Jun Jul Aug Sep Oct Nov Dec
2015: Jan Feb Mar Apr May Jun Jul Aug Sep Oct Nov Dec
2014: Jan Feb Mar Apr May Jun Jul Aug Sep Oct Nov Dec
2013: Jan Feb Mar Apr May Jun Jul Aug Sep Oct Nov Dec
2024: Jan Feb Mar Apr May Jun Jul Aug Sep Oct Nov Dec
2023: Jan Feb Mar Apr May Jun Jul Aug Sep Oct Nov Dec
2022: Jan Feb Mar Apr May Jun Jul Aug Sep Oct Nov Dec
2021: Jan Feb Mar Apr May Jun Jul Aug Sep Oct Nov Dec
2020: Jan Feb Mar Apr May Jun Jul Aug Sep Oct Nov Dec
2019: Jan Feb Mar Apr May Jun Jul Aug Sep Oct Nov Dec
2018: Jan Feb Mar Apr May Jun Jul Aug Sep Oct Nov Dec
2017: Jan Feb Mar Apr May Jun Jul Aug Sep Oct Nov Dec
2016: Jan Feb Mar Apr May Jun Jul Aug Sep Oct Nov Dec
2015: Jan Feb Mar Apr May Jun Jul Aug Sep Oct Nov Dec
2014: Jan Feb Mar Apr May Jun Jul Aug Sep Oct Nov Dec
2013: Jan Feb Mar Apr May Jun Jul Aug Sep Oct Nov Dec
Report for 2013 August
Monthly Climatological Summary for Aug 2013 Name: GosportWX.com City: Gosport State: IN Elevation: 751 ft Lat: N 39° 17' 52" Lon: W 086° 41' 56" Temperature (°F), Rain (in), Wind Speed (mph) Heat Cool Avg Mean Deg Deg Wind Dom Day Temp High Time Low Time Days Days Rain Speed High Time Dir ---------------------------------------------------------------------------------- 1 74.1 88.5 14:10 63.9 05:33 0.1 9.1 0.00 0.6 8.3 17:53 SSE 2 70.5 82.6 13:14 58.5 06:46 1.4 6.9 0.00 0.4 6.9 11:46 SE 3 76.5 88.3 12:55 66.0 23:58 0.0 11.5 0.00 0.5 7.6 15:54 S 4 69.0 86.2 14:30 55.6 06:42 2.3 6.3 0.00 0.4 6.9 11:38 WSW 5 70.1 88.0 14:41 54.5 06:58 3.1 8.2 0.00 0.3 3.8 11:58 E 6 74.3 85.3 17:48 66.6 00:09 0.0 9.4 0.00 0.2 5.4 18:10 SE 7 76.2 86.9 14:49 68.2 04:45 0.0 11.2 0.00 0.3 4.5 16:46 SE 8 78.3 91.4 13:25 70.2 06:07 0.0 13.3 0.08 0.4 6.9 17:33 SSE 9 77.0 91.9 15:01 70.5 23:21 0.0 12.0 0.12 0.2 4.5 12:42 WSW 10 77.6 94.1 15:41 68.0 07:14 0.0 12.6 0.00 0.2 4.5 11:17 SSW 11 76.2 90.9 15:49 65.8 07:30 0.0 11.3 0.00 0.2 6.0 14:14 SSE 12 73.6 87.4 14:21 61.3 07:03 0.4 9.0 0.00 0.2 5.4 12:18 SSE 13 70.6 80.8 15:33 55.4 23:40 0.8 6.5 0.00 0.9 8.3 14:15 WSW 14 61.9 78.1 14:49 49.3 07:08 6.3 3.1 0.00 0.8 9.8 12:40 WSW 15 61.4 75.9 15:09 47.8 07:11 6.4 2.8 0.00 0.4 7.6 13:58 WSW 16 65.2 82.4 15:44 52.9 04:34 4.6 4.8 0.00 0.6 7.6 13:31 WSW 17 68.0 85.5 14:46 55.0 04:55 3.2 6.2 0.00 0.5 7.6 14:07 WSW 18 70.4 89.6 15:59 57.7 06:56 2.1 7.4 0.00 0.4 6.0 13:03 WSW 19 72.1 91.4 15:29 57.7 07:07 1.9 9.0 0.00 0.1 5.4 15:29 WSW 20 74.7 95.5 15:38 61.0 06:47 1.0 10.7 0.00 0.3 6.9 18:57 W 21 75.9 96.3 15:07 63.3 06:29 0.2 11.1 0.00 0.3 6.0 16:26 SE 22 75.2 91.2 13:22 65.7 07:24 0.0 10.2 0.06 0.5 9.8 17:45 SSE 23 75.6 92.8 15:24 65.8 23:54 0.0 10.6 0.05 0.5 7.6 14:58 WSW 24 73.1 95.4 15:28 59.7 05:50 1.2 9.3 0.00 0.3 5.4 13:10 WSW 25 73.2 96.6 14:42 56.8 07:17 2.0 10.2 0.00 0.2 4.5 12:10 ESE 26 77.5 95.5 14:22 64.0 01:52 0.1 12.5 0.00 0.5 6.9 11:18 SE 27 80.7 95.7 14:34 72.7 06:41 0.0 15.7 0.00 0.9 6.9 17:52 SE 28 82.7 98.1 15:17 73.2 07:34 0.0 17.7 0.00 1.7 9.8 13:30 SSE 29 79.6 94.8 14:58 70.5 23:48 0.0 14.6 0.00 0.2 5.4 13:23 WSW 30 79.5 99.7 14:53 64.6 07:35 0.0 14.6 0.00 0.3 6.0 15:51 SSE 31 81.2 99.5 15:16 69.1 23:00 0.0 16.2 1.09 0.8 14.5 21:06 SE ---------------------------------------------------------------------------------- 73.9 99.7 30 47.8 15 37.1 314.0 1.40 0.5 14.5 31 S Max >= 80.0: 29 Max <= 32.0: 0 Min <= 32.0: 0 Min <= 0.0: 0 Max Rain: 1.09 on day 31 Days of Rain: 5 (>= 0.01 in) 2 (>= 0.10 in) 1 (>= 1.00 in) Heat Base: 65.0 Cool Base: 65.0 Method: Integration